000
CXUS54 KEWX 011110
CF6T82
PRELIMINARY LOCAL CLIMATOLOGICAL DATA (WS FORM: F-6)
STATION: FREDERICKSBURG
MONTH: JANUARY
YEAR: 2023
LATITUDE: 30 15 N
LONGITUDE: 98 55 W
TEMPERATURE IN F: :PCPN: SNOW: WIND :SUNSHINE: SKY :PK WND
================================================================================
1 2 3 4 5 6A 6B 7 8 9 10 11 12 13 14 15 16 17 18
12Z AVG MX 2MIN
DY MAX MIN AVG DEP HDD CDD WTR SNW DPTH SPD SPD DIR MIN PSBL S-S WX SPD DR
================================================================================
1 81 43 62 M 3 0 0.00 M M 3.4 9 190 M M 0 17 210
2 76 55 66 M 0 1 0.00 M M 8.3 15 340 M M 6 1 26 330
3 70 44 57 M 8 0 0.00 M M 4.5 13 330 M M 1 17 330
4 71 36 54 M 11 0 0.00 M M 6.4 18 300 M M 0 25 300
5 73 33 53 M 12 0 0.00 M M 2.4 9 50 M M 0 M M
6 73 38 56 M 9 0 0.00 M M 9.3 21 190 M M 4 1 30 220
7 70 55 63 M 2 0 0.00 M M 4.1 10 20 M M 9 1 M M
8 65 42 54 M 11 0 0.00 M M 4.7 14 10 M M 2 20 10
9 73 37 55 M 10 0 0.00 M M 3.9 14 220 M M 0 16 220
10 83 44 64 M 1 0 0.00 M M 6.6 15 240 M M 3 12 18 240
11 82 49 66 M 0 1 0.00 M M 7.8 21 210 M M 0 30 220
12 67 40 54 M 11 0 0.00 M M 14.0 23 340 M M 0 30 350
13 62 28 45 M 20 0 0.00 M M 2.0 7 40 M M 0 M M
14 63 28 46 M 19 0 0.00 M M 7.3 16 180 M M 0 24 210
15 68 50 59 M 6 0 0.00 M M 10.9 18 190 M M 1 30 190
16 76 48 62 M 3 0 0.00 M M 4.4 13 350 M M 3 18 280
17 80 40 60 M 5 0 0.00 M M 4.2 13 170 M M 1 20 170
18 72 41 57 M 8 0 0.01 M M 8.8 23 300 M M 4 1 30 280
19 65 36 51 M 14 0 0.00 M M 4.3 12 10 M M 0 20 0
20 61 37 49 M 16 0 0.00 M M 4.8 12 140 M M 9 16 90
21 69 43 56 M 9 0 0.00 M M 6.2 13 340 M M 6 16 330
22 58 30 44 M 21 0 0.00 M M 5.6 16 340 M M 0 20 330
23 54 25 40 M 25 0 0.00 M M 6.4 12 110 M M 5 21 120
24 55 39 47 M 18 0 0.46 M M 11.6 23 290 M M 9 33 290
25 52 34 43 M 22 0 0.00 M M 10.6 17 320 M M 0 23 320
26 53 30 42 M 23 0 0.00 M M 3.7 8 30 M M 0 16 10
27 57 28 43 M 22 0 0.00 M M 5.6 13 190 M M 3 21 220
28 60 47 54 M 11 0 0.00 M M 5.9 14 200 M M 10 1 20 200
29 73 37 55 M 10 0 0.06 M M 6.0 10 40 M M 9 1 16 30
30 37 28 33 M 32 0 0.00 M M 9.2 12 10 M M 10 1 17 20
31 28 26 27 M 38 0 0.00 M M 9.3 14 360 M M 10 1 16 20
================================================================================
SM 2027 1191 400 2 0.53 M 202.2 M 105
================================================================================
AV 65.4 38.4 6.5 FASTST M M 3 MAX(MPH)
MISC ----> # 23 340 33 290
================================================================================
NOTES:
# LAST OF SEVERAL OCCURRENCES
COLUMN 17 PEAK WIND IN M.P.H.
PRELIMINARY LOCAL CLIMATOLOGICAL DATA (WS FORM: F-6) , PAGE 2
STATION: FREDERICKSBURG
MONTH: JANUARY
YEAR: 2023
LATITUDE: 30 15 N
LONGITUDE: 98 55 W
[TEMPERATURE DATA] [PRECIPITATION DATA] SYMBOLS USED IN COLUMN 16
AVERAGE MONTHLY: 51.9 TOTAL FOR MONTH: 0.53 1 = FOG OR MIST
DPTR FM NORMAL: 0.0 DPTR FM NORMAL: M 2 = FOG REDUCING VISIBILITY
HIGHEST: 83 ON 10 GRTST 24HR 1.23 ON 24-24 TO 1/4 MILE OR LESS
LOWEST: 25 ON 23 3 = THUNDER
SNOW, ICE PELLETS, HAIL 4 = ICE PELLETS
TOTAL MONTH: M 5 = HAIL
GRTST 24HR M ON M 6 = FREEZING RAIN OR DRIZZLE
GRTST DEPTH: M ON M 7 = DUSTSTORM OR SANDSTORM:
VSBY 1/2 MILE OR LESS
8 = SMOKE OR HAZE
[NO. OF DAYS WITH] [WEATHER - DAYS WITH] 9 = BLOWING SNOW
X = TORNADO
MAX 32 OR BELOW: 1 0.01 INCH OR MORE: 3
MAX 90 OR ABOVE: 0 0.10 INCH OR MORE: 1
MIN 32 OR BELOW: 8 0.50 INCH OR MORE: 0
MIN 0 OR BELOW: 0 1.00 INCH OR MORE: 0
[HDD (BASE 65) ]
TOTAL THIS MO. 400 CLEAR (SCALE 0-3) 18
DPTR FM NORMAL M PTCLDY (SCALE 4-7) 6
TOTAL FM JUL 1 1235 CLOUDY (SCALE 8-10) 7
DPTR FM NORMAL M
[CDD (BASE 65) ]
TOTAL THIS MO. 2
DPTR FM NORMAL M [PRESSURE DATA]
TOTAL FM JAN 1 2 HIGHEST SLP M ON M
DPTR FM NORMAL M LOWEST SLP M ON M
[REMARKS]
#FINAL-01-23#