000
CXUS54 KBMX 011110
CF6TCL
PRELIMINARY LOCAL CLIMATOLOGICAL DATA (WS FORM: F-6)
STATION: TUSCALOOSA
MONTH: FEBRUARY
YEAR: 2022
LATITUDE: 33 13 N
LONGITUDE: 87 37 W
TEMPERATURE IN F: :PCPN: SNOW: WIND :SUNSHINE: SKY :PK WND
================================================================================
1 2 3 4 5 6A 6B 7 8 9 10 11 12 13 14 15 16 17 18
12Z AVG MX 2MIN
DY MAX MIN AVG DEP HDD CDD WTR SNW DPTH SPD SPD DIR MIN PSBL S-S WX SPD DR
================================================================================
1 68 32 50 3 15 0 T 0.0 0 6.3 18 170 M M 2 1 23 170
2 60 52 56 9 9 0 1.04 0.0 0 6.2 13 140 M M 10 1 20 120
3 70 40 55 8 10 0 0.84 0.0 0 8.4 21 290 M M 10 13 28 290
4 40 33 37 -10 28 0 0.09 0.0 0 9.2 14 360 M M 10 1 20 310
5 47 26 37 -10 28 0 0.00 0.0 0 6.3 15 350 M M 1 20 10
6 57 24 41 -7 24 0 0.00 0.0 0 1.5 10 140 M M 0 17 200
7 57 29 43 -5 22 0 0.00 0.0 0 2.1 13 300 M M 0 17 300
8 60 26 43 -5 22 0 0.00 0.0 0 1.6 8 260 M M 0 13 270
9 66 28 47 -1 18 0 0.00 0.0 0 4.0 16 250 M M 0 18 21 260
10 70 31 51 3 14 0 0.00 0.0 0 1.6 12 250 M M 0 18 16 230
11 71 36 54 5 11 0 0.00 0.0 0 4.1 15 200 M M 0 21 200
12 68 38 53 4 12 0 0.00 0.0 0 6.9 20 330 M M 1 18 27 330
13 50 30 40 -9 25 0 0.00 0.0 0 6.9 15 330 M M 3 23 360
14 63 26 45 -4 20 0 0.00 0.0 0 0.9 9 230 M M 0 12 230
15 70 30 50 0 15 0 0.00 0.0 0 5.3 17 190 M M 0 23 170
16 75 42 59 9 6 0 0.00 0.0 0 9.6 21 170 M M 3 8 29 160
17 77 50 64 14 1 0 1.62 0.0 0 13.0 33 270 M M 7 13 45 260
18 50 31 41 -9 24 0 0.00 0.0 0 7.2 17 340 M M 6 25 330
19 61 28 45 -6 20 0 0.00 0.0 0 2.6 15 20 M M 0 19 10
20 68 31 50 -1 15 0 0.00 0.0 0 5.3 18 170 M M 3 23 170
21 60 50 55 4 10 0 1.38 0.0 0 6.6 12 120 M M 10 13 19 140
22 80 60 70 19 0 5 0.00 0.0 0 10.3 21 180 M M 7 29 200
23 72 58 65 13 0 0 0.60 0.0 0 6.5 18 210 M M 10 13 26 210
24 80 54 67 15 0 2 0.05 0.0 0 6.2 16 170 M M 7 1 22 160
25 69 41 55 3 10 0 0.33 0.0 0 9.6 18 330 M M 10 1 25 320
26 50 39 45 -7 20 0 0.00 0.0 0 8.3 14 20 M M 10 17 10
27 51 44 48 -5 17 0 0.62 0.0 0 6.1 15 290 M M 10 1 19 290
28 65 36 51 -2 14 0 0.00 0.0 0 4.8 14 40 M M 1 17 10
================================================================================
SM 1775 1045 410 7 6.57 0.0 167.4 M 121
================================================================================
AV 63.4 37.3 6.0 FASTST M M 4 MAX(MPH)
MISC ----> 33 270 45 260
================================================================================
NOTES:
# LAST OF SEVERAL OCCURRENCES
COLUMN 17 PEAK WIND IN M.P.H.
PRELIMINARY LOCAL CLIMATOLOGICAL DATA (WS FORM: F-6) , PAGE 2
STATION: TUSCALOOSA
MONTH: FEBRUARY
YEAR: 2022
LATITUDE: 33 13 N
LONGITUDE: 87 37 W
[TEMPERATURE DATA] [PRECIPITATION DATA] SYMBOLS USED IN COLUMN 16
AVERAGE MONTHLY: 50.4 TOTAL FOR MONTH: 6.57 1 = FOG OR MIST
DPTR FM NORMAL: 0.8 DPTR FM NORMAL: 1.20 2 = FOG REDUCING VISIBILITY
HIGHEST: 80 ON 24,22 GRTST 24HR 1.62 ON 17-17 TO 1/4 MILE OR LESS
LOWEST: 24 ON 6 3 = THUNDER
SNOW, ICE PELLETS, HAIL 4 = ICE PELLETS
TOTAL MONTH: 0.0 INCH 5 = HAIL
GRTST 24HR 0.0 6 = FREEZING RAIN OR DRIZZLE
GRTST DEPTH: 0 7 = DUSTSTORM OR SANDSTORM:
VSBY 1/2 MILE OR LESS
8 = SMOKE OR HAZE
[NO. OF DAYS WITH] [WEATHER - DAYS WITH] 9 = BLOWING SNOW
X = TORNADO
MAX 32 OR BELOW: 0 0.01 INCH OR MORE: 9
MAX 90 OR ABOVE: 0 0.10 INCH OR MORE: 7
MIN 32 OR BELOW: 13 0.50 INCH OR MORE: 6
MIN 0 OR BELOW: 0 1.00 INCH OR MORE: 3
[HDD (BASE 65) ]
TOTAL THIS MO. 410 CLEAR (SCALE 0-3) 16
DPTR FM NORMAL -28 PTCLDY (SCALE 4-7) 4
TOTAL FM JUL 1 1745 CLOUDY (SCALE 8-10) 8
DPTR FM NORMAL -265
[CDD (BASE 65) ]
TOTAL THIS MO. 7
DPTR FM NORMAL 2 [PRESSURE DATA]
TOTAL FM JAN 1 20 HIGHEST SLP 30.53 ON 5
DPTR FM NORMAL 18 LOWEST SLP 29.67 ON 17
[REMARKS]
#FINAL-02-22#