000
CXUS54 KBMX 011110
CF6TCL
PRELIMINARY LOCAL CLIMATOLOGICAL DATA (WS FORM: F-6)
STATION: TUSCALOOSA
MONTH: JANUARY
YEAR: 2022
LATITUDE: 33 13 N
LONGITUDE: 87 37 W
TEMPERATURE IN F: :PCPN: SNOW: WIND :SUNSHINE: SKY :PK WND
================================================================================
1 2 3 4 5 6A 6B 7 8 9 10 11 12 13 14 15 16 17 18
12Z AVG MX 2MIN
DY MAX MIN AVG DEP HDD CDD WTR SNW DPTH SPD SPD DIR MIN PSBL S-S WX SPD DR
================================================================================
1 83 72 78 32 0 13 0.01 0.0 0 12.8 24 200 M M 8 1 32 200
2 74 33 54 8 11 0 0.93 T 0 8.6 25 310 M M 9 13 34 320
3 37 31 34 -12 31 0 0.00 0.0 0 9.2 20 330 M M 9 29 320
4 52 29 41 -5 24 0 0.00 0.0 0 6.0 14 180 M M 2 1 18 190
5 62 36 49 3 16 0 0.00 0.0 M 1.3 12 170 M M 3 1 15 160
6 57 34 46 0 19 0 0.09 0.0 M 7.8 17 340 M M 9 1 24 330
7 44 29 37 -9 28 0 0.00 0.0 0 6.1 14 360 M M 3 17 350
8 63 28 46 0 19 0 0.00 0.0 0 6.6 14 150 M M 2 22 140
9 65 45 55 9 10 0 0.62 0.0 0 10.1 24 10 M M 10 13 34 10
10 53 35 44 -2 21 0 0.00 0.0 M 9.7 18 10 M M 0 23 10
11 53 28 41 -4 24 0 0.00 0.0 M 1.7 9 360 M M 0 13 30
12 58 28 43 -2 22 0 0.00 0.0 0 2.3 9 240 M M 0 13 230
13 65 34 50 5 15 0 0.00 0.0 0 2.8 16 260 M M 0 19 270
14 61 32 47 2 18 0 0.00 0.0 0 2.8 9 40 M M 0 13 60
15 56 42 49 4 16 0 1.14 0.0 0 6.0 16 80 M M 7 1 24 90
16 49 33 41 -4 24 0 1.05 0.0 0 10.0 21 280 M M 9 1 26 300
17 48 30 39 -6 26 0 0.00 0.0 0 5.0 16 320 M M 4 1 21 320
18 57 27 42 -3 23 0 0.00 0.0 0 3.9 14 140 M M 0 1 19 120
19 68 40 54 9 11 0 0.54 0.0 0 8.4 18 180 M M 5 13 24 190
20 56 29 43 -3 22 0 0.34 0.0 0 12.1 22 10 M M 8 1 26 10
21 38 26 32 -14 33 0 0.00 0.0 0 9.0 16 20 M M 0 21 20
22 46 25 36 -10 29 0 0.00 0.0 0 5.4 10 310 M M 2 13 350
23 53 21 37 -9 28 0 0.00 0.0 0 2.6 15 240 M M 0 20 250
24 62 27 45 -1 20 0 0.00 0.0 0 2.8 14 200 M M 0 18 210
25 60 39 50 4 15 0 T M 0 5.5 18 10 M M 7 25 20
26 50 29 40 -6 25 0 0.00 0.0 0 10.4 20 10 M M 0 26 20
27 60 25 43 -3 22 0 0.00 0.0 0 2.5 8 90 M M 0 10 210
28 51 33 42 -4 23 0 0.00 0.0 M 10.1 23 350 M M 5 31 350
29 45 24 35 -11 30 0 0.00 0.0 M 5.2 18 320 M M 0 26 310
30 65 28 47 1 18 0 0.00 0.0 0 5.0 15 260 M M 0 8 19 260
31 68 28 48 2 17 0 0.00 0.0 0 2.3 9 190 M M 0 1 11 190
================================================================================
SM 1759 1000 640 13 4.72 T 194.0 M 102
================================================================================
AV 56.7 32.3 6.3 FASTST M M 3 MAX(MPH)
MISC ----> 25 310 # 34 320
================================================================================
NOTES:
# LAST OF SEVERAL OCCURRENCES
COLUMN 17 PEAK WIND IN M.P.H.
PRELIMINARY LOCAL CLIMATOLOGICAL DATA (WS FORM: F-6) , PAGE 2
STATION: TUSCALOOSA
MONTH: JANUARY
YEAR: 2022
LATITUDE: 33 13 N
LONGITUDE: 87 37 W
[TEMPERATURE DATA] [PRECIPITATION DATA] SYMBOLS USED IN COLUMN 16
AVERAGE MONTHLY: 44.5 TOTAL FOR MONTH: 4.72 1 = FOG OR MIST
DPTR FM NORMAL: -1.2 DPTR FM NORMAL: -0.25 2 = FOG REDUCING VISIBILITY
HIGHEST: 83 ON 1 GRTST 24HR 1.64 ON 15-16 TO 1/4 MILE OR LESS
LOWEST: 21 ON 23 3 = THUNDER
SNOW, ICE PELLETS, HAIL 4 = ICE PELLETS
TOTAL MONTH: T 5 = HAIL
GRTST 24HR T ON 2- 2 6 = FREEZING RAIN OR DRIZZLE
GRTST DEPTH: 0 7 = DUSTSTORM OR SANDSTORM:
VSBY 1/2 MILE OR LESS
8 = SMOKE OR HAZE
[NO. OF DAYS WITH] [WEATHER - DAYS WITH] 9 = BLOWING SNOW
X = TORNADO
MAX 32 OR BELOW: 0 0.01 INCH OR MORE: 8
MAX 90 OR ABOVE: 0 0.10 INCH OR MORE: 6
MIN 32 OR BELOW: 19 0.50 INCH OR MORE: 5
MIN 0 OR BELOW: 0 1.00 INCH OR MORE: 2
[HDD (BASE 65) ]
TOTAL THIS MO. 640 CLEAR (SCALE 0-3) 19
DPTR FM NORMAL 40 PTCLDY (SCALE 4-7) 6
TOTAL FM JUL 1 1335 CLOUDY (SCALE 8-10) 6
DPTR FM NORMAL -242
[CDD (BASE 65) ]
TOTAL THIS MO. 13
DPTR FM NORMAL 11 [PRESSURE DATA]
TOTAL FM JAN 1 13 HIGHEST SLP 30.61 ON 11
DPTR FM NORMAL 11 LOWEST SLP 29.53 ON 16
[REMARKS]
#FINAL-01-22#