000
CXUS54 KEPZ 011030
CF6TCS
PRELIMINARY LOCAL CLIMATOLOGICAL DATA (WS FORM: F-6)
STATION: TRUTH OR CONSEQUENCES
MONTH: APRIL
YEAR: 2022
LATITUDE: 33 13 N
LONGITUDE: 107 16 W
TEMPERATURE IN F: :PCPN: SNOW: WIND :SUNSHINE: SKY :PK WND
================================================================================
1 2 3 4 5 6A 6B 7 8 9 10 11 12 13 14 15 16 17 18
12Z AVG MX 2MIN
DY MAX MIN AVG DEP HDD CDD WTR SNW DPTH SPD SPD DIR MIN PSBL S-S WX SPD DR
================================================================================
1 77 45 61 3 4 0 0.00 M M 8.1 18 350 M M 0 29 350
2 80 46 63 5 2 0 0.00 M M 11.1 28 200 M M 0 39 200
3 81 50 66 8 0 1 0.00 M M 9.5 25 180 M M 0 43 200
4 75 50 63 4 2 0 0.00 M M 11.6 24 20 M M 1 35 360
5 89 50 70 11 0 5 0.00 M M 13.7 29 290 M M 0 42 300
6 80 53 67 8 0 2 0.00 M M 10.8 22 320 M M 0 33 350
7 72 M M M M M 0.00 M M 6.1 15 30 M M 0 23 30
8 75 44 60 0 5 0 0.00 M M 6.5 16 10 M M 0 24 360
9 86 43 65 5 0 0 0.00 M M 12.1 26 250 M M 0 37 240
10 81 55 68 8 0 3 0.00 M M 12.0 30 250 M M 0 45 230
11 81 48 65 5 0 0 0.00 M M 14.1 32 240 M M 0 45 240
12 77 54 66 6 0 1 0.00 M M 22.7 39 250 M M 0 53 240
13 70 38 54 -7 11 0 0.00 M M 10.7 24 270 M M 0 35 260
14 81 39 60 -1 5 0 0.00 M M 10.2 25 230 M M 0 39 220
15 85 46 66 5 0 1 0.00 M M 8.2 25 240 M M 0 37 240
16 86 57 72 11 0 7 0.00 M M 9.9 26 270 M M 0 36 270
17 84 53 69 8 0 4 0.00 M M 5.8 16 140 M M 0 24 130
18 87 48 68 6 0 3 0.00 M M 9.0 24 170 M M 0 35 180
19 86 60 73 11 0 8 0.00 M M 10.9 30 280 M M 0 41 280
20 88 55 72 10 0 7 0.00 M M 10.9 28 260 M M 0 41 250
21 89 54 72 10 0 7 0.00 M M 8.5 26 180 M M 0 38 180
22 86 57 72 9 0 7 0.00 M M 21.2 46 220 M M 1 63 230
23 77 51 64 1 1 0 0.00 M M 8.0 18 310 M M 0 28 330
24 74 45 60 -3 5 0 0.00 M M 8.5 17 330 M M 0 29 320
25 76 46 61 -2 4 0 0.00 M M 9.1 22 20 M M 0 32 20
26 78 47 63 -1 2 0 0.00 M M 8.4 20 190 M M 0 28 190
27 88 57 73 9 0 8 0.00 M M 10.6 31 210 M M 0 47 150
28 86 54 70 6 0 5 0.00 M M 11.3 28 210 M M 0 39 180
29 86 52 69 5 0 4 0.00 M M 8.3 21 330 M M 0 37 250
30 84 49 67 2 0 2 0.00 M M 10.1 24 170 M M 0 33 170
================================================================================
SM 2445 1446 41 75 0.00 M 317.9 M 2
================================================================================
AV 81.5 49.9 10.6 FASTST M M 0 MAX(MPH)
MISC ----> 46 220 63 230
================================================================================
NOTES:
# LAST OF SEVERAL OCCURRENCES
COLUMN 17 PEAK WIND IN M.P.H.
PRELIMINARY LOCAL CLIMATOLOGICAL DATA (WS FORM: F-6) , PAGE 2
STATION: TRUTH OR CONSEQUENCES
MONTH: APRIL
YEAR: 2022
LATITUDE: 33 13 N
LONGITUDE: 107 16 W
[TEMPERATURE DATA] [PRECIPITATION DATA] SYMBOLS USED IN COLUMN 16
AVERAGE MONTHLY: 65.7 TOTAL FOR MONTH: 0.00 1 = FOG OR MIST
DPTR FM NORMAL: 4.5 DPTR FM NORMAL: -0.27 2 = FOG REDUCING VISIBILITY
HIGHEST: 89 ON 21, 5 GRTST 24HR 0.00 ON 1- 1 TO 1/4 MILE OR LESS
LOWEST: 38 ON 13 3 = THUNDER
SNOW, ICE PELLETS, HAIL 4 = ICE PELLETS
TOTAL MONTH: M 5 = HAIL
GRTST 24HR M ON M 6 = FREEZING RAIN OR DRIZZLE
GRTST DEPTH: M ON M 7 = DUSTSTORM OR SANDSTORM:
VSBY 1/2 MILE OR LESS
8 = SMOKE OR HAZE
[NO. OF DAYS WITH] [WEATHER - DAYS WITH] 9 = BLOWING SNOW
X = TORNADO
MAX 32 OR BELOW: 0 0.01 INCH OR MORE: 0
MAX 90 OR ABOVE: 0 0.10 INCH OR MORE: 0
MIN 32 OR BELOW: 0 0.50 INCH OR MORE: 0
MIN 0 OR BELOW: 0 1.00 INCH OR MORE: 0
[HDD (BASE 65) ]
TOTAL THIS MO. 41 CLEAR (SCALE 0-3) 30
DPTR FM NORMAL -105 PTCLDY (SCALE 4-7) 0
TOTAL FM JUL 1 2642 CLOUDY (SCALE 8-10) 0
DPTR FM NORMAL -369
[CDD (BASE 65) ]
TOTAL THIS MO. 75
DPTR FM NORMAL 43 [PRESSURE DATA]
TOTAL FM JAN 1 78 HIGHEST SLP 30.23 ON 7
DPTR FM NORMAL 42 LOWEST SLP 29.39 ON 12
[REMARKS]
#FINAL-04-22#