000
CXUS54 KFWD 010830
CF6TKI
PRELIMINARY LOCAL CLIMATOLOGICAL DATA (WS FORM: F-6)
STATION: MCKINNEY
MONTH: DECEMBER
YEAR: 2022
LATITUDE: 33 10 N
LONGITUDE: 96 35 W
TEMPERATURE IN F: :PCPN: SNOW: WIND :SUNSHINE: SKY :PK WND
================================================================================
1 2 3 4 5 6A 6B 7 8 9 10 11 12 13 14 15 16 17 18
12Z AVG MX 2MIN
DY MAX MIN AVG DEP HDD CDD WTR SNW DPTH SPD SPD DIR MIN PSBL S-S WX SPD DR
================================================================================
1 53 30 42 -8 23 0 0.01 M M 6.8 18 130 M M 5 26 130
2 64 48 56 6 9 0 T M M 12.3 21 170 M M 9 1 28 160
3 63 43 53 4 12 0 0.00 M M 12.6 28 10 M M 3 38 360
4 55 45 50 1 15 0 T M M 6.6 18 170 M M 8 23 170
5 78 52 65 16 0 0 0.00 M M 11.7 22 200 M M 5 1 31 190
6 76 59 68 20 0 3 0.01 M M 7.3 14 200 M M 2 17 200
7 69 55 62 14 3 0 0.10 M M 4.6 12 20 M M 10 12 14 20
8 74 56 65 17 0 0 0.03 M M 2.4 12 290 M M 9 18 15 280
9 65 57 61 13 4 0 0.33 M M 5.6 14 30 M M 10 12 18 30
10 70 53 62 14 3 0 1.43 M M 7.2 18 20 M M 10 123 23 330
11 55 50 53 6 12 0 T M M 6.2 14 50 M M 10 1 19 340
12 61 52 57 10 8 0 0.03 M M 9.1 18 140 M M 10 1 28 140
13 67 52 60 13 5 0 0.41 M M 11.2 30 290 M M 7 13 41 140
14 58 43 51 5 14 0 T M M 10.5 21 310 M M 4 28 290
15 54 35 45 -1 20 0 0.00 M M 8.0 16 290 M M 0 23 270
16 47 30 39 -7 26 0 0.00 M M 7.1 17 350 M M 3 22 320
17 51 28 40 -6 25 0 0.00 M M 7.3 17 280 M M 0 22 280
18 54 25 40 -6 25 0 0.00 M M 5.5 15 150 M M 2 19 160
19 47 42 45 -1 20 0 T M M 10.1 20 150 M M 10 1 26 150
20 55 35 45 0 20 0 0.01 M M 7.9 17 20 M M 4 1 23 10
21 51 29 40 -5 25 0 0.00 M M 6.3 14 170 M M 0 1 21 180
22 45 10 28 -17 37 0 0.02 M M 18.5 37 310 M M 6 1689 47 340
23 24 10 17 -28 48 0 0.00 M M 13.7 22 340 M M 0 30 340
24 36 19 28 -17 37 0 0.00 M M 3.8 10 330 M M 0 15 320
25 49 18 34 -11 31 0 0.00 M M 5.4 14 170 M M 0 18 170
26 58 27 43 -2 22 0 0.00 M M 9.4 24 340 M M 1 29 340
27 46 21 34 -10 31 0 0.00 M M 7.5 16 170 M M 0 21 140
28 71 38 55 11 10 0 0.00 M M 17.6 36 190 M M 0 8 44 170
29 72 52 62 18 3 0 0.00 M M 11.0 23 190 M M 3 1 34 200
30 63 43 53 9 12 0 T M M 3.8 10 360 M M 2 13 10
31 71 42 57 13 8 0 0.00 M M 8.7 21 190 M M 2 12 35 180
================================================================================
SM 1802 1199 508 3 2.38 M 265.7 M 135
================================================================================
AV 58.1 38.7 8.6 FASTST M M 4 MAX(MPH)
MISC ----> 37 310 47 340
================================================================================
NOTES:
# LAST OF SEVERAL OCCURRENCES
COLUMN 17 PEAK WIND IN M.P.H.
PRELIMINARY LOCAL CLIMATOLOGICAL DATA (WS FORM: F-6) , PAGE 2
STATION: MCKINNEY
MONTH: DECEMBER
YEAR: 2022
LATITUDE: 33 10 N
LONGITUDE: 96 35 W
[TEMPERATURE DATA] [PRECIPITATION DATA] SYMBOLS USED IN COLUMN 16
AVERAGE MONTHLY: 48.4 TOTAL FOR MONTH: 2.38 1 = FOG OR MIST
DPTR FM NORMAL: 1.9 DPTR FM NORMAL: -1.11 2 = FOG REDUCING VISIBILITY
HIGHEST: 78 ON 5 GRTST 24HR 1.43 ON 10-10 TO 1/4 MILE OR LESS
LOWEST: 10 ON 23,22 3 = THUNDER
SNOW, ICE PELLETS, HAIL 4 = ICE PELLETS
TOTAL MONTH: M 5 = HAIL
GRTST 24HR M ON M 6 = FREEZING RAIN OR DRIZZLE
GRTST DEPTH: M ON M 7 = DUSTSTORM OR SANDSTORM:
VSBY 1/2 MILE OR LESS
8 = SMOKE OR HAZE
[NO. OF DAYS WITH] [WEATHER - DAYS WITH] 9 = BLOWING SNOW
X = TORNADO
MAX 32 OR BELOW: 1 0.01 INCH OR MORE: 10
MAX 90 OR ABOVE: 0 0.10 INCH OR MORE: 4
MIN 32 OR BELOW: 11 0.50 INCH OR MORE: 1
MIN 0 OR BELOW: 0 1.00 INCH OR MORE: 1
[HDD (BASE 65) ]
TOTAL THIS MO. 508 CLEAR (SCALE 0-3) 15
DPTR FM NORMAL -71 PTCLDY (SCALE 4-7) 8
TOTAL FM JUL 1 987 CLOUDY (SCALE 8-10) 8
DPTR FM NORMAL -7
[CDD (BASE 65) ]
TOTAL THIS MO. 3
DPTR FM NORMAL -1 [PRESSURE DATA]
TOTAL FM JAN 1 2921 HIGHEST SLP 30.86 ON 23
DPTR FM NORMAL 389 LOWEST SLP 29.54 ON 13
[REMARKS]
#FINAL-12-22#