000
CXUS52 KTAE 010800
CF6TLH
PRELIMINARY LOCAL CLIMATOLOGICAL DATA (WS FORM: F-6)
STATION: TALLAHASSEE
MONTH: APRIL
YEAR: 2022
LATITUDE: 30 22 N
LONGITUDE: 84 22 W
TEMPERATURE IN F: :PCPN: SNOW: WIND :SUNSHINE: SKY :PK WND
================================================================================
1 2 3 4 5 6A 6B 7 8 9 10 11 12 13 14 15 16 17 18
12Z AVG MX 2MIN
DY MAX MIN AVG DEP HDD CDD WTR SNW DPTH SPD SPD DIR MIN PSBL S-S WX SPD DR
================================================================================
1 81 56 69 5 0 4 0.00 0.0 M 5.5 15 310 M M 2 19 310
2 62 51 57 -7 8 0 0.19 0.0 0 2.3 18 270 M M 6 13 21 280
3 80 45 63 -2 2 0 0.00 0.0 M 3.9 16 10 M M 1 12 20 20
4 82 46 64 -1 1 0 0.00 M M 3.4 14 210 M M 1 17 220
5 82 57 70 5 0 5 0.80 0.0 0 10.2 35 310 M M 8 13 40 300
6 81 64 73 8 0 8 0.01 0.0 M 8.3 18 190 M M 10 13 26 170
7 79 57 68 3 0 3 T 0.0 M 11.2 22 290 M M 4 1 27 330
8 72 46 59 -7 6 0 0.00 0.0 0 12.8 30 250 M M 2 38 300
9 66 40 53 -13 12 0 0.00 0.0 0 10.3 31 290 M M 1 42 280
10 78 38 58 -8 7 0 0.00 0.0 0 3.4 16 180 M M 0 21 150
11 78 43 61 -5 4 0 0.00 0.0 0 6.3 17 150 M M 3 21 150
12 81 57 69 3 0 4 0.00 0.0 0 5.7 15 150 M M 4 22 160
13 81 60 71 4 0 6 0.00 0.0 0 7.7 22 160 M M 4 29 160
14 78 61 70 3 0 5 0.00 0.0 0 3.5 9 320 M M 7 12 M M
15 86 58 72 5 0 7 0.00 0.0 0 5.4 13 110 M M 1 16 120
16 81 63 72 5 0 7 0.48 0.0 M 4.1 22 310 M M 8 13 26 320
17 83 62 73 5 0 8 0.68 0.0 M 3.9 30 270 M M 6 13 39 270
18 82 63 73 5 0 8 0.27 M M 9.8 20 340 M M 5 13 25 360
19 72 48 60 -8 5 0 0.00 M M 8.6 20 20 M M 1 26 40
20 80 44 62 -6 3 0 0.00 0.0 M 7.7 22 100 M M 2 26 110
21 82 61 72 4 0 7 0.00 0.0 0 9.0 18 100 M M 2 23 100
22 84 61 73 4 0 8 0.00 0.0 0 9.1 18 90 M M 1 23 90
23 85 57 71 2 0 6 0.00 0.0 0 8.6 17 110 M M 2 1 20 110
24 83 62 73 4 0 8 0.00 0.0 0 6.4 14 140 M M 4 18 150
25 86 64 75 5 0 10 0.00 0.0 0 5.6 14 150 M M 4 19 170
26 87 61 74 4 0 9 0.00 0.0 M 4.9 17 270 M M 5 12 22 270
27 85 61 73 3 0 8 0.00 0.0 M 6.1 14 360 M M 3 8 17 360
28 86 61 74 4 0 9 0.00 0.0 M 9.5 18 100 M M 2 25 100
29 83 61 72 1 0 7 0.00 0.0 0 7.4 17 120 M M 6 23 120
30 84 64 74 3 0 9 0.00 0.0 0 7.8 16 160 M M 4 21 160
================================================================================
SM 2410 1672 48 146 2.43 0.0 208.4 M 109
================================================================================
AV 80.3 55.7 6.9 FASTST M M 4 MAX(MPH)
MISC ----> 35 310 42 280
================================================================================
NOTES:
# LAST OF SEVERAL OCCURRENCES
COLUMN 17 PEAK WIND IN M.P.H.
PRELIMINARY LOCAL CLIMATOLOGICAL DATA (WS FORM: F-6) , PAGE 2
STATION: TALLAHASSEE
MONTH: APRIL
YEAR: 2022
LATITUDE: 30 22 N
LONGITUDE: 84 22 W
[TEMPERATURE DATA] [PRECIPITATION DATA] SYMBOLS USED IN COLUMN 16
AVERAGE MONTHLY: 68.0 TOTAL FOR MONTH: 2.43 1 = FOG OR MIST
DPTR FM NORMAL: 0.7 DPTR FM NORMAL: -1.10 2 = FOG REDUCING VISIBILITY
HIGHEST: 87 ON 26 GRTST 24HR 1.15 ON 16-17 TO 1/4 MILE OR LESS
LOWEST: 38 ON 10 3 = THUNDER
SNOW, ICE PELLETS, HAIL 4 = ICE PELLETS
TOTAL MONTH: 0.0 INCH 5 = HAIL
GRTST 24HR 0.0 6 = FREEZING RAIN OR DRIZZLE
GRTST DEPTH: 0 7 = DUSTSTORM OR SANDSTORM:
VSBY 1/2 MILE OR LESS
8 = SMOKE OR HAZE
[NO. OF DAYS WITH] [WEATHER - DAYS WITH] 9 = BLOWING SNOW
X = TORNADO
MAX 32 OR BELOW: 0 0.01 INCH OR MORE: 6
MAX 90 OR ABOVE: 0 0.10 INCH OR MORE: 5
MIN 32 OR BELOW: 0 0.50 INCH OR MORE: 2
MIN 0 OR BELOW: 0 1.00 INCH OR MORE: 0
[HDD (BASE 65) ]
TOTAL THIS MO. 48 CLEAR (SCALE 0-3) 15
DPTR FM NORMAL -4 PTCLDY (SCALE 4-7) 14
TOTAL FM JUL 1 1239 CLOUDY (SCALE 8-10) 1
DPTR FM NORMAL -230
[CDD (BASE 65) ]
TOTAL THIS MO. 146
DPTR FM NORMAL 25 [PRESSURE DATA]
TOTAL FM JAN 1 232 HIGHEST SLP M ON M
DPTR FM NORMAL 38 LOWEST SLP 29.70 ON 7
[REMARKS]
#FINAL-04-22#