000
CXUS54 KBMX 011010
CF6TOI
PRELIMINARY LOCAL CLIMATOLOGICAL DATA (WS FORM: F-6)
STATION: TROY
MONTH: MARCH
YEAR: 2024
LATITUDE: 31 51 N
LONGITUDE: 86 1 W
TEMPERATURE IN F: :PCPN: SNOW: WIND :SUNSHINE: SKY :PK WND
================================================================================
1 2 3 4 5 6A 6B 7 8 9 10 11 12 13 14 15 16 17 18
12Z AVG MX 2MIN
DY MAX MIN AVG DEP HDD CDD WTR SNW DPTH SPD SPD DIR MIN PSBL S-S WX SPD DR
================================================================================
1 58 50 54 -1 11 0 1.27 0.0 0 6.4 21 310 M M 10 13 26 310
2 72 54 63 8 2 0 T 0.0 0 2.7 8 10 M M 10 1 10 360
3 81 63 72 17 0 7 0.00 0.0 0 4.0 10 190 M M 7 1 15 190
4 78 62 70 15 0 5 0.00 0.0 M 6.2 13 120 M M 6 1 21 120
5 73 65 69 13 0 4 0.30 0.0 0 5.6 16 130 M M 9 1 24 160
6 77 55 66 10 0 1 T 0.0 0 5.8 18 330 M M 7 23 330
7 82 49 66 10 0 1 0.00 0.0 0 0.9 8 20 M M 0 1 12 270
8 76 56 66 10 0 1 3.09 0.0 0 8.1 22 130 M M 5 13 33 140
9 71 58 65 9 0 0 0.50 0.0 M 7.9 20 330 M M 7 13 28 330
10 68 47 58 1 7 0 0.00 0.0 0 10.0 22 330 M M 2 29 340
11 65 39 52 -5 13 0 0.00 0.0 0 3.3 12 50 M M 0 16 60
12 73 36 55 -2 10 0 0.00 0.0 0 1.4 9 200 M M 0 14 290
13 77 41 59 2 6 0 0.00 0.0 0 2.2 10 220 M M 0 16 200
14 84 47 66 8 0 1 0.00 0.0 0 3.6 13 200 M M 2 1 19 250
15 82 62 72 14 0 7 0.51 0.0 0 5.4 20 350 M M 8 138 29 350
16 70 53 62 4 3 0 0.00 0.0 0 2.8 10 300 M M 6 1 16 300
17 62 52 57 -1 8 0 0.76 0.0 0 3.8 13 300 M M 8 1 16 290
18 66 40 53 -5 12 0 0.00 0.0 0 10.5 24 320 M M 4 1 35 290
19 64 31 48 -11 17 0 0.00 0.0 0 3.9 13 40 M M 0 21 50
20 72 33 53 -6 12 0 0.00 0.0 0 2.7 13 320 M M 0 18 320
21 76 40 58 -1 7 0 0.00 0.0 0 2.8 14 100 M M 3 18 100
22 63 54 59 0 6 0 0.05 0.0 0 4.0 13 70 M M 8 123 20 70
23 73 50 62 3 3 0 0.09 0.0 0 11.0 24 350 M M 5 13 39 10
24 74 40 57 -3 8 0 0.00 0.0 0 7.5 15 110 M M 0 24 110
25 75 52 64 4 1 0 0.00 0.0 M 13.4 22 130 M M 7 33 120
26 65 51 58 -2 7 0 0.50 0.0 M 8.1 22 130 M M 9 1 33 120
27 76 48 62 2 3 0 0.00 0.0 0 7.3 17 330 M M 0 1 25 310
28 73 42 58 -2 7 0 0.00 0.0 0 10.0 24 340 M M 0 35 360
29 76 36 56 -4 9 0 0.00 0.0 0 2.2 10 70 M M 0 15 70
30 78 45 62 1 3 0 0.00 0.0 0 3.6 16 190 M M 0 22 190
31 80 51 66 5 0 1 0.00 0.0 0 4.2 14 190 M M 2 19 270
================================================================================
SM 2260 1502 155 28 7.07 0.0 171.3 M 125
================================================================================
AV 72.9 48.5 5.5 FASTST M M 4 MAX(MPH)
MISC ----> # 24 320 39 10
================================================================================
NOTES:
# LAST OF SEVERAL OCCURRENCES
COLUMN 17 PEAK WIND IN M.P.H.
PRELIMINARY LOCAL CLIMATOLOGICAL DATA (WS FORM: F-6) , PAGE 2
STATION: TROY
MONTH: MARCH
YEAR: 2024
LATITUDE: 31 51 N
LONGITUDE: 86 1 W
[TEMPERATURE DATA] [PRECIPITATION DATA] SYMBOLS USED IN COLUMN 16
AVERAGE MONTHLY: 60.7 TOTAL FOR MONTH: 7.07 1 = FOG OR MIST
DPTR FM NORMAL: 2.8 DPTR FM NORMAL: 2.00 2 = FOG REDUCING VISIBILITY
HIGHEST: 84 ON 14 GRTST 24HR 3.59 ON 8- 9 TO 1/4 MILE OR LESS
LOWEST: 31 ON 19 3 = THUNDER
SNOW, ICE PELLETS, HAIL 4 = ICE PELLETS
TOTAL MONTH: 0.0 INCH 5 = HAIL
GRTST 24HR 0.0 6 = FREEZING RAIN OR DRIZZLE
GRTST DEPTH: 0 7 = DUSTSTORM OR SANDSTORM:
VSBY 1/2 MILE OR LESS
8 = SMOKE OR HAZE
[NO. OF DAYS WITH] [WEATHER - DAYS WITH] 9 = BLOWING SNOW
X = TORNADO
MAX 32 OR BELOW: 0 0.01 INCH OR MORE: 9
MAX 90 OR ABOVE: 0 0.10 INCH OR MORE: 7
MIN 32 OR BELOW: 1 0.50 INCH OR MORE: 6
MIN 0 OR BELOW: 0 1.00 INCH OR MORE: 2
[HDD (BASE 65) ]
TOTAL THIS MO. 155 CLEAR (SCALE 0-3) 15
DPTR FM NORMAL -93 PTCLDY (SCALE 4-7) 10
TOTAL FM JUL 1 1537 CLOUDY (SCALE 8-10) 6
DPTR FM NORMAL -529
[CDD (BASE 65) ]
TOTAL THIS MO. 28
DPTR FM NORMAL 1 [PRESSURE DATA]
TOTAL FM JAN 1 59 HIGHEST SLP 30.32 ON 11
DPTR FM NORMAL 22 LOWEST SLP 29.66 ON 9
[REMARKS]
#FINAL-03-24#