000
CXUS55 KCYS 011809
CLMTOR
CLIMATE REPORT
NATIONAL WEATHER SERVICE CHEYENNE WY
1209 PM MDT WED NOV 01 2023
...................................
...THE TORRINGTON WY AIRPORT CLIMATE SUMMARY FOR THE MONTH OF OCTOBER 2023...
CLIMATE NORMAL PERIOD 1991 TO 2020
CLIMATE RECORD PERIOD 1998 TO 2023
WEATHER OBSERVED NORMAL DEPART LAST YEAR`S
VALUE DATE(S) VALUE FROM VALUE DATE(S)
NORMAL
................................................................
TEMPERATURE (F)
RECORD
HIGH 90 10/02/2005
10/09/2003
LOW -11 10/27/2020
HIGHEST 89 10/01 MM MM 83
LOWEST 5 10/30 MM MM 16
AVG. MAXIMUM 64.5 63.6 0.9 67.0
AVG. MINIMUM 31.6 32.8 -1.2 32.2
MEAN 48.1 48.2 -0.1 49.6
DAYS MAX >= 90 0 0.2 -0.2 0
DAYS MAX <= 32 1 0.8 0.2 0
DAYS MIN <= 32 10 14.6 -4.6 15
DAYS MIN <= 0 0 0.1 -0.1 0
PRECIPITATION (INCHES)
RECORD
MAXIMUM 3.94 2013
TOTALS 1.05 1.09 -0.04 0.02
DAYS >= .01 4 6.4 -2.4 1
DAYS >= .10 3 3.0 0.0 0
DAYS >= .50 0 0.5 -0.5 0
DAYS >= 1.00 0 0.3 -0.3 0
GREATEST
24 HR. TOTAL 0.68 10/11 TO 10/12 0.02 10/25 TO 10/25
DEGREE DAYS
HEATING TOTAL 523 522 1 427
SINCE 7/1 595 686 -91 MM
COOLING TOTAL 5 1 4 0
SINCE 1/1 651 725 -74 MM
................................................................
WIND (MPH)
AVERAGE WIND SPEED 7.7
HIGHEST WIND SPEED/DIRECTION 35/330 DATE 10/17
HIGHEST GUST SPEED/DIRECTION 53/340 DATE 10/17
SKY COVER
POSSIBLE SUNSHINE (PERCENT) MM
AVERAGE SKY COVER 0.24
NUMBER OF DAYS FAIR 21
NUMBER OF DAYS PC 6
NUMBER OF DAYS CLOUDY 4
AVERAGE RH (PERCENT) 62
WEATHER CONDITIONS. NUMBER OF DAYS WITH
THUNDERSTORM 0 MIXED PRECIP 0
HEAVY RAIN 0 RAIN 2
LIGHT RAIN 7 FREEZING RAIN 0
LT FREEZING RAIN 0 HAIL 0
HEAVY SNOW 0 SNOW 0
LIGHT SNOW 5 SLEET 0
FOG 8 FOG W/VIS <= 1/4 MILE 1
HAZE 2
- INDICATES NEGATIVE NUMBERS.
R INDICATES RECORD WAS SET OR TIED.
MM INDICATES DATA IS MISSING.
T INDICATES TRACE AMOUNT.
$$