000
CXUS52 KTBW 031523
CF6TPA
PRELIMINARY LOCAL CLIMATOLOGICAL DATA (WS FORM: F-6)
STATION: TAMPA
MONTH: AUGUST
YEAR: 2023
LATITUDE: 27 58 N
LONGITUDE: 82 32 W
TEMPERATURE IN F: :PCPN: SNOW: WIND :SUNSHINE: SKY :PK WND
================================================================================
1 2 3 4 5 6A 6B 7 8 9 10 11 12 13 14 15 16 17 18
12Z AVG MX 2MIN
DY MAX MIN AVG DEP HDD CDD WTR SNW DPTH SPD SPD DIR MIN PSBL S-S WX SPD DR
================================================================================
1 92 77 85 1 0 20 0.08 0.0 0 5.1 16 320 M M 5 13 24 320
2 93 81 87 3 0 22 0.19 0.0 0 4.5 18 350 M M 5 38 27 330
3 94 76 85 1 0 20 2.68 0.0 0 4.3 15 300 M M 6 123 25 90
4 94 79 87 3 0 22 0.00 0.0 0 5.1 14 250 M M 5 3 19 240
5 96 81 89 5 0 24 0.00 0.0 0 5.9 17 270 M M 4 3 27 270
6 94 81 88 4 0 23 0.00 0.0 0 3.9 17 340 M M 5 3 23 330
7 94 83 89 5 0 24 T 0.0 0 4.3 16 200 M M 3 3 23 260
8 96 83 90 6 0 25 0.00 0.0 0 4.7 15 270 M M 3 3 23 260
9 96 83 90 6 0 25 0.00 0.0 0 5.8 15 270 M M 4 26 280
10 96 83 90 6 0 25 0.00 0.0 0 6.2 16 270 M M 6 25 280
11 96 83 90 6 0 25 0.00 0.0 0 5.4 14 270 M M 4 23 280
12 96 83 90 6 0 25 T 0.0 0 5.0 16 320 M M 5 3 30 300
13 97 82 90 6 0 25 0.00 0.0 0 6.0 15 250 M M 6 3 24 280
14 95 78 87 3 0 22 0.00 0.0 0 7.0 22 190 M M 5 3 32 180
15 96 79 88 4 0 23 T 0.0 0 6.2 15 270 M M 7 38 24 270
16 95 76 86 2 0 21 0.72 0.0 0 5.4 18 190 M M 6 13 26 200
17 92 75 84 0 0 19 2.62 0.0 0 6.1 23 180 M M 8 123 33 180
18 91 80 86 2 0 21 0.00 0.0 0 5.8 17 230 M M 7 3 27 230
19 96 80 88 4 0 23 0.00 0.0 0 5.1 16 120 M M 6 3 25 110
20 94 77 86 2 0 21 0.29 0.0 0 5.7 23 110 M M 7 138 39 110
21 96 80 88 4 0 23 0.00 0.0 0 7.7 15 100 M M 4 26 110
22 96 78 87 3 0 22 0.00 0.0 0 5.0 13 30 M M 2 21 30
23 96 78 87 3 0 22 0.43 0.0 0 4.2 14 140 M M 4 13 25 120
24 95 80 88 4 0 23 0.03 0.0 0 5.9 17 100 M M 5 3 29 110
25 96 76 86 2 0 21 0.00 0.0 0 5.6 15 60 M M 3 20 20
26 94 79 87 3 0 22 0.06 0.0 0 4.4 18 290 M M 5 3 26 290
27 96 77 87 3 0 22 0.16 0.0 0 3.4 20 110 M M 5 13 36 110
28 91 80 86 2 0 21 0.00 0.0 0 6.2 17 190 M M 6 3 24 200
29 90 78 84 0 0 19 1.12 0.0 0 8.8 26 180 M M 4 13 40 180
30 87 80 84 0 0 19 1.22 0.0 0 17.3 38 200 M M 8 138 58 190
31 92 79 86 2 0 21 0.37 0.0 0 5.6 14 210 M M 7 13 21 230
================================================================================
SM 2922 2465 0 690 9.97 0.0 181.6 M 160
================================================================================
AV 94.3 79.5 5.9 FASTST M M 5 MAX(MPH)
MISC ----> 38 200 58 190
================================================================================
NOTES:
# LAST OF SEVERAL OCCURRENCES
COLUMN 17 PEAK WIND IN M.P.H.
PRELIMINARY LOCAL CLIMATOLOGICAL DATA (WS FORM: F-6) , PAGE 2
STATION: TAMPA
MONTH: AUGUST
YEAR: 2023
LATITUDE: 27 58 N
LONGITUDE: 82 32 W
[TEMPERATURE DATA] [PRECIPITATION DATA] SYMBOLS USED IN COLUMN 16
AVERAGE MONTHLY: 86.9 TOTAL FOR MONTH: 9.97 1 = FOG OR MIST
DPTR FM NORMAL: 2.9 DPTR FM NORMAL: 0.94 2 = FOG REDUCING VISIBILITY
HIGHEST: 97 ON 13 GRTST 24HR 3.34 ON 16-17 TO 1/4 MILE OR LESS
LOWEST: 75 ON 17 3 = THUNDER
SNOW, ICE PELLETS, HAIL 4 = ICE PELLETS
TOTAL MONTH: 0.0 INCH 5 = HAIL
GRTST 24HR 0.0 6 = FREEZING RAIN OR DRIZZLE
GRTST DEPTH: 0 7 = DUSTSTORM OR SANDSTORM:
VSBY 1/2 MILE OR LESS
8 = SMOKE OR HAZE
[NO. OF DAYS WITH] [WEATHER - DAYS WITH] 9 = BLOWING SNOW
X = TORNADO
MAX 32 OR BELOW: 0 0.01 INCH OR MORE: 13
MAX 90 OR ABOVE: 30 0.10 INCH OR MORE: 10
MIN 32 OR BELOW: 0 0.50 INCH OR MORE: 5
MIN 0 OR BELOW: 0 1.00 INCH OR MORE: 4
[HDD (BASE 65) ]
TOTAL THIS MO. 0 CLEAR (SCALE 0-3) 3
DPTR FM NORMAL 0 PTCLDY (SCALE 4-7) 27
TOTAL FM JUL 1 0 CLOUDY (SCALE 8-10) 1
DPTR FM NORMAL 0
[CDD (BASE 65) ]
TOTAL THIS MO. 690
DPTR FM NORMAL 101 [PRESSURE DATA]
TOTAL FM JAN 1 3257 HIGHEST SLP 30.10 ON 7
DPTR FM NORMAL 529 LOWEST SLP 29.54 ON 30
[REMARKS]
#FINAL-08-23#