000
CXUS56 KLKN 291210
CF6TPH
PRELIMINARY LOCAL CLIMATOLOGICAL DATA (WS FORM: F-6)
STATION: TONOPAH AIRPORT NV
MONTH: MARCH
YEAR: 2024
LATITUDE: 38 3 N
LONGITUDE: 117 5 W
TEMPERATURE IN F: :PCPN: SNOW: WIND :SUNSHINE: SKY :PK WND
================================================================================
1 2 3 4 5 6A 6B 7 8 9 10 11 12 13 14 15 16 17 18
12Z AVG MX 2MIN
DY MAX MIN AVG DEP HDD CDD WTR SNW DPTH SPD SPD DIR MIN PSBL S-S WX SPD DR
================================================================================
1 54 29 42 2 23 0 0.00 M M 17.3 38 190 M M 2 47 200
2 42 30 36 -5 29 0 0.07 M M 15.7 32 210 M M 7 1 43 220
3 48 23 36 -5 29 0 0.00 M M 6.2 14 360 M M 2 21 270
4 51 19 35 -6 30 0 0.00 M M 5.8 13 290 M M 1 19 300
5 54 24 39 -2 26 0 0.00 M M 6.2 18 200 M M 0 24 260
6 51 25 38 -4 27 0 0.00 M M 8.6 20 10 M M 3 25 80
7 50 27 39 -3 26 0 T M M 11.2 32 10 M M 4 39 10
8 54 26 40 -2 25 0 0.00 M M 11.0 20 330 M M 0 28 300
9 55 20 38 -4 27 0 0.00 M M 8.3 22 200 M M 0 28 180
10 56 24 40 -3 25 0 0.00 M M 8.7 24 190 M M 0 32 190
11 57 25 41 -2 24 0 0.00 M M 6.5 15 230 M M 1 18 250
12 59 30 45 2 20 0 T M M 8.7 29 300 M M 3 39 280
13 50 29 40 -3 25 0 0.00 M M 18.0 33 310 M M 2 53 310
14 48 24 36 -8 29 0 0.00 M M 17.7 29 10 M M 4 40 20
15 49 30 40 -4 25 0 T M M 12.4 28 30 M M 7 34 20
16 56 37 47 3 18 0 T M M 6.5 21 30 M M 10 33 10
17 62 32 47 3 18 0 T M M 6.3 18 360 M M 4 12 22 360
18 64 35 50 6 15 0 0.00 M M 10.0 20 360 M M 0 25 90
19 66 32 49 4 16 0 0.00 M M 6.4 14 180 M M 1 20 140
20 68 34 51 6 14 0 0.00 M M 7.2 16 270 M M 0 25 240
21 67 36 52 7 13 0 0.00 M M 5.8 14 280 M M 0 19 270
22 65 35 50 5 15 0 0.00 M M 10.6 25 200 M M 0 34 200
23 57 30 44 -1 21 0 0.04 M M 11.7 33 260 M M 3 3 50 260
24 49 25 37 -9 28 0 0.00 M M 15.4 31 320 M M 3 44 300
25 51 23 37 -9 28 0 0.00 M M 13.7 25 330 M M 2 35 310
26 50 26 38 -8 27 0 0.00 M M 14.1 29 310 M M 3 41 280
27 59 22 41 -5 24 0 0.00 M M 11.0 29 180 M M 2 37 170
28 59 30 45 -1 20 0 T M M 9.1 23 310 M M 1 31 310
================================================================================
SM 1551 782 647 0 0.11 M 290.1 M 65
================================================================================
AV 55.4 27.9 10.4 FASTST M M 2 MAX(MPH)
MISC ----> 38 190 53 310
================================================================================
NOTES:
# LAST OF SEVERAL OCCURRENCES
COLUMN 17 PEAK WIND IN M.P.H.
PRELIMINARY LOCAL CLIMATOLOGICAL DATA (WS FORM: F-6) , PAGE 2
STATION: TONOPAH AIRPORT NV
MONTH: MARCH
YEAR: 2024
LATITUDE: 38 3 N
LONGITUDE: 117 5 W
[TEMPERATURE DATA] [PRECIPITATION DATA] SYMBOLS USED IN COLUMN 16
AVERAGE MONTHLY: 41.7 TOTAL FOR MONTH: 0.11 1 = FOG OR MIST
DPTR FM NORMAL: -1.9 DPTR FM NORMAL: -0.36 2 = FOG REDUCING VISIBILITY
HIGHEST: 68 ON 20 GRTST 24HR 0.07 ON 2- 2 TO 1/4 MILE OR LESS
LOWEST: 19 ON 4 3 = THUNDER
SNOW, ICE PELLETS, HAIL 4 = ICE PELLETS
TOTAL MONTH: M 5 = HAIL
GRTST 24HR M ON M 6 = FREEZING RAIN OR DRIZZLE
GRTST DEPTH: M ON M 7 = DUSTSTORM OR SANDSTORM:
VSBY 1/2 MILE OR LESS
8 = SMOKE OR HAZE
[NO. OF DAYS WITH] [WEATHER - DAYS WITH] 9 = BLOWING SNOW
X = TORNADO
MAX 32 OR BELOW: 0 0.01 INCH OR MORE: 2
MAX 90 OR ABOVE: 0 0.10 INCH OR MORE: 0
MIN 32 OR BELOW: 23 0.50 INCH OR MORE: 0
MIN 0 OR BELOW: 0 1.00 INCH OR MORE: 0
[HDD (BASE 65) ]
TOTAL THIS MO. 647 CLEAR (SCALE 0-3) 22
DPTR FM NORMAL 47 PTCLDY (SCALE 4-7) 5
TOTAL FM JUL 1 4354 CLOUDY (SCALE 8-10) 1
DPTR FM NORMAL -147
[CDD (BASE 65) ]
TOTAL THIS MO. 0
DPTR FM NORMAL 0 [PRESSURE DATA]
TOTAL FM JAN 1 0 HIGHEST SLP M ON M
DPTR FM NORMAL 0 LOWEST SLP 29.49 ON 23
[REMARKS]