000
CXUS56 KLKN 011210
CF6TPH
PRELIMINARY LOCAL CLIMATOLOGICAL DATA (WS FORM: F-6)
STATION: TONOPAH AIRPORT NV
MONTH: MARCH
YEAR: 2022
LATITUDE: 38 3 N
LONGITUDE: 117 5 W
TEMPERATURE IN F: :PCPN: SNOW: WIND :SUNSHINE: SKY :PK WND
================================================================================
1 2 3 4 5 6A 6B 7 8 9 10 11 12 13 14 15 16 17 18
12Z AVG MX 2MIN
DY MAX MIN AVG DEP HDD CDD WTR SNW DPTH SPD SPD DIR MIN PSBL S-S WX SPD DR
================================================================================
1 68 27 48 8 17 0 0.00 M M 6.6 14 360 M M 0 16 10
2 68 31 50 9 15 0 0.00 M M 7.9 15 210 M M 0 22 170
3 64 30 47 6 18 0 0.00 M M 11.3 28 190 M M 0 34 200
4 55 30 43 2 22 0 0.02 M M 9.3 28 310 M M 4 13 38 330
5 34 24 29 -12 36 0 0.21 M M 26.2 38 320 M M 8 1238 51 320
6 41 25 33 -9 32 0 0.00 M M 18.5 36 320 M M 2 47 320
7 43 22 33 -9 32 0 0.00 M M 14.7 26 320 M M 1 35 320
8 50 20 35 -7 30 0 0.00 M M 11.9 31 320 M M 0 42 320
9 51 27 39 -3 26 0 T M M 13.7 33 330 M M 4 44 330
10 40 23 32 -11 33 0 T M M 17.1 31 360 M M 2 1 39 360
11 53 17 35 -8 30 0 0.00 M M 9.2 17 290 M M 0 22 260
12 61 24 43 0 22 0 0.00 M M 7.9 17 200 M M 0 23 200
13 60 25 43 0 22 0 0.00 M M 11.6 36 340 M M 0 49 340
14 61 27 44 0 21 0 0.00 M M 5.7 16 360 M M M 18 30
15 58 31 45 1 20 0 0.00 M M 9.2 29 360 M M 2 37 340
16 58 34 46 2 19 0 T M M 14.2 30 330 M M 1 42 320
17 56 26 41 -3 24 0 0.00 M M 7.4 16 360 M M M 19 360
18 61 27 44 0 21 0 0.00 M M 6.0 14 360 M M M 18 200
19 62 36 49 4 16 0 T M M 13.0 31 190 M M M 45 330
20 53 34 44 -1 21 0 0.00 M M 24.7 40 330 M M M 51 330
21 62 29 46 1 19 0 0.00 M M 14.3 24 320 M M 0 36 330
22 68 31 50 5 15 0 0.00 M M 12.5 25 360 M M 0 36 360
23 71 34 53 8 12 0 0.00 M M 6.6 17 10 M M 0 23 10
24 75 38 57 11 8 0 0.00 M M 6.5 12 360 M M 0 17 200
25 79 41 60 14 5 0 0.00 M M 9.8 24 190 M M 0 33 190
26 77 43 60 14 5 0 0.00 M M 10.2 23 190 M M 0 35 210
27 72 43 58 12 7 0 0.00 M M 16.7 35 190 M M 0 45 180
28 59 36 48 2 17 0 T M M 16.6 37 190 M M 5 46 200
29 60 35 48 2 17 0 0.00 M M 16.9 35 330 M M 5 46 330
30 64 35 50 3 15 0 0.00 M M 8.7 23 320 M M 1 29 310
31 62 40 51 4 14 0 0.00 M M 11.4 23 320 M M 0 29 310
================================================================================
SM 1846 945 611 0 0.23 M 376.3 M 35
================================================================================
AV 59.5 30.5 12.1 FASTST M M 1 MAX(MPH)
MISC ----> 40 330 # 51 320
================================================================================
NOTES:
# LAST OF SEVERAL OCCURRENCES
COLUMN 17 PEAK WIND IN M.P.H.
PRELIMINARY LOCAL CLIMATOLOGICAL DATA (WS FORM: F-6) , PAGE 2
STATION: TONOPAH AIRPORT NV
MONTH: MARCH
YEAR: 2022
LATITUDE: 38 3 N
LONGITUDE: 117 5 W
[TEMPERATURE DATA] [PRECIPITATION DATA] SYMBOLS USED IN COLUMN 16
AVERAGE MONTHLY: 45.0 TOTAL FOR MONTH: 0.23 1 = FOG OR MIST
DPTR FM NORMAL: 1.2 DPTR FM NORMAL: -0.29 2 = FOG REDUCING VISIBILITY
HIGHEST: 79 ON 25 GRTST 24HR 0.23 ON 4- 5 TO 1/4 MILE OR LESS
LOWEST: 17 ON 11 3 = THUNDER
SNOW, ICE PELLETS, HAIL 4 = ICE PELLETS
TOTAL MONTH: M 5 = HAIL
GRTST 24HR M ON M 6 = FREEZING RAIN OR DRIZZLE
GRTST DEPTH: M ON M 7 = DUSTSTORM OR SANDSTORM:
VSBY 1/2 MILE OR LESS
8 = SMOKE OR HAZE
[NO. OF DAYS WITH] [WEATHER - DAYS WITH] 9 = BLOWING SNOW
X = TORNADO
MAX 32 OR BELOW: 0 0.01 INCH OR MORE: 2
MAX 90 OR ABOVE: 0 0.10 INCH OR MORE: 1
MIN 32 OR BELOW: 19 0.50 INCH OR MORE: 0
MIN 0 OR BELOW: 0 1.00 INCH OR MORE: 0
[HDD (BASE 65) ]
TOTAL THIS MO. 611 CLEAR (SCALE 0-3) 21
DPTR FM NORMAL -45 PTCLDY (SCALE 4-7) 4
TOTAL FM JUL 1 4414 CLOUDY (SCALE 8-10) 6
DPTR FM NORMAL -141
[CDD (BASE 65) ]
TOTAL THIS MO. 0
DPTR FM NORMAL 0 [PRESSURE DATA]
TOTAL FM JAN 1 0 HIGHEST SLP 30.47 ON 11
DPTR FM NORMAL 0 LOWEST SLP 29.55 ON 28
[REMARKS]
#FINAL-03-22#