000
CXUS55 KLKN 021053
CLSTPH
CLIMATE REPORT
NATIONAL WEATHER SERVICE ELKO, NV
253 AM PST THU MAR 02 2023
...................................
...THE TONOPAH AIRPORT NV CLIMATE SUMMARY FOR THE SEASON, FROM
12/1/2022 TO 2/28/2023...
CLIMATE NORMAL PERIOD 1991 TO 2020
CLIMATE RECORD PERIOD 1954 TO 2023
WEATHER OBSERVED NORMAL DEPART LAST YEAR`S
VALUE DATE(S) VALUE FROM VALUE DATE(S)
NORMAL
................................................................
TEMPERATURE (F)
RECORD
HIGH 75 02/25/1986
LOW -15 01/24/1962
01/23/1962
HIGHEST 58 02/20 64 -6 67 02/11
LOWEST 4 12/17 1 3 -1 12/18
AVG. MAXIMUM 42.2 46.6 -4.4 46.9
AVG. MINIMUM 21.6 22.5 -0.9 21.1
MEAN 31.9 34.5 -2.6 34.0
DAYS MAX >= 90 0 0.0 0.0 0
DAYS MAX <= 32 10 5.0 5.0 8
DAYS MIN <= 32 86 84.7 1.3 89
DAYS MIN <= 0 0 0.6 -0.6 1
PRECIPITATION (INCHES)
RECORD
MAXIMUM 3.27 1968
MINIMUM 0.14 1964
TOTALS 1.48 1.24 0.24 0.67
DAILY AVG. 0.02 0.01 0.01 0.01
DAYS >= .01 17 11.1 5.9 6
DAYS >= .10 5 4.1 0.9 3
DAYS >= .50 0 0.1 -0.1 0
DAYS >= 1.00 0 0.0 0.0 0
GREATEST
24 HR. TOTAL 0.35 01/09 TO 01/09 0.24
DEGREE DAYS
HEATING TOTAL 2967 2750 217 2782
SINCE 7/1 4130 3902 228 MM
COOLING TOTAL 0 0 0 0
SINCE 1/1 0 0 0 MM
................................................................
WIND (MPH)
AVERAGE WIND SPEED 10.1
HIGHEST WIND SPEED/DIRECTION 43/330 DATE 02/21
HIGHEST GUST SPEED/DIRECTION 56/180 DATE 02/24
AVERAGE RH (PERCENT) 65
WEATHER CONDITIONS. NUMBER OF DAYS WITH
THUNDERSTORM 1 MIXED PRECIP 0
HEAVY RAIN 0 RAIN 3
LIGHT RAIN 10 FREEZING RAIN 0
LT FREEZING RAIN 0 HAIL 0
HEAVY SNOW 4 SNOW 8
LIGHT SNOW 21 SLEET 0
FOG 24 FOG W/VIS <= 1/4 MILE 6
HAZE 0
- INDICATES NEGATIVE NUMBERS.
R INDICATES RECORD WAS SET OR TIED.
MM INDICATES DATA IS MISSING.
T INDICATES TRACE AMOUNT.
=====================================================================
...COLDER THAN NORMAL METEORLOGICAL WINTER IN TONOPAH...
...WETTER THAN NORMAL METEORLOGICAL WINTER IN TONOPAH...
$$