000
CXUS54 KFWD 010730
CF6TPL
PRELIMINARY LOCAL CLIMATOLOGICAL DATA (WS FORM: F-6)
STATION: TEMPLE
MONTH: MARCH
YEAR: 2020
LATITUDE: 31 8 N
LONGITUDE: 97 25 W
TEMPERATURE IN F: :PCPN: SNOW: WIND :SUNSHINE: SKY :PK WND
================================================================================
1 2 3 4 5 6A 6B 7 8 9 10 11 12 13 14 15 16 17 18
12Z AVG MX 2MIN
DY MAX MIN AVG DEP HDD CDD WTR SNW DPTH SPD SPD DIR MIN PSBL S-S WX SPD DR
================================================================================
1 71 55 63 9 2 0 0.00 0.0 0 15.3 25 170 M M 4 36 190
2 72 62 67 12 0 2 0.00 0.0 0 12.8 21 170 M M 7 29 170
3 73 61 67 12 0 2 0.00 0.0 0 5.0 9 20 M M 3 18 M M
4 65 50 58 3 7 0 1.20 0.0 0 16.7 29 30 M M 10 13 48 40
5 69 43 56 0 9 0 0.00 0.0 0 9.6 14 320 M M 3 21 340
6 67 41 54 -2 11 0 0.00 0.0 0 9.1 15 40 M M 0 21 50
7 61 39 50 -6 15 0 T 0.0 0 8.6 17 140 M M 0 M M
8 72 46 59 3 6 0 0.00 0.0 0 15.1 22 150 M M 7 1 35 160
9 67 58 63 6 2 0 0.03 0.0 0 12.5 23 170 M M 8 12 30 160
10 77 M M M M M 0.01 0.0 0 7.9 13 190 M M 7 128 M M
11 82 62 72 15 0 7 0.00 0.0 0 11.6 18 160 M M 5 1 18 200
12 83 65 74 16 0 9 0.00 0.0 0 15.2 18 170 M M 3 25 190
13 80 66 73 15 0 8 0.00 0.0 0 12.8 23 140 M M 6 31 140
14 82 60 71 13 0 6 0.00 0.0 0 13.1 23 160 M M 10 31 160
15 60 54 57 -1 8 0 0.18 0.0 0 9.5 14 360 M M 10 1 M M
16 71 55 63 4 2 0 0.01 0.0 0 6.1 14 150 M M 8 1 M M
17 80 66 73 14 0 8 0.04 0.0 0 11.6 17 140 M M 9 1 25 150
18 80 68 74 15 0 9 0.00 0.0 0 14.3 25 150 M M 8 33 140
19 81 67 74 15 0 9 0.04 0.0 0 13.4 22 160 M M 6 3 30 160
20 70 48 59 -1 6 0 0.76 0.0 0 13.5 21 360 M M 9 1 27 320
21 56 43 50 -10 15 0 0.76 0.0 0 10.4 14 10 M M 10 13 20 10
22 61 53 57 -3 8 0 0.04 0.0 0 2.9 8 110 M M 10 12 M M
23 78 M M M M M 0.00 0.0 0 6.7 18 160 M M 9 128 24 160
24 88 56 72 12 0 7 0.00 0.0 0 10.7 17 180 M M 3 1 24 170
25 87 48 68 7 0 3 0.00 0.0 0 8.6 17 160 M M 0 25 170
26 84 63 74 13 0 9 0.00 0.0 0 14.0 20 170 M M 4 1 24 170
27 86 68 77 16 0 12 0.00 0.0 0 16.5 24 170 M M 5 32 180
28 78 50 64 3 1 0 0.03 0.0 0 10.9 22 160 M M 3 1 30 160
29 76 43 60 -2 5 0 0.00 0.0 0 5.5 10 180 M M 3 16 180
30 66 60 63 1 2 0 0.33 0.0 0 5.9 9 360 M M 10 123 M M
31 68 52 60 -2 5 0 0.00 0.0 0 10.0 17 360 M M 6 18 27 350
================================================================================
SM 2291 1602 104 91 3.43 0.0 335.8 M 186
================================================================================
AV 73.9 55.2 10.8 FASTST M M 6 MAX(MPH)
MISC ----> # 29 30 # 48 40
================================================================================
NOTES:
# LAST OF SEVERAL OCCURRENCES
COLUMN 17 PEAK WIND IN M.P.H.
PRELIMINARY LOCAL CLIMATOLOGICAL DATA (WS FORM: F-6) , PAGE 2
STATION: TEMPLE
MONTH: MARCH
YEAR: 2020
LATITUDE: 31 8 N
LONGITUDE: 97 25 W
[TEMPERATURE DATA] [PRECIPITATION DATA] SYMBOLS USED IN COLUMN 16
AVERAGE MONTHLY: 64.6 TOTAL FOR MONTH: 3.43 1 = FOG OR MIST
DPTR FM NORMAL: 6.2 DPTR FM NORMAL: 0.29 2 = FOG REDUCING VISIBILITY
HIGHEST: 88 ON 24 GRTST 24HR 1.20 ON 4- 4 TO 1/4 MILE OR LESS
LOWEST: 39 ON 7 3 = THUNDER
SNOW, ICE PELLETS, HAIL 4 = ICE PELLETS
TOTAL MONTH: 0.0 INCH 5 = HAIL
GRTST 24HR 0.0 6 = FREEZING RAIN OR DRIZZLE
GRTST DEPTH: 0 7 = DUSTSTORM OR SANDSTORM:
VSBY 1/2 MILE OR LESS
8 = SMOKE OR HAZE
[NO. OF DAYS WITH] [WEATHER - DAYS WITH] 9 = BLOWING SNOW
X = TORNADO
MAX 32 OR BELOW: 0 0.01 INCH OR MORE: 12
MAX 90 OR ABOVE: 0 0.10 INCH OR MORE: 5
MIN 32 OR BELOW: 0 0.50 INCH OR MORE: 3
MIN 0 OR BELOW: 0 1.00 INCH OR MORE: 1
[HDD (BASE 65) ]
TOTAL THIS MO. 104 CLEAR (SCALE 0-3) 6
DPTR FM NORMAL -136 PTCLDY (SCALE 4-7) 15
TOTAL FM JUL 1 1759 CLOUDY (SCALE 8-10) 10
DPTR FM NORMAL -289
[CDD (BASE 65) ]
TOTAL THIS MO. 91
DPTR FM NORMAL 54 [PRESSURE DATA]
TOTAL FM JAN 1 97 HIGHEST SLP M ON M
DPTR FM NORMAL 51 LOWEST SLP M ON M
[REMARKS]
#FINAL-03-20#