000
CXUS56 KSGX 281045
CF6TRM
PRELIMINARY LOCAL CLIMATOLOGICAL DATA (WS FORM: F-6)
STATION: THERMAL AIRPORT CA
MONTH: MARCH
YEAR: 2024
LATITUDE: 33 37 N
LONGITUDE: 116 10 W
TEMPERATURE IN F: :PCPN: SNOW: WIND :SUNSHINE: SKY :PK WND
================================================================================
1 2 3 4 5 6A 6B 7 8 9 10 11 12 13 14 15 16 17 18
12Z AVG MX 2MIN
DY MAX MIN AVG DEP HDD CDD WTR SNW DPTH SPD SPD DIR MIN PSBL S-S WX SPD DR
================================================================================
1 77 57 67 5 0 2 0.00 M M 9.0 22 340 M M 0 29 330
2 75 55 65 3 0 0 T M M 15.3 46 290 M M 4 8 61 290
3 74 47 61 -1 4 0 0.00 M M 9.2 24 260 M M 0 43 350
4 75 54 65 3 0 0 0.00 M M 8.6 20 340 M M 0 25 340
5 79 57 68 5 0 3 0.00 M M 8.3 15 330 M M 0 21 310
6 77 52 65 2 0 0 0.01 M M 6.4 20 340 M M 2 26 340
7 74 51 63 0 2 0 T M M 7.4 20 310 M M 3 26 310
8 78 50 64 1 1 0 0.00 M M 7.4 14 280 M M 0 20 300
9 80 44 62 -2 3 0 0.00 M M 5.0 12 150 M M 0 15 150
10 80 40 60 -4 5 0 0.00 M M 4.1 14 330 M M 0 17 340
11 81 50 66 2 0 1 0.00 M M 10.3 21 330 M M 0 27 330
12 76 58 67 3 0 2 0.00 M M 14.6 24 330 M M 0 8 34 330
13 82 60 71 7 0 6 0.00 M M 11.4 21 340 M M 0 29 350
14 71 57 64 -1 1 0 0.00 M M 12.2 21 350 M M 3 28 300
15 61 49 55 -10 10 0 0.37 M M 4.5 12 340 M M 10 1 14 130
16 65 44 55 -10 10 0 0.04 M M 2.5 8 220 M M 4 1 9 220
17 76 45 61 -4 4 0 0.00 M M 5.0 12 300 M M 1 1 14 290
18 75 51 63 -3 2 0 0.13 M M 4.3 24 10 M M 1 38 38 30
19 82 51 67 1 0 2 0.00 M M 5.7 14 120 M M 2 17 110
20 85 49 67 1 0 2 0.00 M M 3.7 12 140 M M 0 16 110
21 85 49 67 1 0 2 0.00 M M 5.6 16 330 M M 0 22 330
22 86 49 68 2 0 3 0.00 M M 4.7 17 330 M M 0 21 340
23 61 59 60 -7 5 0 0.00 M M 32.2 36 270 M M 0 8 50 270
24 73 47 60 -7 5 0 0.00 M M 12.3 22 340 M M 1 28 280
25 M M M M M M 0.00 M M 11.5 22 320 M M 0 27 320
26 79 M M M M M 0.00 M M 8.6 18 330 M M 0 26 330
27 80 50 65 -2 0 0 0.00 M M 6.4 17 140 M M 0 24 170
================================================================================
SM 1987 1275 52 23 0.55 M 236.2 M 31
================================================================================
AV 76.4 51.0 8.7 FASTST M M 1 MAX(MPH)
MISC ----> 46 290 61 290
================================================================================
NOTES:
# LAST OF SEVERAL OCCURRENCES
COLUMN 17 PEAK WIND IN M.P.H.
PRELIMINARY LOCAL CLIMATOLOGICAL DATA (WS FORM: F-6) , PAGE 2
STATION: THERMAL AIRPORT CA
MONTH: MARCH
YEAR: 2024
LATITUDE: 33 37 N
LONGITUDE: 116 10 W
[TEMPERATURE DATA] [PRECIPITATION DATA] SYMBOLS USED IN COLUMN 16
AVERAGE MONTHLY: 63.7 TOTAL FOR MONTH: 0.55 1 = FOG OR MIST
DPTR FM NORMAL: -0.9 DPTR FM NORMAL: 0.23 2 = FOG REDUCING VISIBILITY
HIGHEST: 86 ON 22 GRTST 24HR 0.37 ON 15-15 TO 1/4 MILE OR LESS
LOWEST: 40 ON 10 3 = THUNDER
SNOW, ICE PELLETS, HAIL 4 = ICE PELLETS
TOTAL MONTH: M 5 = HAIL
GRTST 24HR M ON M 6 = FREEZING RAIN OR DRIZZLE
GRTST DEPTH: M ON M 7 = DUSTSTORM OR SANDSTORM:
VSBY 1/2 MILE OR LESS
8 = SMOKE OR HAZE
[NO. OF DAYS WITH] [WEATHER - DAYS WITH] 9 = BLOWING SNOW
X = TORNADO
MAX 32 OR BELOW: 0 0.01 INCH OR MORE: 4
MAX 90 OR ABOVE: 0 0.10 INCH OR MORE: 2
MIN 32 OR BELOW: 0 0.50 INCH OR MORE: 0
MIN 0 OR BELOW: 0 1.00 INCH OR MORE: 0
[HDD (BASE 65) ]
TOTAL THIS MO. 52 CLEAR (SCALE 0-3) 23
DPTR FM NORMAL -21 PTCLDY (SCALE 4-7) 3
TOTAL FM JUL 1 840 CLOUDY (SCALE 8-10) 1
DPTR FM NORMAL -242
[CDD (BASE 65) ]
TOTAL THIS MO. 23
DPTR FM NORMAL -41 [PRESSURE DATA]
TOTAL FM JAN 1 33 HIGHEST SLP M ON M
DPTR FM NORMAL -44 LOWEST SLP 29.64 ON 24
[REMARKS]