000
CXUS56 KPQR 011155
CF6TTD
PRELIMINARY LOCAL CLIMATOLOGICAL DATA (WS FORM: F-6)
STATION: TROUTDALE OR
MONTH: FEBRUARY
YEAR: 2022
LATITUDE: 45 33 N
LONGITUDE: 122 25 W
TEMPERATURE IN F: :PCPN: SNOW: WIND :SUNSHINE: SKY :PK WND
================================================================================
1 2 3 4 5 6A 6B 7 8 9 10 11 12 13 14 15 16 17 18
12Z AVG MX 2MIN
DY MAX MIN AVG DEP HDD CDD WTR SNW DPTH SPD SPD DIR MIN PSBL S-S WX SPD DR
================================================================================
1 47 36 42 -1 23 0 0.10 M M 4.2 14 240 M M 10 18 18 250
2 46 38 42 -1 23 0 0.02 M M 4.9 16 80 M M 10 18 21 90
3 50 33 42 -1 23 0 0.01 M M 2.2 7 80 M M 7 18 8 90
4 50 31 41 -2 24 0 T M M 2.1 10 210 M M 6 1 14 220
5 53 36 45 2 20 0 0.01 M M 2.3 7 270 M M 6 1 9 270
6 58 33 46 3 19 0 0.00 M M 2.6 13 90 M M 3 12 17 100
7 53 33 43 0 22 0 0.01 M M 0.6 8 100 M M 6 18 10 90
8 49 36 43 -1 22 0 0.00 M M 1.2 8 270 M M 8 128 9 270
9 60 36 48 4 17 0 0.00 M M 1.2 6 270 M M 5 8 8 320
10 49 34 42 -2 23 0 0.00 M M 0.8 6 230 M M 8 128 8 290
11 64 38 51 7 14 0 0.00 M M 11.5 28 90 M M 3 28 36 90
12 58 46 52 8 13 0 0.00 M M 23.8 31 100 M M 0 40 90
13 62 43 53 9 12 0 0.00 M M 15.5 28 90 M M 0 34 90
14 50 43 47 3 18 0 0.39 M M 5.3 15 230 M M 9 3 19 200
15 50 42 46 2 19 0 T M M 2.3 10 220 M M 10 13 230
16 51 44 48 4 17 0 0.03 M M 3.5 12 210 M M 10 14 210
17 54 36 45 1 20 0 0.00 M M 2.2 8 250 M M 7 10 240
18 58 35 47 2 18 0 0.00 M M 1.5 8 260 M M 4 10 260
19 50 33 42 -3 23 0 0.01 M M 4.5 20 210 M M 8 12 24 220
20 50 41 46 1 19 0 0.06 M M 7.9 17 250 M M 9 24 250
21 45 35 40 -5 25 0 0.06 M M 5.4 12 190 M M 9 1 17 220
22 37 29 33 -12 32 0 0.00 M M 14.9 25 90 M M 2 31 80
23 39 24 32 -13 33 0 0.00 M M 9.4 17 100 M M 0 8 27 90
24 43 27 35 -11 30 0 0.01 M M 4.7 17 90 M M 5 21 90
25 45 30 38 -8 27 0 0.00 M M 18.8 26 80 M M 0 34 90
26 42 35 39 -7 26 0 0.04 M M 23.7 31 90 M M 5 40 80
27 46 38 42 -4 23 0 0.23 M M 14.7 30 80 M M 10 37 80
28 62 44 53 7 12 0 1.06 M M 10.3 23 200 M M 10 32 190
================================================================================
SM 1421 1009 597 0 2.04 M 202.0 M 170
================================================================================
AV 50.8 36.0 7.2 FASTST M M 6 MAX(MPH)
MISC ----> # 31 100 # 40 90
================================================================================
NOTES:
# LAST OF SEVERAL OCCURRENCES
COLUMN 17 PEAK WIND IN M.P.H.
PRELIMINARY LOCAL CLIMATOLOGICAL DATA (WS FORM: F-6) , PAGE 2
STATION: TROUTDALE OR
MONTH: FEBRUARY
YEAR: 2022
LATITUDE: 45 33 N
LONGITUDE: 122 25 W
[TEMPERATURE DATA] [PRECIPITATION DATA] SYMBOLS USED IN COLUMN 16
AVERAGE MONTHLY: 43.4 TOTAL FOR MONTH: 2.04 1 = FOG OR MIST
DPTR FM NORMAL: -1.0 DPTR FM NORMAL: -1.67 2 = FOG REDUCING VISIBILITY
HIGHEST: 64 ON 11 GRTST 24HR 1.16 ON 27-28 TO 1/4 MILE OR LESS
LOWEST: 24 ON 23 3 = THUNDER
SNOW, ICE PELLETS, HAIL 4 = ICE PELLETS
TOTAL MONTH: M 5 = HAIL
GRTST 24HR M ON M 6 = FREEZING RAIN OR DRIZZLE
GRTST DEPTH: M ON M 7 = DUSTSTORM OR SANDSTORM:
VSBY 1/2 MILE OR LESS
8 = SMOKE OR HAZE
[NO. OF DAYS WITH] [WEATHER - DAYS WITH] 9 = BLOWING SNOW
X = TORNADO
MAX 32 OR BELOW: 0 0.01 INCH OR MORE: 14
MAX 90 OR ABOVE: 0 0.10 INCH OR MORE: 4
MIN 32 OR BELOW: 5 0.50 INCH OR MORE: 1
MIN 0 OR BELOW: 0 1.00 INCH OR MORE: 1
[HDD (BASE 65) ]
TOTAL THIS MO. 597 CLEAR (SCALE 0-3) 6
DPTR FM NORMAL 19 PTCLDY (SCALE 4-7) 13
TOTAL FM JUL 1 2853 CLOUDY (SCALE 8-10) 9
DPTR FM NORMAL -108
[CDD (BASE 65) ]
TOTAL THIS MO. 0
DPTR FM NORMAL 0 [PRESSURE DATA]
TOTAL FM JAN 1 0 HIGHEST SLP 30.65 ON 8
DPTR FM NORMAL 0 LOWEST SLP 29.86 ON 21
[REMARKS]
#FINAL-02-22#