000
CXUS54 KTSA 021224
CF6TUL
PRELIMINARY LOCAL CLIMATOLOGICAL DATA (WS FORM: F-6)
STATION: TULSA OKLAHOMA
MONTH: JANUARY
YEAR: 2021
LATITUDE: 36 12 N
LONGITUDE: 95 54 W
TEMPERATURE IN F: :PCPN: SNOW: WIND :SUNSHINE: SKY :PK WND
================================================================================
1 2 3 4 5 6A 6B 7 8 9 10 11 12 13 14 15 16 17 18
12Z AVG MX 2MIN
DY MAX MIN AVG DEP HDD CDD WTR SNW DPTH SPD SPD DIR MIN PSBL S-S WX SPD DR
================================================================================
1 37 33 35 -2 30 0 0.66 T 0 11.2 23 10 M M 10 145 35 50
2 42 29 36 -1 29 0 T T 0 4.8 10 300 M M 7 1 14 280
3 51 28 40 3 25 0 0.00 0.0 0 3.9 14 170 M M 1 1 19 200
4 60 30 45 8 20 0 0.00 0.0 0 5.4 18 310 M M 2 24 310
5 61 26 44 7 21 0 0.00 0.0 0 7.2 17 140 M M 4 25 130
6 49 42 46 9 19 0 0.19 0.0 0 9.0 17 140 M M 10 18 25 120
7 42 36 39 2 26 0 0.07 0.0 0 8.6 15 10 M M 10 1 22 10
8 41 27 34 -3 31 0 0.00 0.0 0 8.1 15 350 M M 8 19 360
9 45 23 34 -3 31 0 0.00 0.0 0 4.7 10 40 M M 4 1 15 40
10 34 24 29 -8 36 0 0.00 0.0 0 6.6 14 350 M M 9 18 18 360
11 46 20 33 -4 32 0 0.00 0.0 0 3.9 10 290 M M 2 1 14 260
12 53 28 41 4 24 0 0.00 0.0 0 7.1 14 200 M M 0 20 220
13 58 29 44 7 21 0 0.00 0.0 0 9.2 17 190 M M 3 23 170
14 56 38 47 9 18 0 0.00 0.0 0 14.5 32 310 M M 5 43 310
15 43 35 39 1 26 0 T T 0 17.2 32 300 M M 6 42 300
16 49 27 38 0 27 0 0.00 0.0 0 6.4 16 330 M M 5 21 340
17 53 28 41 3 24 0 0.00 0.0 0 9.5 24 300 M M 3 32 290
18 60 32 46 8 19 0 0.00 0.0 0 8.3 22 190 M M 6 29 190
19 49 33 41 3 24 0 0.00 0.0 0 6.9 15 350 M M 7 20 360
20 47 27 37 -1 28 0 T 0.0 0 8.2 25 190 M M 8 35 180
21 52 39 46 8 19 0 0.00 0.0 0 4.4 10 140 M M 9 13 130
22 53 29 41 3 24 0 0.00 0.0 0 9.6 18 40 M M 2 25 40
23 46 25 36 -2 29 0 T 0.0 0 9.2 18 140 M M 7 1 24 140
24 55 41 48 10 17 0 0.37 0.0 0 7.5 18 320 M M 10 13 23 340
25 50 37 44 6 21 0 0.49 0.0 0 9.6 20 320 M M 10 13 28 340
26 37 32 35 -3 30 0 0.00 0.0 0 9.1 17 300 M M 9 24 300
27 35 30 33 -5 32 0 T 0.1 0 9.7 17 340 M M 10 1 22 330
28 45 30 38 0 27 0 0.00 0.0 0 8.4 16 170 M M 9 21 170
29 58 31 45 6 20 0 0.00 0.0 0 15.8 25 170 M M 7 34 160
30 65 42 54 15 11 0 0.63 0.0 0 16.1 30 260 M M 9 13 41 260
31 46 36 41 2 24 0 0.00 0.0 0 16.4 26 320 M M 10 35 320
================================================================================
SM 1518 967 765 0 2.41 0.1 276.5 M 202
================================================================================
AV 49.0 31.2 8.9 FASTST M M 7 MAX(MPH)
MISC ----> # 32 300 43 310
================================================================================
NOTES:
# LAST OF SEVERAL OCCURRENCES
COLUMN 17 PEAK WIND IN M.P.H.
PRELIMINARY LOCAL CLIMATOLOGICAL DATA (WS FORM: F-6) , PAGE 2
STATION: TULSA OKLAHOMA
MONTH: JANUARY
YEAR: 2021
LATITUDE: 36 12 N
LONGITUDE: 95 54 W
[TEMPERATURE DATA] [PRECIPITATION DATA] SYMBOLS USED IN COLUMN 16
AVERAGE MONTHLY: 40.1 TOTAL FOR MONTH: 2.41 1 = FOG OR MIST
DPTR FM NORMAL: 2.4 DPTR FM NORMAL: 0.75 2 = FOG REDUCING VISIBILITY
HIGHEST: 65 ON 30 GRTST 24HR 1.20 ON 31- 1 TO 1/4 MILE OR LESS
LOWEST: 20 ON 11 3 = THUNDER
SNOW, ICE PELLETS, HAIL 4 = ICE PELLETS
TOTAL MONTH: 0.1 INCH 5 = HAIL
GRTST 24HR 0.1 ON 27-27 6 = FREEZING RAIN OR DRIZZLE
GRTST DEPTH: 0 7 = DUSTSTORM OR SANDSTORM:
VSBY 1/2 MILE OR LESS
8 = SMOKE OR HAZE
[NO. OF DAYS WITH] [WEATHER - DAYS WITH] 9 = BLOWING SNOW
X = TORNADO
MAX 32 OR BELOW: 0 0.01 INCH OR MORE: 6
MAX 90 OR ABOVE: 0 0.10 INCH OR MORE: 5
MIN 32 OR BELOW: 20 0.50 INCH OR MORE: 2
MIN 0 OR BELOW: 0 1.00 INCH OR MORE: 0
[HDD (BASE 65) ]
TOTAL THIS MO. 765 CLEAR (SCALE 0-3) 7
DPTR FM NORMAL -80 PTCLDY (SCALE 4-7) 11
TOTAL FM JUL 1 2042 CLOUDY (SCALE 8-10) 13
DPTR FM NORMAL -235
[CDD (BASE 65) ]
TOTAL THIS MO. 0
DPTR FM NORMAL 0 [PRESSURE DATA]
TOTAL FM JAN 1 0 HIGHEST SLP 30.65 ON 28
DPTR FM NORMAL 0 LOWEST SLP 29.42 ON 30
[REMARKS]
#FINAL-01-21#