000
CXUS54 KMEG 010900
CF6TUP
PRELIMINARY LOCAL CLIMATOLOGICAL DATA (WS FORM: F-6)
STATION: TUPELO
MONTH: SEPTEMBER
YEAR: 2023
LATITUDE: 34 16 N
LONGITUDE: 88 46 W
TEMPERATURE IN F: :PCPN: SNOW: WIND :SUNSHINE: SKY :PK WND
================================================================================
1 2 3 4 5 6A 6B 7 8 9 10 11 12 13 14 15 16 17 18
12Z AVG MX 2MIN
DY MAX MIN AVG DEP HDD CDD WTR SNW DPTH SPD SPD DIR MIN PSBL S-S WX SPD DR
================================================================================
1 91 66 79 -1 0 14 0.78 0.0 0 5.8 26 130 M M 4 13 36 130
2 80 73 77 -2 0 12 T 0.0 0 6.6 15 120 M M 8 18 20 120
3 89 73 81 2 0 16 0.00 0.0 0 4.2 10 160 M M 7 14 150
4 93 75 84 5 0 19 0.00 0.0 0 6.8 16 150 M M 3 22 150
5 93 74 84 5 0 19 0.03 0.0 0 4.2 15 180 M M 2 3 20 200
6 95 71 83 5 0 18 0.47 0.0 0 5.3 24 350 M M 1 138 31 350
7 88 66 77 -1 0 12 0.00 0.0 0 4.4 13 10 M M 0 17 20
8 83 62 73 -5 0 8 0.00 0.0 0 5.8 14 20 M M 1 18 17 30
9 87 66 77 -1 0 12 0.00 0.0 0 9.0 16 20 M M 1 19 40
10 86 64 75 -2 0 10 0.00 0.0 0 6.5 13 360 M M 1 34 350
11 90 66 78 1 0 13 0.00 0.0 0 3.0 8 310 M M 1 1 12 20
12 85 69 77 0 0 12 0.00 0.0 0 7.9 15 10 M M 3 18 360
13 85 66 76 0 0 11 0.00 0.0 0 8.6 15 10 M M 5 22 20
14 83 63 73 -3 0 8 T 0.0 0 7.3 15 30 M M 5 34 60
15 88 62 75 -1 0 10 0.00 0.0 0 5.2 10 10 M M 6 14 330
16 88 66 77 1 0 12 0.00 0.0 0 5.5 16 360 M M 5 22 360
17 87 62 75 0 0 10 0.00 0.0 0 4.2 16 340 M M 1 33 300
18 84 57 71 -4 0 6 0.00 0.0 0 4.1 14 360 M M 0 8 22 10
19 87 54 71 -4 0 6 0.00 0.0 0 3.2 10 80 M M 0 15 50
20 90 63 77 3 0 12 T 0.0 0 6.1 15 210 M M 3 22 180
21 89 66 78 4 0 13 0.00 0.0 0 4.7 13 50 M M 4 19 40
22 88 63 76 2 0 11 0.00 0.0 0 4.1 10 140 M M 0 14 150
23 90 64 77 4 0 12 0.00 0.0 0 2.8 12 350 M M 0 16 20
24 91 61 76 3 0 11 0.00 0.0 0 2.1 8 50 M M 0 14 180
25 91 69 80 7 0 15 T 0.0 0 4.3 12 360 M M 4 17 100
26 92 65 79 7 0 14 0.00 0.0 0 2.6 12 40 M M 0 14 50
27 92 70 81 9 0 16 0.00 0.0 0 5.5 16 150 M M 0 19 150
28 89 68 79 7 0 14 0.00 0.0 0 5.6 10 180 M M 0 13 180
29 90 63 77 6 0 12 0.00 0.0 0 2.4 9 60 M M 0 18 15 70
30 91 64 78 7 0 13 0.00 0.0 0 3.1 13 20 M M 1 1 19 70
================================================================================
SM 2655 1971 0 371 1.28 0.0 150.9 M 66
================================================================================
AV 88.5 65.7 5.0 FASTST M M 2 MAX(MPH)
MISC ----> 26 130 36 130
================================================================================
NOTES:
# LAST OF SEVERAL OCCURRENCES
COLUMN 17 PEAK WIND IN M.P.H.
PRELIMINARY LOCAL CLIMATOLOGICAL DATA (WS FORM: F-6) , PAGE 2
STATION: TUPELO
MONTH: SEPTEMBER
YEAR: 2023
LATITUDE: 34 16 N
LONGITUDE: 88 46 W
[TEMPERATURE DATA] [PRECIPITATION DATA] SYMBOLS USED IN COLUMN 16
AVERAGE MONTHLY: 77.1 TOTAL FOR MONTH: 1.28 1 = FOG OR MIST
DPTR FM NORMAL: 1.6 DPTR FM NORMAL: -2.29 2 = FOG REDUCING VISIBILITY
HIGHEST: 95 ON 6 GRTST 24HR 0.78 ON 1- 1 TO 1/4 MILE OR LESS
LOWEST: 54 ON 19 3 = THUNDER
SNOW, ICE PELLETS, HAIL 4 = ICE PELLETS
TOTAL MONTH: 0.0 INCH 5 = HAIL
GRTST 24HR 0.0 6 = FREEZING RAIN OR DRIZZLE
GRTST DEPTH: 0 7 = DUSTSTORM OR SANDSTORM:
VSBY 1/2 MILE OR LESS
8 = SMOKE OR HAZE
[NO. OF DAYS WITH] [WEATHER - DAYS WITH] 9 = BLOWING SNOW
X = TORNADO
MAX 32 OR BELOW: 0 0.01 INCH OR MORE: 3
MAX 90 OR ABOVE: 13 0.10 INCH OR MORE: 2
MIN 32 OR BELOW: 0 0.50 INCH OR MORE: 1
MIN 0 OR BELOW: 0 1.00 INCH OR MORE: 0
[HDD (BASE 65) ]
TOTAL THIS MO. 0 CLEAR (SCALE 0-3) 19
DPTR FM NORMAL -6 PTCLDY (SCALE 4-7) 11
TOTAL FM JUL 1 0 CLOUDY (SCALE 8-10) 0
DPTR FM NORMAL -4
[CDD (BASE 65) ]
TOTAL THIS MO. 371
DPTR FM NORMAL 50 [PRESSURE DATA]
TOTAL FM JAN 1 2308 HIGHEST SLP 30.16 ON 30
DPTR FM NORMAL 187 LOWEST SLP 29.86 ON 6
[REMARKS]
#FINAL-09-23#