000
CXUS55 KTWC 021158
CLMTUS
CLIMATE REPORT
NATIONAL WEATHER SERVICE TUCSON AZ
458 AM MST SAT DEC 02 2023
...................................
...THE TUCSON AZ CLIMATE SUMMARY FOR THE MONTH OF NOVEMBER 2023...
CLIMATE NORMAL PERIOD 1991 TO 2020
CLIMATE RECORD PERIOD 1895 TO 2023
WEATHER OBSERVED NORMAL DEPART LAST YEAR`S
VALUE DATE(S) VALUE FROM VALUE
NORMAL
..............................................................
TEMPERATURE (F)
RECORD
HIGH 94 11/05/2020
11/05/2020
LOW 19 11/19/1921
HIGHEST 94R 11/05 85 9
LOWEST 39 11/26 33 6
AVG. MAXIMUM 78.2 75.1 3.1
AVG. MINIMUM 52.0 47.9 4.1
MEAN 65.1 61.5 3.6
DAYS MAX >= 90 4 0.8 3.2 0
DAYS MAX >= 100 0 0
DAYS MIN <= 32 0 1.0 -1.0 0
DAYS MIN >= 80 0 0
PRECIPITATION (INCHES)
RECORD
MAXIMUM 4.61 1905
MINIMUM 0.00 2014
TOTALS 0.28 0.56 -0.28 T
DAILY AVG. 0.01 0.02 -0.01 T
DAYS >= .01 3 2.5 0.5 0
DAYS >= .10 2 1.2 0.8 0
DAYS >= .50 0 0.3 -0.3 0
DAYS >= 1.00 0 0.1 -0.1 0
GREATEST
24 HR. TOTAL 0.14 11/25 TO 11/25 T
DEGREE DAYS
HEATING TOTAL 82 151 -69
SINCE 7/1 87 168 -81
COOLING TOTAL 93 46 47
SINCE 1/1 3958 3423 535
..............................................................
WIND (MPH)
AVERAGE WIND SPEED 7.0
HIGHEST WIND SPEED/DIRECTION 28/120 DATE 11/01
28/220 11/07
28/120 11/22
HIGHEST GUST SPEED/DIRECTION 39/090 DATE 11/21
SKY COVER
POSSIBLE SUNSHINE (PERCENT) MM
AVERAGE SKY COVER 0.09
NUMBER OF DAYS FAIR 26
NUMBER OF DAYS PC 4
NUMBER OF DAYS CLOUDY 0
AVERAGE RH (PERCENT) 39
WEATHER CONDITIONS. NUMBER OF DAYS WITH
THUNDERSTORM 0 MIXED PRECIP 0
HEAVY RAIN 0 RAIN 1
LIGHT RAIN 3 FREEZING RAIN 0
LT FREEZING RAIN 0 HAIL 0
HEAVY SNOW 0 SLEET 0
FOG 3 FOG W/VIS <= 1/4 MILE 0
HAZE 3
- INDICATES NEGATIVE NUMBERS.
R INDICATES RECORD WAS SET OR TIED.
MM INDICATES DATA IS MISSING.
T INDICATES TRACE AMOUNT.
$$