000
CXUS54 KJAN 012049
CF6TVR
PRELIMINARY LOCAL CLIMATOLOGICAL DATA (WS FORM: F-6)
STATION: VICKSBURG
MONTH: MARCH
YEAR: 2022
LATITUDE: 32 20 N
LONGITUDE: 91 2 W
TEMPERATURE IN F: :PCPN: SNOW: WIND :SUNSHINE: SKY :PK WND
================================================================================
1 2 3 4 5 6A 6B 7 8 9 10 11 12 13 14 15 16 17 18
12Z AVG MX 2MIN
DY MAX MIN AVG DEP HDD CDD WTR SNW DPTH SPD SPD DIR MIN PSBL S-S WX SPD DR
================================================================================
1 72 34 53 -2 12 0 0.00 0.0 0 0.9 8 170 M M 0 18 11 170
2 77 36 57 1 8 0 0.00 0.0 0 1.4 9 160 M M 0 18 17 130
3 79 40 60 4 5 0 0.00 0.0 0 1.3 9 40 M M 0 14 120
4 83 42 63 7 2 0 0.00 0.0 0 3.9 12 170 M M 0 20 180
5 84 53 69 13 0 4 0.00 0.0 0 11.6 24 180 M M 2 32 170
6 86 66 76 19 0 11 0.05 0.0 0 9.8 21 160 M M 4 29 160
7 73 48 61 4 4 0 0.47 0.0 0 9.3 17 20 M M 9 1 26 360
8 49 45 47 -10 18 0 2.23 0.0 0 9.9 17 30 M M 10 13 22 40
9 49 44 47 -10 18 0 T 0.0 0 6.7 15 40 M M 9 1 21 10
10 68 42 55 -3 10 0 0.00 0.0 0 3.7 10 20 M M 2 14 20
11 72 35 54 -4 11 0 0.05 M 0 8.9 33 10 M M 4 13 45 10
12 46 32 39 -19 26 0 T M M 10.2 25 360 M M 1 38 360
13 63 30 47 -11 18 0 0.00 0.0 0 5.5 13 170 M M 0 18 180
14 69 40 55 -4 10 0 0.02 0.0 0 7.2 15 150 M M 5 20 150
15 70 54 62 3 3 0 0.89 0.0 0 M 22 M M M M 28 M
16 65 52 59 0 6 0 0.03 0.0 0 3.8 10 120 M M M 1 13 120
17 79 48 64 4 1 0 0.01 0.0 0 8.1 21 160 M M M 1 29 160
18 78 52 65 5 0 0 0.75 0.0 0 7.6 18 160 M M 0 13 29 270
19 70 45 58 -2 7 0 0.00 0.0 0 4.3 14 10 M M 0 21 330
20 80 44 62 2 3 0 0.00 0.0 0 1.9 10 180 M M 0 13 170
21 80 50 65 5 0 0 0.00 0.0 0 11.3 23 150 M M 1 30 140
22 74 54 64 3 1 0 1.71 0.0 0 M 99 M M M 6 3 M M
23 68 51 60 -1 5 0 0.00 0.0 0 5.4 13 260 M M 2 26 270
24 72 42 57 -4 8 0 0.00 0.0 0 3.5 14 290 M M 0 22 310
25 69 45 57 -4 8 0 0.00 0.0 0 3.9 14 10 M M 0 28 360
26 73 46 60 -2 5 0 0.00 0.0 0 3.7 13 50 M M 0 1 16 20
27 86 53 70 8 0 5 0.00 0.0 0 5.6 14 170 M M 0 20 180
28 84 55 70 8 0 5 0.00 0.0 0 3.9 17 180 M M 3 23 190
29 84 64 74 12 0 9 0.00 0.0 0 10.9 25 170 M M 3 37 160
30 81 59 70 8 0 5 1.18 0.0 0 14.6 41 160 M M 4 13 55 160
31 69 49 59 -4 6 0 0.00 0.0 0 4.6 17 10 M M 1 23 280
================================================================================
SM 2252 1450 195 39 7.39 0.0 183.4 M 66
================================================================================
AV 72.6 46.8 6.3 FASTST M M 2 MAX(MPH)
MISC ----> 99 9999 55 160
================================================================================
NOTES:
# LAST OF SEVERAL OCCURRENCES
COLUMN 17 PEAK WIND IN M.P.H.
PRELIMINARY LOCAL CLIMATOLOGICAL DATA (WS FORM: F-6) , PAGE 2
STATION: VICKSBURG
MONTH: MARCH
YEAR: 2022
LATITUDE: 32 20 N
LONGITUDE: 91 2 W
[TEMPERATURE DATA] [PRECIPITATION DATA] SYMBOLS USED IN COLUMN 16
AVERAGE MONTHLY: 59.7 TOTAL FOR MONTH: 7.39 1 = FOG OR MIST
DPTR FM NORMAL: 0.6 DPTR FM NORMAL: 2.37 2 = FOG REDUCING VISIBILITY
HIGHEST: 86 ON 27, 6 GRTST 24HR 2.23 ON 8- 8 TO 1/4 MILE OR LESS
LOWEST: 30 ON 13 3 = THUNDER
SNOW, ICE PELLETS, HAIL 4 = ICE PELLETS
TOTAL MONTH: 0.0 INCH 5 = HAIL
GRTST 24HR 0.0 6 = FREEZING RAIN OR DRIZZLE
GRTST DEPTH: 0 7 = DUSTSTORM OR SANDSTORM:
VSBY 1/2 MILE OR LESS
8 = SMOKE OR HAZE
[NO. OF DAYS WITH] [WEATHER - DAYS WITH] 9 = BLOWING SNOW
X = TORNADO
MAX 32 OR BELOW: 0 0.01 INCH OR MORE: 11
MAX 90 OR ABOVE: 0 0.10 INCH OR MORE: 6
MIN 32 OR BELOW: 2 0.50 INCH OR MORE: 5
MIN 0 OR BELOW: 0 1.00 INCH OR MORE: 3
[HDD (BASE 65) ]
TOTAL THIS MO. 195 CLEAR (SCALE 0-3) 20
DPTR FM NORMAL -26 PTCLDY (SCALE 4-7) 5
TOTAL FM JUL 1 1722 CLOUDY (SCALE 8-10) 6
DPTR FM NORMAL -294
[CDD (BASE 65) ]
TOTAL THIS MO. 39
DPTR FM NORMAL 0 [PRESSURE DATA]
TOTAL FM JAN 1 65 HIGHEST SLP 30.49 ON 13
DPTR FM NORMAL 9 LOWEST SLP 29.42 ON 30
[REMARKS]
#FINAL-03-22#