000
CXUS55 KBOI 011002
CF6TWF
PRELIMINARY LOCAL CLIMATOLOGICAL DATA (WS FORM: F-6)
STATION: TWIN FALLS ID
MONTH: JANUARY
YEAR: 2021
LATITUDE: 42 28 N
LONGITUDE: 114 29 W
TEMPERATURE IN F: :PCPN: SNOW: WIND :SUNSHINE: SKY :PK WND
================================================================================
1 2 3 4 5 6A 6B 7 8 9 10 11 12 13 14 15 16 17 18
12Z AVG MX 2MIN
DY MAX MIN AVG DEP HDD CDD WTR SNW DPTH SPD SPD DIR MIN PSBL S-S WX SPD DR
================================================================================
1 41 23 32 4 33 0 0.00 M M 5.0 13 100 M M 6 1 15 100
2 43 28 36 7 29 0 T M M 7.3 17 230 M M 7 8 22 230
3 48 32 40 11 25 0 0.09 M M 11.5 26 280 M M 7 1 33 280
4 47 27 37 8 28 0 0.11 M M 13.9 45 260 M M 6 1 57 270
5 40 26 33 4 32 0 0.01 M M 11.5 29 270 M M 3 1 37 260
6 39 21 30 1 35 0 0.00 M M 6.1 13 90 M M 3 15 80
7 41 25 33 4 32 0 T M M 9.5 18 270 M M 7 25 270
8 36 21 29 0 36 0 0.01 M M 7.0 16 80 M M 4 1 19 80
9 34 29 32 3 33 0 T M M 8.1 17 270 M M 10 12 21 270
10 35 19 27 -2 38 0 0.00 M M 5.7 14 90 M M 4 128 16 90
11 36 15 26 -3 39 0 0.00 M M 6.7 16 110 M M 0 8 18 110
12 38 19 29 0 36 0 0.03 M M 6.2 12 90 M M 5 168 14 90
13 51 29 40 10 25 0 0.06 M M 14.2 35 290 M M 7 1 45 280
14 44 26 35 5 30 0 0.00 M M 9.7 16 280 M M 0 20 240
15 42 25 34 4 31 0 T M M 6.4 16 230 M M 2 27 230
16 44 27 36 6 29 0 0.00 M M 7.9 15 270 M M 1 19 280
17 46 30 38 8 27 0 0.00 M M 13.8 24 250 M M 2 8 36 260
18 36 23 30 0 35 0 0.00 M M 9.1 23 250 M M 3 1 35 240
19 36 16 26 -4 39 0 0.00 M M 4.2 10 210 M M 0 16 90
20 42 16 29 -1 36 0 0.00 M M 5.4 12 210 M M 0 15 210
21 43 26 35 5 30 0 T M M 4.5 12 360 M M 8 14 360
22 39 27 33 3 32 0 T M M 5.8 13 90 M M 9 12 16 90
23 32 18 25 -5 40 0 0.08 M M 10.0 18 270 M M 7 12 24 260
24 32 12 22 -8 43 0 0.00 M M 8.1 14 190 M M 0 19 210
25 32 10 21 -9 44 0 0.00 M M 7.3 17 90 M M 3 22 90
26 32 16 24 -6 41 0 T M M 5.0 12 110 M M 7 18 15 210
27 40 20 30 0 35 0 0.00 M M 24.8 46 170 M M 6 64 180
28 47 35 41 11 24 0 0.00 M M 16.8 40 180 M M 6 56 180
29 47 33 40 10 25 0 0.09 M M 11.7 23 270 M M 9 1 30 290
30 42 25 34 4 31 0 T M M 10.9 20 240 M M 4 28 250
31 48 22 35 5 30 0 0.00 M M 4.4 14 60 M M 0 18 60
================================================================================
SM 1253 721 1023 0 0.48 M 278.5 M 136
================================================================================
AV 40.4 23.3 9.0 FASTST M M 4 MAX(MPH)
MISC ----> 46 170 64 180
================================================================================
NOTES:
# LAST OF SEVERAL OCCURRENCES
COLUMN 17 PEAK WIND IN M.P.H.
PRELIMINARY LOCAL CLIMATOLOGICAL DATA (WS FORM: F-6) , PAGE 2
STATION: TWIN FALLS ID
MONTH: JANUARY
YEAR: 2021
LATITUDE: 42 28 N
LONGITUDE: 114 29 W
[TEMPERATURE DATA] [PRECIPITATION DATA] SYMBOLS USED IN COLUMN 16
AVERAGE MONTHLY: 31.8 TOTAL FOR MONTH: 0.48 1 = FOG OR MIST
DPTR FM NORMAL: 2.3 DPTR FM NORMAL: -0.50 2 = FOG REDUCING VISIBILITY
HIGHEST: 51 ON 13 GRTST 24HR 0.78 ON 27-27 TO 1/4 MILE OR LESS
LOWEST: 10 ON 25 3 = THUNDER
SNOW, ICE PELLETS, HAIL 4 = ICE PELLETS
TOTAL MONTH: M 5 = HAIL
GRTST 24HR M ON M 6 = FREEZING RAIN OR DRIZZLE
GRTST DEPTH: M ON M 7 = DUSTSTORM OR SANDSTORM:
VSBY 1/2 MILE OR LESS
8 = SMOKE OR HAZE
[NO. OF DAYS WITH] [WEATHER - DAYS WITH] 9 = BLOWING SNOW
X = TORNADO
MAX 32 OR BELOW: 4 0.01 INCH OR MORE: 8
MAX 90 OR ABOVE: 0 0.10 INCH OR MORE: 1
MIN 32 OR BELOW: 29 0.50 INCH OR MORE: 0
MIN 0 OR BELOW: 0 1.00 INCH OR MORE: 0
[HDD (BASE 65) ]
TOTAL THIS MO. 1023 CLEAR (SCALE 0-3) 13
DPTR FM NORMAL -78 PTCLDY (SCALE 4-7) 15
TOTAL FM JUL 1 3463 CLOUDY (SCALE 8-10) 3
DPTR FM NORMAL -203
[CDD (BASE 65) ]
TOTAL THIS MO. 0
DPTR FM NORMAL 0 [PRESSURE DATA]
TOTAL FM JAN 1 0 HIGHEST SLP 30.56 ON 14
DPTR FM NORMAL 0 LOWEST SLP 29.56 ON 29
[REMARKS]
#FINAL-01-21#