000
CXUS54 KSHV 011500
CF6TXK
PRELIMINARY LOCAL CLIMATOLOGICAL DATA (WS FORM: F-6)
STATION: TEXARKANA
MONTH: JUNE
YEAR: 2020
LATITUDE: 33 27 N
LONGITUDE: 94 0 W
TEMPERATURE IN F: :PCPN: SNOW: WIND :SUNSHINE: SKY :PK WND
================================================================================
1 2 3 4 5 6A 6B 7 8 9 10 11 12 13 14 15 16 17 18
12Z AVG MX 2MIN
DY MAX MIN AVG DEP HDD CDD WTR SNW DPTH SPD SPD DIR MIN PSBL S-S WX SPD DR
================================================================================
1 83 60 72 -4 0 7 0.00 0.0 0 3.2 9 20 M M 0 13 20
2 87 65 76 0 0 11 T 0.0 0 2.8 7 160 M M 1 10 120
3 90 69 80 4 0 15 0.00 0.0 0 6.0 12 240 M M 3 15 230
4 90 72 81 5 0 16 0.00 0.0 0 8.2 16 230 M M 2 22 200
5 93 74 84 8 0 19 0.00 0.0 0 6.6 14 230 M M 1 3 18 150
6 91 68 80 3 0 15 0.08 0.0 0 4.6 17 20 M M 2 13 23 20
7 91 71 81 4 0 16 0.00 0.0 0 6.6 16 50 M M 2 23 60
8 83 75 79 2 0 14 0.09 0.0 0 6.6 14 340 M M 3 20 340
9 93 71 82 5 0 17 0.23 0.0 0 12.7 28 250 M M 3 13 38 270
10 85 61 73 -5 0 8 0.00 0.0 0 10.4 22 300 M M 0 32 270
11 87 59 73 -5 0 8 0.00 0.0 0 2.6 12 20 M M 0 17 350
12 88 61 75 -3 0 10 0.00 0.0 0 3.2 10 60 M M 0 16 50
13 91 66 79 1 0 14 0.00 0.0 0 3.9 10 40 M M 0 14 40
14 91 65 78 0 0 13 0.00 0.0 0 3.3 10 160 M M 0 14 190
15 92 68 80 2 0 15 0.00 0.0 0 2.9 9 120 M M 1 13 50
16 91 68 80 1 0 15 0.00 0.0 0 3.6 6 99 M M 0 M M
17 89 66 78 -1 0 13 0.00 0.0 0 3.7 12 170 M M 1 14 60
18 91 71 81 2 0 16 0.00 0.0 0 7.7 13 140 M M 1 17 130
19 92 72 82 3 0 17 0.00 0.0 0 8.1 14 180 M M 1 8 19 170
20 89 73 81 2 0 16 0.02 0.0 0 9.5 24 240 M M 2 29 220
21 83 71 77 -3 0 12 0.04 0.0 0 6.7 18 10 M M 4 3 25 20
22 90 68 79 -1 0 14 0.61 0.0 0 7.9 25 290 M M 4 13 34 280
23 84 72 78 -2 0 13 T 0.0 0 4.1 12 210 M M 5 13 15 220
24 88 69 79 -1 0 14 0.00 0.0 0 4.3 14 40 M M 2 20 20
25 85 69 77 -3 0 12 T 0.0 0 5.2 14 140 M M 7 12 18 140
26 79 70 75 -5 0 10 1.08 0.0 0 7.5 26 200 M M 8 138 36 190
27 90 76 83 3 0 18 0.00 0.0 0 9.1 18 220 M M 5 1 24 210
28 90 75 83 2 0 18 0.05 0.0 0 9.3 20 230 M M 4 3 24 230
29 91 76 84 3 0 19 0.16 0.0 0 11.0 22 190 M M 3 1 29 170
30 92 78 85 4 0 20 0.00 0.0 0 10.9 21 200 M M 5 30 200
================================================================================
SM 2659 2079 0 425 2.36 0.0 192.2 M 70
================================================================================
AV 88.6 69.3 6.4 FASTST M M 2 MAX(MPH)
MISC ----> # 28 250 # 38 270
================================================================================
NOTES:
# LAST OF SEVERAL OCCURRENCES
COLUMN 17 PEAK WIND IN M.P.H.
PRELIMINARY LOCAL CLIMATOLOGICAL DATA (WS FORM: F-6) , PAGE 2
STATION: TEXARKANA
MONTH: JUNE
YEAR: 2020
LATITUDE: 33 27 N
LONGITUDE: 94 0 W
[TEMPERATURE DATA] [PRECIPITATION DATA] SYMBOLS USED IN COLUMN 16
AVERAGE MONTHLY: 79.0 TOTAL FOR MONTH: 2.36 1 = FOG OR MIST
DPTR FM NORMAL: 0.5 DPTR FM NORMAL: -2.09 2 = FOG REDUCING VISIBILITY
HIGHEST: 93 ON 9, 5 GRTST 24HR 1.08 ON 26-26 TO 1/4 MILE OR LESS
LOWEST: 59 ON 11 3 = THUNDER
SNOW, ICE PELLETS, HAIL 4 = ICE PELLETS
TOTAL MONTH: 0.0 INCH 5 = HAIL
GRTST 24HR 0.0 6 = FREEZING RAIN OR DRIZZLE
GRTST DEPTH: 0 7 = DUSTSTORM OR SANDSTORM:
VSBY 1/2 MILE OR LESS
8 = SMOKE OR HAZE
[NO. OF DAYS WITH] [WEATHER - DAYS WITH] 9 = BLOWING SNOW
X = TORNADO
MAX 32 OR BELOW: 0 0.01 INCH OR MORE: 9
MAX 90 OR ABOVE: 17 0.10 INCH OR MORE: 4
MIN 32 OR BELOW: 0 0.50 INCH OR MORE: 2
MIN 0 OR BELOW: 0 1.00 INCH OR MORE: 1
[HDD (BASE 65) ]
TOTAL THIS MO. 0 CLEAR (SCALE 0-3) 20
DPTR FM NORMAL 0 PTCLDY (SCALE 4-7) 10
TOTAL FM JUL 1 2337 CLOUDY (SCALE 8-10) 0
DPTR FM NORMAL -279
[CDD (BASE 65) ]
TOTAL THIS MO. 425
DPTR FM NORMAL 20 [PRESSURE DATA]
TOTAL FM JAN 1 723 HIGHEST SLP 30.30 ON 12
DPTR FM NORMAL -2 LOWEST SLP 29.53 ON 8
[REMARKS]
#FINAL-06-20#