000
CXUS54 KSHV 011300
CF6TXK
PRELIMINARY LOCAL CLIMATOLOGICAL DATA (WS FORM: F-6)
STATION: TEXARKANA
MONTH: OCTOBER
YEAR: 2023
LATITUDE: 33 27 N
LONGITUDE: 94 0 W
TEMPERATURE IN F: :PCPN: SNOW: WIND :SUNSHINE: SKY :PK WND
================================================================================
1 2 3 4 5 6A 6B 7 8 9 10 11 12 13 14 15 16 17 18
12Z AVG MX 2MIN
DY MAX MIN AVG DEP HDD CDD WTR SNW DPTH SPD SPD DIR MIN PSBL S-S WX SPD DR
================================================================================
1 90 64 77 7 0 12 0.00 0.0 0 4.8 13 60 M M 1 18 70
2 87 63 75 5 0 10 0.00 0.0 0 4.1 14 140 M M 1 18 110
3 87 63 75 5 0 10 0.00 0.0 0 6.0 14 140 M M 1 20 130
4 75 65 70 1 0 5 7.49 0.0 0 10.1 22 200 M M 9 123 31 140
5 77 64 71 2 0 6 0.70 0.0 0 5.3 16 100 M M 6 13 27 120
6 82 61 72 3 0 7 0.00 0.0 0 4.4 14 50 M M 2 12 23 40
7 68 51 60 -8 5 0 0.00 0.0 0 6.9 16 30 M M 2 23 40
8 73 47 60 -8 5 0 0.00 0.0 0 2.4 9 230 M M 0 12 310
9 84 54 69 1 0 4 0.00 0.0 0 7.0 14 250 M M 0 19 260
10 81 57 69 2 0 4 0.00 0.0 0 6.0 12 180 M M 0 14 170
11 70 57 64 -3 1 0 T 0.0 0 7.0 15 190 M M 3 20 180
12 67 56 62 -4 3 0 0.00 0.0 0 6.9 15 140 M M 10 19 140
13 79 59 69 3 0 4 0.00 0.0 0 7.9 16 200 M M 5 25 180
14 67 52 60 -6 5 0 0.00 0.0 0 10.1 20 300 M M 1 27 290
15 65 49 57 -8 8 0 0.00 0.0 0 9.7 20 320 M M 7 28 330
16 65 44 55 -10 10 0 0.00 0.0 0 6.4 16 300 M M 0 24 310
17 72 45 59 -5 6 0 0.00 0.0 0 1.8 9 260 M M 0 12 260
18 76 50 63 -1 2 0 0.00 0.0 0 7.2 16 210 M M 0 21 180
19 81 58 70 6 0 5 0.00 0.0 0 7.2 13 290 M M 0 18 270
20 87 53 70 7 0 5 0.00 0.0 0 3.8 13 320 M M 0 16 310
21 84 54 69 6 0 4 0.00 0.0 0 4.1 14 190 M M 0 18 200
22 79 57 68 6 0 3 0.00 0.0 0 5.4 10 70 M M 0 17 70
23 81 62 72 10 0 7 0.00 0.0 0 5.3 15 180 M M 0 20 180
24 82 65 74 12 0 9 0.00 0.0 0 9.6 20 140 M M 1 29 150
25 82 61 72 11 0 7 T 0.0 0 7.1 15 150 M M 5 1 22 40
26 74 66 70 9 0 5 0.91 0.0 0 8.5 18 160 M M 6 1 27 150
27 79 68 74 13 0 9 0.07 0.0 0 6.2 13 180 M M 9 1 17 180
28 80 71 76 16 0 11 0.41 0.0 0 5.1 12 180 M M 8 1 17 200
29 73 46 60 0 5 0 1.19 0.0 0 9.2 15 330 M M 9 1 20 310
30 52 42 47 -13 18 0 0.34 0.0 0 8.9 17 10 M M 5 1 27 30
31 59 34 47 -12 18 0 0.00 0.0 0 6.9 13 350 M M 0 19 340
================================================================================
SM 2358 1738 86 127 11.11 0.0 201.3 M 91
================================================================================
AV 76.1 56.1 6.5 FASTST M M 3 MAX(MPH)
MISC ----> 22 200 31 140
================================================================================
NOTES:
# LAST OF SEVERAL OCCURRENCES
COLUMN 17 PEAK WIND IN M.P.H.
PRELIMINARY LOCAL CLIMATOLOGICAL DATA (WS FORM: F-6) , PAGE 2
STATION: TEXARKANA
MONTH: OCTOBER
YEAR: 2023
LATITUDE: 33 27 N
LONGITUDE: 94 0 W
[TEMPERATURE DATA] [PRECIPITATION DATA] SYMBOLS USED IN COLUMN 16
AVERAGE MONTHLY: 66.1 TOTAL FOR MONTH: 11.11 1 = FOG OR MIST
DPTR FM NORMAL: 1.2 DPTR FM NORMAL: 6.60 2 = FOG REDUCING VISIBILITY
HIGHEST: 90 ON 1 GRTST 24HR 8.15 ON 4- 5 TO 1/4 MILE OR LESS
LOWEST: 34 ON 31 3 = THUNDER
SNOW, ICE PELLETS, HAIL 4 = ICE PELLETS
TOTAL MONTH: 0.0 INCH 5 = HAIL
GRTST 24HR 0.0 6 = FREEZING RAIN OR DRIZZLE
GRTST DEPTH: 0 7 = DUSTSTORM OR SANDSTORM:
VSBY 1/2 MILE OR LESS
8 = SMOKE OR HAZE
[NO. OF DAYS WITH] [WEATHER - DAYS WITH] 9 = BLOWING SNOW
X = TORNADO
MAX 32 OR BELOW: 0 0.01 INCH OR MORE: 7
MAX 90 OR ABOVE: 1 0.10 INCH OR MORE: 6
MIN 32 OR BELOW: 0 0.50 INCH OR MORE: 4
MIN 0 OR BELOW: 0 1.00 INCH OR MORE: 2
[HDD (BASE 65) ]
TOTAL THIS MO. 86 CLEAR (SCALE 0-3) 20
DPTR FM NORMAL -21 PTCLDY (SCALE 4-7) 6
TOTAL FM JUL 1 86 CLOUDY (SCALE 8-10) 5
DPTR FM NORMAL -28
[CDD (BASE 65) ]
TOTAL THIS MO. 127
DPTR FM NORMAL 25 [PRESSURE DATA]
TOTAL FM JAN 1 2944 HIGHEST SLP 30.44 ON 31
DPTR FM NORMAL 714 LOWEST SLP 29.70 ON 12
[REMARKS]
#FINAL-10-23#