000
CXUS56 KPQR 011155
CF6UAO
PRELIMINARY LOCAL CLIMATOLOGICAL DATA (WS FORM: F-6)
STATION: AURORA STATE OR
MONTH: APRIL
YEAR: 2022
LATITUDE: 45 15 N
LONGITUDE: 122 46 W
TEMPERATURE IN F: :PCPN: SNOW: WIND :SUNSHINE: SKY :PK WND
================================================================================
1 2 3 4 5 6A 6B 7 8 9 10 11 12 13 14 15 16 17 18
12Z AVG MX 2MIN
DY MAX MIN AVG DEP HDD CDD WTR SNW DPTH SPD SPD DIR MIN PSBL S-S WX SPD DR
================================================================================
1 59 38 49 -1 16 0 0.09 M M 3.2 9 240 M M 6 1 14 260
2 59 42 51 1 14 0 0.00 M M 3.4 10 160 M M 4 14 220
3 57 41 49 -1 16 0 0.23 M M 10.1 25 190 M M 7 1 38 190
4 55 40 48 -2 17 0 0.64 M M 13.3 28 190 M M 7 1 40 250
5 55 37 46 -4 19 0 T M M 6.4 14 220 M M 4 20 230
6 67 36 52 2 13 0 0.00 M M 7.2 14 360 M M 0 16 360
7 79 39 59 8 6 0 0.00 M M 3.2 14 220 M M 0 21 220
8 58 44 51 0 14 0 0.02 M M 8.6 17 260 M M 7 29 240
9 53 38 46 -5 19 0 0.05 M M 6.7 20 190 M M 8 27 200
10 46 38 42 -9 23 0 0.79 M M 6.5 15 250 M M 9 1 21 240
11 50 34 42 -9 23 0 0.47 M M 7.8 14 220 M M 8 1 20 210
12 45 37 41 -10 24 0 0.33 M M 8.6 20 180 M M 10 1 25 190
13 47 34 41 -11 24 0 0.29 M M 8.6 20 180 M M 7 1 26 170
14 49 31 40 -12 25 0 0.07 M M 4.0 18 180 M M 8 12 24 190
15 54 29 42 -10 23 0 0.00 M M 3.3 12 360 M M 5 12 14 350
16 52 35 44 -8 21 0 0.03 M M 6.8 22 240 M M 6 3 33 230
17 57 34 46 -6 19 0 0.00 M M 2.2 10 190 M M 5 12 190
18 52 43 48 -5 17 0 0.37 M M 4.9 25 200 M M 9 1 34 180
19 51 41 46 -7 19 0 0.44 M M 3.6 15 190 M M 9 1 23 180
20 53 38 46 -7 19 0 0.26 M M 5.6 18 170 M M 6 1 24 170
21 57 45 51 -2 14 0 0.03 M M 8.3 21 190 M M 8 1 30 200
22 61 38 50 -4 15 0 0.00 M M 2.7 14 240 M M 5 1 22 250
23 65 39 52 -2 13 0 0.00 M M 1.8 7 130 M M 1 1 10 230
24 69 38 54 0 11 0 0.00 M M 3.5 10 250 M M 0 1 15 220
25 56 48 52 -2 13 0 0.09 M M 6.3 12 170 M M 10 18 17 230
26 56 44 50 -4 15 0 0.12 M M 5.7 17 250 M M 7 8 24 260
27 57 43 50 -5 15 0 0.04 M M 3.7 14 260 M M 9 19 260
28 56 45 51 -4 14 0 0.04 M M 4.3 15 250 M M 9 20 250
29 61 45 53 -2 12 0 0.49 M M 5.0 15 180 M M 9 1 20 200
30 58 48 53 -3 12 0 0.29 M M 4.8 15 190 M M 9 18 18 250
================================================================================
SM 1694 1182 505 0 5.18 M 170.1 M 192
================================================================================
AV 56.5 39.4 5.7 FASTST M M 6 MAX(MPH)
MISC ----> 28 190 40 250
================================================================================
NOTES:
# LAST OF SEVERAL OCCURRENCES
COLUMN 17 PEAK WIND IN M.P.H.
PRELIMINARY LOCAL CLIMATOLOGICAL DATA (WS FORM: F-6) , PAGE 2
STATION: AURORA STATE OR
MONTH: APRIL
YEAR: 2022
LATITUDE: 45 15 N
LONGITUDE: 122 46 W
[TEMPERATURE DATA] [PRECIPITATION DATA] SYMBOLS USED IN COLUMN 16
AVERAGE MONTHLY: 47.9 TOTAL FOR MONTH: 5.18 1 = FOG OR MIST
DPTR FM NORMAL: -4.4 DPTR FM NORMAL: 1.81 2 = FOG REDUCING VISIBILITY
HIGHEST: 79 ON 7 GRTST 24HR 1.22 ON 10-11 TO 1/4 MILE OR LESS
LOWEST: 29 ON 15 3 = THUNDER
SNOW, ICE PELLETS, HAIL 4 = ICE PELLETS
TOTAL MONTH: M 5 = HAIL
GRTST 24HR M ON M 6 = FREEZING RAIN OR DRIZZLE
GRTST DEPTH: M ON M 7 = DUSTSTORM OR SANDSTORM:
VSBY 1/2 MILE OR LESS
8 = SMOKE OR HAZE
[NO. OF DAYS WITH] [WEATHER - DAYS WITH] 9 = BLOWING SNOW
X = TORNADO
MAX 32 OR BELOW: 0 0.01 INCH OR MORE: 21
MAX 90 OR ABOVE: 0 0.10 INCH OR MORE: 12
MIN 32 OR BELOW: 2 0.50 INCH OR MORE: 2
MIN 0 OR BELOW: 0 1.00 INCH OR MORE: 0
[HDD (BASE 65) ]
TOTAL THIS MO. 505 CLEAR (SCALE 0-3) 4
DPTR FM NORMAL 122 PTCLDY (SCALE 4-7) 16
TOTAL FM JUL 1 3941 CLOUDY (SCALE 8-10) 10
DPTR FM NORMAL 89
[CDD (BASE 65) ]
TOTAL THIS MO. 0
DPTR FM NORMAL -2 [PRESSURE DATA]
TOTAL FM JAN 1 0 HIGHEST SLP 30.48 ON 6
DPTR FM NORMAL -2 LOWEST SLP 29.37 ON 11
[REMARKS]
#FINAL-04-22#