000
CXUS53 KSGF 011510
CF6UNO
PRELIMINARY LOCAL CLIMATOLOGICAL DATA (WS FORM: F-6)
STATION: WEST PLAINS MO
MONTH: JANUARY
YEAR: 2021
LATITUDE: 36 52 N
LONGITUDE: 91 55 W
TEMPERATURE IN F: :PCPN: SNOW: WIND :SUNSHINE: SKY :PK WND
================================================================================
1 2 3 4 5 6A 6B 7 8 9 10 11 12 13 14 15 16 17 18
12Z AVG MX 2MIN
DY MAX MIN AVG DEP HDD CDD WTR SNW DPTH SPD SPD DIR MIN PSBL S-S WX SPD DR
================================================================================
1 40 33 37 3 28 0 0.59 M M 8.4 20 50 M M 10 16 27 60
2 34 30 32 -2 33 0 0.04 M M 4.6 10 290 M M 10 18 15 280
3 48 29 39 5 26 0 0.00 M M 5.7 12 260 M M 5 1 16 290
4 52 30 41 7 24 0 0.00 M M 4.9 16 320 M M 6 12 23 320
5 55 30 43 9 22 0 0.00 M M 4.4 12 350 M M 0 1 18 360
6 48 34 41 7 24 0 0.12 M M 8.8 17 130 M M 4 1 31 150
7 36 32 34 0 31 0 0.08 M M 10.6 18 60 M M 10 18 24 40
8 35 31 33 -1 32 0 0.00 M M 7.7 13 340 M M 10 20 350
9 33 30 32 -2 33 0 0.00 M M 5.6 13 20 M M 10 17 340
10 32 24 28 -6 37 0 0.00 M M 3.5 10 350 M M 7 16 350
11 37 22 30 -4 35 0 0.00 M M 4.7 13 340 M M 4 1 16 340
12 50 22 36 2 29 0 0.00 M M 6.4 14 260 M M 0 1 21 230
13 50 28 39 5 26 0 0.00 M M 6.7 15 230 M M 0 23 230
14 53 33 43 9 22 0 0.00 M M 9.9 24 310 M M 4 38 270
15 37 31 34 0 31 0 0.02 M M 13.4 24 270 M M 7 1 36 280
16 37 32 35 1 30 0 T M M 9.1 17 260 M M 10 29 290
17 47 28 38 4 27 0 0.00 M M 7.9 20 290 M M 6 28 290
18 50 25 38 4 27 0 0.00 M M 5.4 13 210 M M 4 19 220
19 50 32 41 7 24 0 0.00 M M 6.7 17 320 M M 1 22 330
20 48 23 36 2 29 0 0.00 M M 6.6 16 200 M M 3 24 180
21 56 34 45 11 20 0 0.00 M M 2.3 8 260 M M 2 M M
22 49 27 38 4 27 0 0.00 M M 8.4 18 30 M M 0 27 10
23 41 22 32 -2 33 0 0.00 M M 8.1 16 120 M M 5 23 110
24 51 36 44 10 21 0 0.31 M M 4.7 12 90 M M 10 18 18 90
25 48 42 45 11 20 0 2.92 M M 8.1 20 100 M M 9 13 31 100
26 44 31 38 4 27 0 0.00 M M 8.5 16 270 M M 9 22 270
27 34 28 31 -3 34 0 0.21 M M 7.9 16 340 M M 10 12 24 340
28 37 21 29 -6 36 0 0.00 M M 5.0 12 30 M M 3 18 20
29 47 26 37 2 28 0 0.00 M M 7.8 14 150 M M 0 18 150
30 53 39 46 11 19 0 0.69 M M 10.0 18 270 M M 9 13 30 280
31 50 33 42 7 23 0 0.00 M M 15.6 24 320 M M 10 1 38 340
================================================================================
SM 1382 918 858 0 4.98 M 227.4 M 178
================================================================================
AV 44.6 29.6 7.3 FASTST M M 6 MAX(MPH)
MISC ----> # 24 310 # 38 270
================================================================================
NOTES:
# LAST OF SEVERAL OCCURRENCES
COLUMN 17 PEAK WIND IN M.P.H.
PRELIMINARY LOCAL CLIMATOLOGICAL DATA (WS FORM: F-6) , PAGE 2
STATION: WEST PLAINS MO
MONTH: JANUARY
YEAR: 2021
LATITUDE: 36 52 N
LONGITUDE: 91 55 W
[TEMPERATURE DATA] [PRECIPITATION DATA] SYMBOLS USED IN COLUMN 16
AVERAGE MONTHLY: 37.1 TOTAL FOR MONTH: 4.98 1 = FOG OR MIST
DPTR FM NORMAL: 3.1 DPTR FM NORMAL: 2.26 2 = FOG REDUCING VISIBILITY
HIGHEST: 56 ON 21 GRTST 24HR 2.92 ON 25-25 TO 1/4 MILE OR LESS
LOWEST: 21 ON 28 3 = THUNDER
SNOW, ICE PELLETS, HAIL 4 = ICE PELLETS
TOTAL MONTH: M 5 = HAIL
GRTST 24HR M ON M 6 = FREEZING RAIN OR DRIZZLE
GRTST DEPTH: M ON M 7 = DUSTSTORM OR SANDSTORM:
VSBY 1/2 MILE OR LESS
8 = SMOKE OR HAZE
[NO. OF DAYS WITH] [WEATHER - DAYS WITH] 9 = BLOWING SNOW
X = TORNADO
MAX 32 OR BELOW: 1 0.01 INCH OR MORE: 9
MAX 90 OR ABOVE: 0 0.10 INCH OR MORE: 6
MIN 32 OR BELOW: 23 0.50 INCH OR MORE: 3
MIN 0 OR BELOW: 0 1.00 INCH OR MORE: 1
[HDD (BASE 65) ]
TOTAL THIS MO. 858 CLEAR (SCALE 0-3) 7
DPTR FM NORMAL -101 PTCLDY (SCALE 4-7) 12
TOTAL FM JUL 1 2398 CLOUDY (SCALE 8-10) 12
DPTR FM NORMAL -304
[CDD (BASE 65) ]
TOTAL THIS MO. 0
DPTR FM NORMAL 0 [PRESSURE DATA]
TOTAL FM JAN 1 0 HIGHEST SLP 30.69 ON 28
DPTR FM NORMAL 0 LOWEST SLP 29.53 ON 25
[REMARKS]
#FINAL-01-21#