000
CXUS53 KUNR 010930
CF6UNR
PRELIMINARY LOCAL CLIMATOLOGICAL DATA (WS FORM: F-6)
STATION: EAST RAPID CITY SD
MONTH: AUGUST
YEAR: 2023
LATITUDE: 44 4 N
LONGITUDE: 103 13 W
TEMPERATURE IN F: :PCPN: SNOW: WIND :SUNSHINE: SKY :PK WND
================================================================================
1 2 3 4 5 6A 6B 7 8 9 10 11 12 13 14 15 16 17 18
12Z AVG MX 2MIN
DY MAX MIN AVG DEP HDD CDD WTR SNW DPTH SPD SPD DIR MIN PSBL S-S WX SPD DR
================================================================================
1 89 70 80 6 0 15 T 0.0 0 7.2 23 200 M M M 33 190
2 94 65 80 6 0 15 0.00 0.0 0 5.3 24 120 M M M 33 120
3 85 65 75 1 0 10 0.31 0.0 0 4.0 23 200 M M M 3 33 200
4 74 63 69 -5 0 4 0.12 0.0 0 4.4 13 340 M M M 3 17 340
5 65 56 61 -12 4 0 0.21 0.0 0 14.1 28 330 M M M 38 330
6 76 61 69 -4 0 4 0.00 0.0 0 8.7 17 10 M M M 25 330
7 68 56 62 -11 3 0 0.31 0.0 0 3.2 10 180 M M M 21 170
8 77 53 65 -8 0 0 T 0.0 0 3.3 10 290 M M M 15 200
9 83 59 71 -2 0 6 0.00 0.0 0 4.0 12 150 M M M 17 160
10 84 60 72 -1 0 7 0.00 0.0 0 6.6 31 330 M M M 51 330
11 82 65 74 1 0 9 0.00 0.0 0 8.9 25 10 M M M 36 360
12 84 60 72 -1 0 7 0.59 0.0 0 4.9 20 350 M M M 35 28 350
13 70 58 64 -8 1 0 0.12 0.0 0 14.1 33 330 M M M 3 49 320
14 78 57 68 -4 0 3 0.00 0.0 0 6.5 16 10 M M M 24 10
15 92 56 74 2 0 9 0.00 0.0 0 4.1 10 190 M M M 18 160
16 94 69 82 10 0 17 0.00 0.0 0 12.5 28 360 M M M 44 360
17 86 60 73 1 0 8 0.00 0.0 0 7.1 21 140 M M M 33 160
18 101 64 83 11 0 18 0.00 0.0 0 6.5 14 30 M M M 26 260
19 85 65 75 4 0 10 0.00 0.0 0 10.4 25 340 M M M 36 10
20 70 60 65 -6 0 0 0.00 0.0 0 5.1 13 130 M M M 17 130
21 89 63 76 5 0 11 0.00 0.0 0 5.0 10 120 M M M 14 100
22 99 64 82 11 0 17 0.00 0.0 0 5.3 14 120 M M M 28 260
23 95 72 84 14 0 19 0.00 0.0 0 6.0 21 40 M M M 28 40
24 90 71 81 11 0 16 0.01 0.0 0 6.3 33 340 M M M 3 51 350
25 80 62 71 1 0 6 0.00 0.0 0 6.9 17 340 M M M 25 340
26 86 57 72 2 0 7 0.00 0.0 0 6.6 20 150 M M M 32 160
27 87 60 74 4 0 9 T 0.0 0 6.1 15 340 M M M 3 22 10
28 88 65 77 8 0 12 0.00 0.0 0 8.1 21 10 M M M 29 340
29 89 65 77 8 0 12 0.00 0.0 0 6.0 15 20 M M M 20 360
30 101 54 78 9 0 13 0.00 0.0 0 8.5 26 300 M M M 44 330
31 88 64 76 8 0 11 0.00 0.0 0 7.2 17 300 M M M 23 110
================================================================================
SM 2629 1919 8 275 1.67 0.0 212.9 M M
================================================================================
AV 84.8 61.9 6.9 FASTST M M M MAX(MPH)
MISC ----> # 33 330 # 51 330
================================================================================
NOTES:
# LAST OF SEVERAL OCCURRENCES
COLUMN 17 PEAK WIND IN M.P.H.
PRELIMINARY LOCAL CLIMATOLOGICAL DATA (WS FORM: F-6) , PAGE 2
STATION: EAST RAPID CITY SD
MONTH: AUGUST
YEAR: 2023
LATITUDE: 44 4 N
LONGITUDE: 103 13 W
[TEMPERATURE DATA] [PRECIPITATION DATA] SYMBOLS USED IN COLUMN 16
AVERAGE MONTHLY: 73.4 TOTAL FOR MONTH: 1.67 1 = FOG OR MIST
DPTR FM NORMAL: 1.8 DPTR FM NORMAL: -0.50 2 = FOG REDUCING VISIBILITY
HIGHEST: 101 ON 30,18 GRTST 24HR 0.59 ON 12-12 TO 1/4 MILE OR LESS
LOWEST: 53 ON 8 3 = THUNDER
SNOW, ICE PELLETS, HAIL 4 = ICE PELLETS
TOTAL MONTH: 0.0 INCH 5 = HAIL
GRTST 24HR 0.0 6 = FREEZING RAIN OR DRIZZLE
GRTST DEPTH: 0 7 = DUSTSTORM OR SANDSTORM:
VSBY 1/2 MILE OR LESS
8 = SMOKE OR HAZE
[NO. OF DAYS WITH] [WEATHER - DAYS WITH] 9 = BLOWING SNOW
X = TORNADO
MAX 32 OR BELOW: 0 0.01 INCH OR MORE: 7
MAX 90 OR ABOVE: 8 0.10 INCH OR MORE: 6
MIN 32 OR BELOW: 0 0.50 INCH OR MORE: 1
MIN 0 OR BELOW: 0 1.00 INCH OR MORE: 0
[HDD (BASE 65) ]
TOTAL THIS MO. 8 CLEAR (SCALE 0-3) 0
DPTR FM NORMAL -10 PTCLDY (SCALE 4-7) 0
TOTAL FM JUL 1 25 CLOUDY (SCALE 8-10) 31
DPTR FM NORMAL 0
[CDD (BASE 65) ]
TOTAL THIS MO. 275
DPTR FM NORMAL 51 [PRESSURE DATA]
TOTAL FM JAN 1 663 HIGHEST SLP M ON M
DPTR FM NORMAL 69 LOWEST SLP 26.49 ON 18
[REMARKS]
#FINAL-08-23#