000
CXUS54 KHGX 011510
CF6UTS
PRELIMINARY LOCAL CLIMATOLOGICAL DATA (WS FORM: F-6)
STATION: HUNTSVILLE
MONTH: NOVEMBER
YEAR: 2023
LATITUDE: 30 45 N
LONGITUDE: 95 35 W
TEMPERATURE IN F: :PCPN: SNOW: WIND :SUNSHINE: SKY :PK WND
================================================================================
1 2 3 4 5 6A 6B 7 8 9 10 11 12 13 14 15 16 17 18
12Z AVG MX 2MIN
DY MAX MIN AVG DEP HDD CDD WTR SNW DPTH SPD SPD DIR MIN PSBL S-S WX SPD DR
================================================================================
1 59 35 47 -17 18 0 0.00 0.0 0 4.3 10 360 M M 0 16 20
2 65 37 51 -13 14 0 0.00 0.0 0 3.7 13 130 M M 2 19 120
3 73 42 58 -5 7 0 0.00 0.0 0 5.4 12 160 M M 1 16 140
4 79 59 69 6 0 4 0.00 0.0 0 6.2 12 150 M M 2 17 140
5 80 60 70 7 0 5 0.00 0.0 0 5.5 12 210 M M 2 16 190
6 81 64 73 11 0 8 0.00 0.0 0 7.4 15 210 M M 1 21 210
7 85 66 76 14 0 11 0.00 0.0 0 9.2 17 180 M M 1 1 27 190
8 83 68 76 14 0 11 0.00 0.0 0 8.6 16 180 M M 3 24 170
9 81 61 71 10 0 6 0.70 0.0 0 5.0 15 350 M M 5 13 20 180
10 61 54 58 -3 7 0 0.37 0.0 0 10.3 17 30 M M 10 1 23 30
11 59 53 56 -5 9 0 0.00 0.0 0 6.6 13 360 M M 10 1 16 40
12 65 56 61 1 4 0 0.10 0.0 0 6.8 15 360 M M 9 1 19 10
13 63 55 59 -1 6 0 0.32 0.0 0 7.9 14 30 M M 9 1 19 30
14 67 55 61 1 4 0 0.00 0.0 0 4.0 10 60 M M 8 1 15 40
15 73 49 61 1 4 0 0.00 0.0 0 5.5 16 10 M M 3 1 22 40
16 64 57 61 2 4 0 T 0.0 0 2.9 10 210 M M 10 1 14 220
17 75 57 66 7 0 1 0.00 0.0 0 6.0 12 340 M M 6 1 17 230
18 73 55 64 5 1 0 0.00 0.0 0 4.5 10 40 M M 5 1 15 10
19 70 53 62 4 3 0 0.00 0.0 0 8.0 20 150 M M 4 27 160
20 78 62 70 12 0 5 0.32 0.0 0 8.2 18 230 M M 6 1 34 240
21 62 48 55 -3 10 0 0.00 0.0 0 11.2 22 350 M M 6 36 350
22 60 39 50 -8 15 0 0.00 0.0 0 5.4 14 10 M M 0 19 300
23 54 39 47 -10 18 0 0.03 0.0 0 3.1 10 180 M M 5 16 160
24 65 41 53 -4 12 0 0.00 0.0 0 3.7 13 30 M M 0 1 18 50
25 65 39 52 -5 13 0 0.00 0.0 0 3.7 13 80 M M 4 19 70
26 55 38 47 -9 18 0 T 0.0 0 8.9 22 10 M M 5 29 350
27 56 34 45 -11 20 0 0.00 0.0 0 4.7 15 10 M M 0 19 10
28 62 43 53 -3 12 0 0.00 0.0 0 3.6 9 90 M M 3 14 100
29 63 41 52 -4 13 0 0.00 0.0 0 5.8 15 150 M M 5 23 150
30 69 57 63 7 2 0 0.19 0.0 0 11.2 23 160 M M 10 1 32 170
================================================================================
SM 2045 1517 214 51 2.03 0.0 187.3 M 135
================================================================================
AV 68.2 50.6 6.2 FASTST M M 5 MAX(MPH)
MISC ----> 23 160 36 350
================================================================================
NOTES:
# LAST OF SEVERAL OCCURRENCES
COLUMN 17 PEAK WIND IN M.P.H.
PRELIMINARY LOCAL CLIMATOLOGICAL DATA (WS FORM: F-6) , PAGE 2
STATION: HUNTSVILLE
MONTH: NOVEMBER
YEAR: 2023
LATITUDE: 30 45 N
LONGITUDE: 95 35 W
[TEMPERATURE DATA] [PRECIPITATION DATA] SYMBOLS USED IN COLUMN 16
AVERAGE MONTHLY: 59.4 TOTAL FOR MONTH: 2.03 1 = FOG OR MIST
DPTR FM NORMAL: -0.1 DPTR FM NORMAL: -2.22 2 = FOG REDUCING VISIBILITY
HIGHEST: 85 ON 7 GRTST 24HR 1.07 ON 9-10 TO 1/4 MILE OR LESS
LOWEST: 34 ON 27 3 = THUNDER
SNOW, ICE PELLETS, HAIL 4 = ICE PELLETS
TOTAL MONTH: 0.0 INCH 5 = HAIL
GRTST 24HR 0.0 6 = FREEZING RAIN OR DRIZZLE
GRTST DEPTH: 0 7 = DUSTSTORM OR SANDSTORM:
VSBY 1/2 MILE OR LESS
8 = SMOKE OR HAZE
[NO. OF DAYS WITH] [WEATHER - DAYS WITH] 9 = BLOWING SNOW
X = TORNADO
MAX 32 OR BELOW: 0 0.01 INCH OR MORE: 7
MAX 90 OR ABOVE: 0 0.10 INCH OR MORE: 6
MIN 32 OR BELOW: 0 0.50 INCH OR MORE: 1
MIN 0 OR BELOW: 0 1.00 INCH OR MORE: 0
[HDD (BASE 65) ]
TOTAL THIS MO. 214 CLEAR (SCALE 0-3) 11
DPTR FM NORMAL -1 PTCLDY (SCALE 4-7) 13
TOTAL FM JUL 1 267 CLOUDY (SCALE 8-10) 6
DPTR FM NORMAL 5
[CDD (BASE 65) ]
TOTAL THIS MO. 51
DPTR FM NORMAL 0 [PRESSURE DATA]
TOTAL FM JAN 1 3958 HIGHEST SLP 30.49 ON 1
DPTR FM NORMAL 962 LOWEST SLP 29.67 ON 20
[REMARKS]
#FINAL-11-23#