314
CXUS54 KCRP 012213
CF6VCT
PRELIMINARY LOCAL CLIMATOLOGICAL DATA (WS FORM: F-6)
STATION: VICTORIA
MONTH: AUGUST
YEAR: 2020
LATITUDE: 28 51 N
LONGITUDE: 96 55 W
TEMPERATURE IN F: :PCPN: SNOW: WIND :SUNSHINE: SKY :PK WND
================================================================================
1 2 3 4 5 6A 6B 7 8 9 10 11 12 13 14 15 16 17 18
12Z AVG MX 2MIN
DY MAX MIN AVG DEP HDD CDD WTR SNW DPTH SPD SPD DIR MIN PSBL S-S WX SPD DR
================================================================================
1 93 74 84 0 0 19 0.00 0.0 0 5.7 18 120 M M 1 138 23 120
2 98 73 86 1 0 21 1.00 0.0 0 5.0 51 210 M M 2 138 76 220
3 98 73 86 1 0 21 0.00 0.0 0 3.8 12 160 M M 2 18 15 160
4 96 77 87 2 0 22 0.00 0.0 0 5.3 15 150 M M 1 17 150
5 95 76 86 1 0 21 0.00 0.0 0 7.5 17 150 M M 1 23 150
6 95 74 85 0 0 20 0.00 0.0 0 7.5 18 130 M M 1 1 24 130
7 94 75 85 0 0 20 0.00 0.0 0 8.8 18 120 M M 2 1 22 140
8 93 74 84 -1 0 19 0.14 0.0 0 7.4 20 170 M M 2 18 23 100
9 95 77 86 1 0 21 0.00 0.0 0 9.4 23 150 M M 1 1 28 140
10 96 76 86 1 0 21 0.00 0.0 0 9.1 20 160 M M 1 1 26 150
11 97 77 87 2 0 22 T 0.0 0 9.2 23 160 M M 2 18 27 160
12 97 75 86 1 0 21 0.00 0.0 0 9.0 18 160 M M 1 1 23 140
13 98 77 88 3 0 23 0.00 0.0 0 8.3 18 170 M M 1 1 22 160
14 98 77 88 3 0 23 0.00 0.0 0 8.6 21 160 M M 1 1 24 160
15 99 77 88 3 0 23 0.00 0.0 0 8.4 18 160 M M 0 23 160
16 100 74 87 2 0 22 0.00 0.0 0 5.4 16 170 M M 1 12 19 170
17 97 75 86 1 0 21 0.00 0.0 0 5.4 21 10 M M 1 26 10
18 101 75 88 4 0 23 0.00 0.0 0 6.5 25 300 M M 2 3 31 300
19 104 72 88 4 0 23 0.00 0.0 0 5.1 15 340 M M 1 1 20 330
20 102 73 88 4 0 23 T 0.0 0 6.4 24 130 M M 1 1 29 130
21 96 76 86 2 0 21 0.00 0.0 0 8.8 26 160 M M 2 13 31 160
22 86 71 79 -5 0 14 0.01 0.0 0 6.1 26 340 M M 1 13 33 330
23 97 69 83 -1 0 18 0.00 0.0 0 7.0 23 120 M M 1 1 27 120
24 96 71 84 0 0 19 0.00 0.0 0 7.9 20 100 M M 1 1 29 120
25 101 72 87 3 0 22 0.00 0.0 0 7.3 16 10 M M 2 1 22 80
26 95 77 86 2 0 21 0.16 0.0 0 8.0 16 30 M M 5 13 21 30
27 98 75 87 3 0 22 0.03 0.0 0 7.8 24 150 M M 1 3 30 150
28 100 81 91 7 0 26 0.00 0.0 0 11.8 23 150 M M 1 18 28 140
29 100 78 89 5 0 24 0.00 0.0 0 8.3 20 170 M M 2 1 25 170
30 100 76 88 5 0 23 0.00 0.0 0 8.2 23 150 M M 3 18 27 150
31 98 79 89 6 0 24 0.28 0.0 0 14.0 28 210 M M 5 18 36 210
================================================================================
SM 3013 2326 0 663 1.62 0.0 237.0 M 49
================================================================================
AV 97.2 75.0 7.6 FASTST M M 2 MAX(MPH)
MISC ----> # 51 210 # 76 220
================================================================================
NOTES:
# LAST OF SEVERAL OCCURRENCES
COLUMN 17 PEAK WIND IN M.P.H.
PRELIMINARY LOCAL CLIMATOLOGICAL DATA (WS FORM: F-6) , PAGE 2
STATION: VICTORIA
MONTH: AUGUST
YEAR: 2020
LATITUDE: 28 51 N
LONGITUDE: 96 55 W
[TEMPERATURE DATA] [PRECIPITATION DATA] SYMBOLS USED IN COLUMN 16
AVERAGE MONTHLY: 86.1 TOTAL FOR MONTH: 1.62 1 = FOG OR MIST
DPTR FM NORMAL: 1.8 DPTR FM NORMAL: -1.23 2 = FOG REDUCING VISIBILITY
HIGHEST: 104 ON 19 GRTST 24HR 1.00 ON 2- 2 TO 1/4 MILE OR LESS
LOWEST: 69 ON 23 3 = THUNDER
SNOW, ICE PELLETS, HAIL 4 = ICE PELLETS
TOTAL MONTH: 0.0 INCH 5 = HAIL
GRTST 24HR 0.0 6 = FREEZING RAIN OR DRIZZLE
GRTST DEPTH: 0 7 = DUSTSTORM OR SANDSTORM:
VSBY 1/2 MILE OR LESS
8 = SMOKE OR HAZE
[NO. OF DAYS WITH] [WEATHER - DAYS WITH] 9 = BLOWING SNOW
X = TORNADO
MAX 32 OR BELOW: 0 0.01 INCH OR MORE: 6
MAX 90 OR ABOVE: 30 0.10 INCH OR MORE: 4
MIN 32 OR BELOW: 0 0.50 INCH OR MORE: 1
MIN 0 OR BELOW: 0 1.00 INCH OR MORE: 1
[HDD (BASE 65) ]
TOTAL THIS MO. 0 CLEAR (SCALE 0-3) 29
DPTR FM NORMAL 0 PTCLDY (SCALE 4-7) 2
TOTAL FM JUL 1 0 CLOUDY (SCALE 8-10) 0
DPTR FM NORMAL 0
[CDD (BASE 65) ]
TOTAL THIS MO. 663
DPTR FM NORMAL 63 [PRESSURE DATA]
TOTAL FM JAN 1 2958 HIGHEST SLP 30.10 ON 17
DPTR FM NORMAL 605 LOWEST SLP 29.68 ON 26
[REMARKS]
#FINAL-08-20#