000
CXUS54 KCRP 011300
CF6VCT
PRELIMINARY LOCAL CLIMATOLOGICAL DATA (WS FORM: F-6)
STATION: VICTORIA
MONTH: MAY
YEAR: 2020
LATITUDE: 28 51 N
LONGITUDE: 96 55 W
TEMPERATURE IN F: :PCPN: SNOW: WIND :SUNSHINE: SKY :PK WND
================================================================================
1 2 3 4 5 6A 6B 7 8 9 10 11 12 13 14 15 16 17 18
12Z AVG MX 2MIN
DY MAX MIN AVG DEP HDD CDD WTR SNW DPTH SPD SPD DIR MIN PSBL S-S WX SPD DR
================================================================================
1 88 59 74 0 0 9 0.00 0.0 0 10.7 22 180 M M 0 29 150
2 89 62 76 2 0 11 0.00 0.0 0 11.7 23 170 M M 4 1 28 150
3 91 70 81 7 0 16 0.00 0.0 0 10.9 18 150 M M 3 26 160
4 92 73 83 9 0 18 0.00 0.0 0 12.5 23 170 M M 5 1 27 160
5 96 74 85 11 0 20 0.66 0.0 0 9.1 17 180 M M 9 13 24 350
6 88 63 76 1 0 11 0.00 0.0 0 10.4 20 130 M M 5 24 120
7 89 59 74 -1 0 9 0.00 0.0 0 14.0 29 140 M M 6 33 150
8 98 71 85 10 0 20 0.00 0.0 0 15.3 29 180 M M 7 38 38 180
9 77 61 69 -6 0 4 0.00 0.0 0 10.0 23 50 M M 5 30 30
10 87 57 72 -4 0 7 0.00 0.0 0 6.9 14 130 M M 0 17 40
11 87 61 74 -2 0 9 0.00 0.0 0 11.6 23 130 M M 3 18 28 140
12 89 68 79 3 0 14 1.18 0.0 0 15.9 31 160 M M 6 138 37 160
13 90 67 79 3 0 14 0.00 0.0 0 11.4 22 120 M M 5 18 28 130
14 95 71 83 7 0 18 T 0.0 0 8.4 23 160 M M 4 138 28 160
15 91 71 81 4 0 16 T 0.0 0 11.8 23 70 M M 8 1 30 70
16 85 65 75 -2 0 10 1.05 0.0 0 5.6 40 300 M M 5 13 53 300
17 91 66 79 2 0 14 0.00 0.0 0 5.2 15 320 M M 0 22 340
18 94 66 80 3 0 15 0.00 0.0 0 6.9 18 160 M M 0 12 21 160
19 94 70 82 4 0 17 0.00 0.0 0 10.0 18 150 M M 3 12 24 150
20 94 76 85 7 0 20 0.00 0.0 0 12.3 21 150 M M 7 18 26 160
21 91 75 83 5 0 18 0.00 0.0 0 13.6 23 150 M M 5 1 29 160
22 93 77 85 7 0 20 0.00 0.0 0 12.8 23 160 M M 7 1 28 140
23 93 78 86 8 0 21 0.00 0.0 0 13.5 23 130 M M 6 1 27 130
24 93 66 80 1 0 15 0.93 0.0 0 13.2 33 280 M M 5 13 39 290
25 86 66 76 -3 0 11 0.55 0.0 0 8.1 22 320 M M 6 138 27 320
26 88 68 78 -1 0 13 0.41 0.0 0 7.0 24 120 M M 4 138 35 320
27 92 70 81 2 0 16 0.06 0.0 0 11.6 30 160 M M 1 3 35 160
28 96 69 83 4 0 18 T 0.0 0 6.2 29 160 M M 3 3 35 170
29 90 71 81 1 0 16 0.00 0.0 0 7.4 15 360 M M 2 1 21 350
30 89 70 80 0 0 15 0.04 0.0 0 7.1 16 140 M M 4 1 21 130
31 81 72 77 -3 0 12 0.08 0.0 0 7.6 15 110 M M 4 1 19 100
================================================================================
SM 2797 2112 0 447 4.96 0.0 318.7 M 132
================================================================================
AV 90.2 68.1 10.3 FASTST M M 4 MAX(MPH)
MISC ----> # 40 300 # 53 300
================================================================================
NOTES:
# LAST OF SEVERAL OCCURRENCES
COLUMN 17 PEAK WIND IN M.P.H.
PRELIMINARY LOCAL CLIMATOLOGICAL DATA (WS FORM: F-6) , PAGE 2
STATION: VICTORIA
MONTH: MAY
YEAR: 2020
LATITUDE: 28 51 N
LONGITUDE: 96 55 W
[TEMPERATURE DATA] [PRECIPITATION DATA] SYMBOLS USED IN COLUMN 16
AVERAGE MONTHLY: 79.2 TOTAL FOR MONTH: 4.96 1 = FOG OR MIST
DPTR FM NORMAL: 2.3 DPTR FM NORMAL: -0.23 2 = FOG REDUCING VISIBILITY
HIGHEST: 98 ON 8 GRTST 24HR 1.18 ON 12-12 TO 1/4 MILE OR LESS
LOWEST: 57 ON 10 3 = THUNDER
SNOW, ICE PELLETS, HAIL 4 = ICE PELLETS
TOTAL MONTH: 0.0 INCH 5 = HAIL
GRTST 24HR 0.0 6 = FREEZING RAIN OR DRIZZLE
GRTST DEPTH: 0 7 = DUSTSTORM OR SANDSTORM:
VSBY 1/2 MILE OR LESS
8 = SMOKE OR HAZE
[NO. OF DAYS WITH] [WEATHER - DAYS WITH] 9 = BLOWING SNOW
X = TORNADO
MAX 32 OR BELOW: 0 0.01 INCH OR MORE: 9
MAX 90 OR ABOVE: 18 0.10 INCH OR MORE: 6
MIN 32 OR BELOW: 0 0.50 INCH OR MORE: 5
MIN 0 OR BELOW: 0 1.00 INCH OR MORE: 2
[HDD (BASE 65) ]
TOTAL THIS MO. 0 CLEAR (SCALE 0-3) 8
DPTR FM NORMAL -1 PTCLDY (SCALE 4-7) 22
TOTAL FM JUL 1 915 CLOUDY (SCALE 8-10) 1
DPTR FM NORMAL -334
[CDD (BASE 65) ]
TOTAL THIS MO. 447
DPTR FM NORMAL 77 [PRESSURE DATA]
TOTAL FM JAN 1 1045 HIGHEST SLP 30.22 ON 10
DPTR FM NORMAL 386 LOWEST SLP 29.64 ON 25
[REMARKS]
#FINAL-05-20#