000
CXUS55 KVEF 011010
CF6VGT
PRELIMINARY LOCAL CLIMATOLOGICAL DATA (WS FORM: F-6)
STATION: NORTH_LAS_VEGAS NV
MONTH: FEBRUARY
YEAR: 2023
LATITUDE: 36 12 N
LONGITUDE: 115 12 W
TEMPERATURE IN F: :PCPN: SNOW: WIND :SUNSHINE: SKY :PK WND
================================================================================
1 2 3 4 5 6A 6B 7 8 9 10 11 12 13 14 15 16 17 18
12Z AVG MX 2MIN
DY MAX MIN AVG DEP HDD CDD WTR SNW DPTH SPD SPD DIR MIN PSBL S-S WX SPD DR
================================================================================
1 56 32 44 -6 21 0 0.00 M M 4.6 14 290 M M 0 18 290
2 60 34 47 -3 18 0 0.00 M M 3.2 9 310 M M 0 11 90
3 62 39 51 0 14 0 0.00 M M 4.4 12 80 M M 0 17 80
4 63 39 51 0 14 0 0.00 M M 3.0 9 90 M M 0 13 110
5 66 42 54 3 11 0 0.00 M M 10.3 30 250 M M 2 45 270
6 61 48 55 4 10 0 0.00 M M 17.6 31 320 M M 1 50 310
7 62 44 53 2 12 0 0.00 M M 10.5 23 340 M M 0 32 310
8 65 41 53 2 12 0 0.00 M M 3.4 10 320 M M 0 12 330
9 60 42 51 0 14 0 0.00 M M 7.0 20 80 M M 0 26 80
10 60 35 48 -4 17 0 0.00 M M 3.9 13 130 M M 0 19 110
11 63 43 53 1 12 0 0.00 M M 5.9 16 130 M M 0 21 130
12 68 42 55 3 10 0 0.00 M M 7.9 21 330 M M 0 31 340
13 66 46 56 4 9 0 0.00 M M 5.2 20 320 M M 0 27 320
14 56 37 47 -5 18 0 0.02 M M 13.6 43 320 M M 3 63 320
15 55 36 46 -6 19 0 0.00 M M 15.4 31 320 M M 0 8 42 310
16 51 33 42 -11 23 0 0.00 M M 6.5 16 350 M M 0 23 350
17 57 37 47 -6 18 0 0.00 M M 4.5 9 180 M M 0 11 120
18 62 35 49 -4 16 0 0.00 M M 4.1 10 130 M M 0 14 110
19 67 40 54 1 11 0 0.00 M M 3.5 12 320 M M 0 13 320
20 70 43 57 3 8 0 0.00 M M 3.4 12 310 M M 0 15 320
21 72 43 58 4 7 0 T M M 13.1 40 230 M M 2 78 56 220
22 52 39 46 -8 19 0 T M M 11.6 36 330 M M 4 7 49 340
23 50 37 44 -10 21 0 0.00 M M 12.9 26 190 M M 3 37 230
24 50 35 43 -11 22 0 0.00 M M 8.4 18 170 M M 6 23 200
25 63 41 52 -3 13 0 0.28 M M 10.9 24 220 M M 8 1 35 150
26 53 35 44 -11 21 0 T M M 6.9 18 200 M M 2 25 190
27 60 39 50 -5 15 0 0.00 M M 16.7 35 220 M M 2 46 210
28 56 43 50 -6 15 0 0.00 M M 10.6 31 220 M M 4 43 220
================================================================================
SM 1686 1100 420 0 0.30 M 229.0 M 37
================================================================================
AV 60.2 39.3 8.2 FASTST M M 1 MAX(MPH)
MISC ----> 43 320 63 320
================================================================================
NOTES:
# LAST OF SEVERAL OCCURRENCES
COLUMN 17 PEAK WIND IN M.P.H.
PRELIMINARY LOCAL CLIMATOLOGICAL DATA (WS FORM: F-6) , PAGE 2
STATION: NORTH_LAS_VEGAS NV
MONTH: FEBRUARY
YEAR: 2023
LATITUDE: 36 12 N
LONGITUDE: 115 12 W
[TEMPERATURE DATA] [PRECIPITATION DATA] SYMBOLS USED IN COLUMN 16
AVERAGE MONTHLY: 49.8 TOTAL FOR MONTH: 0.30 1 = FOG OR MIST
DPTR FM NORMAL: -2.7 DPTR FM NORMAL: -0.52 2 = FOG REDUCING VISIBILITY
HIGHEST: 72 ON 21 GRTST 24HR 0.28 ON 25-25 TO 1/4 MILE OR LESS
LOWEST: 32 ON 1 3 = THUNDER
SNOW, ICE PELLETS, HAIL 4 = ICE PELLETS
TOTAL MONTH: M 5 = HAIL
GRTST 24HR M ON M 6 = FREEZING RAIN OR DRIZZLE
GRTST DEPTH: M ON M 7 = DUSTSTORM OR SANDSTORM:
VSBY 1/2 MILE OR LESS
8 = SMOKE OR HAZE
[NO. OF DAYS WITH] [WEATHER - DAYS WITH] 9 = BLOWING SNOW
X = TORNADO
MAX 32 OR BELOW: 0 0.01 INCH OR MORE: 2
MAX 90 OR ABOVE: 0 0.10 INCH OR MORE: 1
MIN 32 OR BELOW: 1 0.50 INCH OR MORE: 0
MIN 0 OR BELOW: 0 1.00 INCH OR MORE: 0
[HDD (BASE 65) ]
TOTAL THIS MO. 420 CLEAR (SCALE 0-3) 24
DPTR FM NORMAL 71 PTCLDY (SCALE 4-7) 3
TOTAL FM JUL 1 1815 CLOUDY (SCALE 8-10) 1
DPTR FM NORMAL 89
[CDD (BASE 65) ]
TOTAL THIS MO. 0
DPTR FM NORMAL -1 [PRESSURE DATA]
TOTAL FM JAN 1 0 HIGHEST SLP M ON M
DPTR FM NORMAL 0 LOWEST SLP 29.17 ON 21
[REMARKS]
#FINAL-02-23#