000
CXUS52 KTAE 010800
CF6VLD
PRELIMINARY LOCAL CLIMATOLOGICAL DATA (WS FORM: F-6)
STATION: VALDOSTA
MONTH: JUNE
YEAR: 2020
LATITUDE: 30 46 N
LONGITUDE: 83 17 W
TEMPERATURE IN F: :PCPN: SNOW: WIND :SUNSHINE: SKY :PK WND
================================================================================
1 2 3 4 5 6A 6B 7 8 9 10 11 12 13 14 15 16 17 18
12Z AVG MX 2MIN
DY MAX MIN AVG DEP HDD CDD WTR SNW DPTH SPD SPD DIR MIN PSBL S-S WX SPD DR
================================================================================
1 88 67 78 1 0 13 0.00 0.0 0 7.4 17 60 M M 4 25 110
2 90 66 78 0 0 13 0.00 0.0 0 5.4 13 130 M M 4 18 140
3 84 66 75 -3 0 10 0.00 0.0 0 2.3 7 160 M M 0 9 170
4 86 67 77 -1 0 12 0.02 0.0 0 2.3 14 10 M M 6 1 17 10
5 87 69 78 0 0 13 T 0.0 0 3.2 12 190 M M 4 12 15 220
6 79 72 76 -2 0 11 1.16 0.0 0 3.1 12 120 M M 8 18 16 130
7 75 72 74 -4 0 9 4.47 0.0 0 7.1 13 160 M M 10 1 17 160
8 91 74 83 5 0 18 0.00 0.0 0 6.5 15 170 M M 5 1 20 210
9 85 74 80 1 0 15 0.54 0.0 0 2.6 10 170 M M 7 138 14 150
10 90 73 82 3 0 17 T 0.0 0 2.5 9 180 M M 3 1 12 190
11 92 73 83 4 0 18 0.00 0.0 0 2.4 9 180 M M 4 1 11 180
12 90 70 80 1 0 15 2.66 0.0 0 2.9 21 120 M M 6 123 31 130
13 88 68 78 -1 0 13 0.00 0.0 0 6.2 15 20 M M 3 20 80
14 88 66 77 -2 0 12 0.00 0.0 0 6.9 18 40 M M 0 23 10
15 87 63 75 -5 0 10 0.00 0.0 0 5.7 16 10 M M 2 1 21 10
16 82 62 72 -8 0 7 0.00 0.0 0 6.9 15 30 M M 1 20 20
17 84 59 72 -8 0 7 0.00 0.0 0 2.7 9 10 M M 6 11 10
18 90 65 78 -2 0 13 0.00 0.0 0 1.2 8 70 M M 2 1 10 70
19 94 66 80 0 0 15 0.00 0.0 0 2.8 13 170 M M 2 1 17 150
20 93 69 81 1 0 16 0.02 0.0 0 2.3 25 20 M M 2 29 10
21 93 71 82 2 0 17 0.00 0.0 0 1.3 7 230 M M 1 11 230
22 93 69 81 1 0 16 0.09 0.0 0 2.4 12 200 M M 2 13 17 200
23 92 69 81 1 0 16 0.10 0.0 0 2.9 13 260 M M 1 1 29 250
24 94 73 84 4 0 19 0.03 0.0 0 4.2 16 360 M M 4 13 25 360
25 91 72 82 2 0 17 0.04 0.0 0 2.1 12 10 M M 3 138 15 360
26 93 72 83 2 0 18 T 0.0 0 1.8 10 10 M M 3 18 13 170
27 96 71 84 3 0 19 T 0.0 0 1.7 15 180 M M 1 38 21 220
28 95 71 83 2 0 18 0.00 0.0 0 3.2 12 190 M M 1 19 220
29 96 73 85 4 0 20 T 0.0 0 1.8 8 230 M M 1 13 14 220
30 97 72 85 4 0 20 0.15 0.0 0 3.5 17 10 M M 2 138 23 340
================================================================================
SM 2683 2074 0 437 9.28 0.0 107.3 M 98
================================================================================
AV 89.4 69.1 3.6 FASTST M M 3 MAX(MPH)
MISC ----> # 25 20 # 31 130
================================================================================
NOTES:
# LAST OF SEVERAL OCCURRENCES
COLUMN 17 PEAK WIND IN M.P.H.
PRELIMINARY LOCAL CLIMATOLOGICAL DATA (WS FORM: F-6) , PAGE 2
STATION: VALDOSTA
MONTH: JUNE
YEAR: 2020
LATITUDE: 30 46 N
LONGITUDE: 83 17 W
[TEMPERATURE DATA] [PRECIPITATION DATA] SYMBOLS USED IN COLUMN 16
AVERAGE MONTHLY: 79.3 TOTAL FOR MONTH: 9.28 1 = FOG OR MIST
DPTR FM NORMAL: -0.1 DPTR FM NORMAL: 3.22 2 = FOG REDUCING VISIBILITY
HIGHEST: 97 ON 30 GRTST 24HR 4.47 ON 7- 7 TO 1/4 MILE OR LESS
LOWEST: 59 ON 17 3 = THUNDER
SNOW, ICE PELLETS, HAIL 4 = ICE PELLETS
TOTAL MONTH: 0.0 INCH 5 = HAIL
GRTST 24HR 0.0 6 = FREEZING RAIN OR DRIZZLE
GRTST DEPTH: 0 7 = DUSTSTORM OR SANDSTORM:
VSBY 1/2 MILE OR LESS
8 = SMOKE OR HAZE
[NO. OF DAYS WITH] [WEATHER - DAYS WITH] 9 = BLOWING SNOW
X = TORNADO
MAX 32 OR BELOW: 0 0.01 INCH OR MORE: 11
MAX 90 OR ABOVE: 18 0.10 INCH OR MORE: 6
MIN 32 OR BELOW: 0 0.50 INCH OR MORE: 4
MIN 0 OR BELOW: 0 1.00 INCH OR MORE: 3
[HDD (BASE 65) ]
TOTAL THIS MO. 0 CLEAR (SCALE 0-3) 16
DPTR FM NORMAL 0 PTCLDY (SCALE 4-7) 13
TOTAL FM JUL 1 1155 CLOUDY (SCALE 8-10) 1
DPTR FM NORMAL -483
[CDD (BASE 65) ]
TOTAL THIS MO. 437
DPTR FM NORMAL 5 [PRESSURE DATA]
TOTAL FM JAN 1 1145 HIGHEST SLP 30.25 ON 26
DPTR FM NORMAL 301 LOWEST SLP 29.92 ON 30
[REMARKS]
#FINAL-06-20#