000
CXUS56 KLOX 011155
CF6VNY
PRELIMINARY LOCAL CLIMATOLOGICAL DATA (WS FORM: F-6)
STATION: VAN NUYS AIRPORT CA
MONTH: MARCH
YEAR: 2024
LATITUDE: 34 13 N
LONGITUDE: 118 29 W
TEMPERATURE IN F: :PCPN: SNOW: WIND :SUNSHINE: SKY :PK WND
================================================================================
1 2 3 4 5 6A 6B 7 8 9 10 11 12 13 14 15 16 17 18
12Z AVG MX 2MIN
DY MAX MIN AVG DEP HDD CDD WTR SNW DPTH SPD SPD DIR MIN PSBL S-S WX SPD DR
================================================================================
1 62 52 57 -2 8 0 0.15 M M 7.3 17 170 M M 10 1 21 170
2 61 51 56 -3 9 0 0.19 M M 5.8 17 200 M M 10 1 26 200
3 62 48 55 -4 10 0 0.12 M M 4.6 16 220 M M 7 1 26 260
4 65 43 54 -5 11 0 0.00 M M 2.7 13 160 M M 2 20 200
5 67 43 55 -5 10 0 0.00 M M 3.1 14 160 M M 2 17 160
6 60 48 54 -6 11 0 1.10 M M 4.9 15 160 M M 7 1 22 140
7 67 45 56 -4 9 0 0.46 M M 3.5 14 10 M M 3 3 18 150
8 73 43 58 -2 7 0 0.00 M M 2.9 18 340 M M 0 1 32 360
9 73 43 58 -2 7 0 0.00 M M 3.4 13 300 M M 0 19 300
10 71 43 57 -3 8 0 0.00 M M 2.7 13 170 M M 0 18 170
11 67 44 56 -4 9 0 0.00 M M 4.7 16 150 M M 3 21 140
12 69 51 60 0 5 0 0.00 M M 4.7 15 160 M M 4 19 140
13 71 53 62 2 3 0 0.00 M M 11.7 28 350 M M 1 41 350
14 67 55 61 0 4 0 0.00 M M 16.0 40 20 M M 0 60 10
15 69 53 61 0 4 0 0.00 M M 7.1 18 10 M M 4 26 60
16 70 49 60 -1 5 0 0.00 M M 3.9 14 280 M M 2 23 290
17 71 47 59 -2 6 0 0.00 M M 3.3 15 160 M M 0 20 170
18 80 50 65 4 0 0 T M M 6.4 18 140 M M 1 27 30
19 74 49 62 1 3 0 T M M 4.6 14 180 M M 0 18 170
20 76 51 64 3 1 0 0.00 M M 3.8 13 160 M M 0 18 150
21 75 51 63 2 2 0 0.00 M M 3.5 14 180 M M 3 18 21 180
22 72 51 62 1 3 0 0.00 M M 4.4 13 150 M M 0 18 19 130
23 63 50 57 -4 8 0 0.40 M M 8.1 16 270 M M 7 1 27 260
24 64 45 55 -6 10 0 0.20 M M 6.2 29 350 M M 2 3 40 350
25 67 46 57 -4 8 0 0.00 M M 6.7 17 360 M M 0 27 340
26 68 50 59 -3 6 0 0.00 M M 3.8 17 160 M M 3 22 160
27 71 45 58 -4 7 0 0.00 M M 4.1 14 170 M M 0 22 190
28 69 49 59 -3 6 0 0.00 M M 3.4 15 170 M M 2 20 250
29 63 46 55 -7 10 0 0.14 M M 9.1 18 160 M M 5 1 26 160
30 57 48 53 -9 12 0 1.65 M M 9.5 18 150 M M 10 18 26 140
31 63 48 56 -6 9 0 0.36 M M 6.2 17 170 M M 8 1 25 170
================================================================================
SM 2107 1490 211 0 4.77 M 172.1 M 96
================================================================================
AV 68.0 48.1 5.6 FASTST M M 3 MAX(MPH)
MISC ----> 40 20 60 10
================================================================================
NOTES:
# LAST OF SEVERAL OCCURRENCES
COLUMN 17 PEAK WIND IN M.P.H.
PRELIMINARY LOCAL CLIMATOLOGICAL DATA (WS FORM: F-6) , PAGE 2
STATION: VAN NUYS AIRPORT CA
MONTH: MARCH
YEAR: 2024
LATITUDE: 34 13 N
LONGITUDE: 118 29 W
[TEMPERATURE DATA] [PRECIPITATION DATA] SYMBOLS USED IN COLUMN 16
AVERAGE MONTHLY: 58.0 TOTAL FOR MONTH: 4.77 1 = FOG OR MIST
DPTR FM NORMAL: -2.6 DPTR FM NORMAL: 2.27 2 = FOG REDUCING VISIBILITY
HIGHEST: 80 ON 18 GRTST 24HR 1.76 ON 29-30 TO 1/4 MILE OR LESS
LOWEST: 43 ON 10, 9 3 = THUNDER
SNOW, ICE PELLETS, HAIL 4 = ICE PELLETS
TOTAL MONTH: M 5 = HAIL
GRTST 24HR M ON M 6 = FREEZING RAIN OR DRIZZLE
GRTST DEPTH: M ON M 7 = DUSTSTORM OR SANDSTORM:
VSBY 1/2 MILE OR LESS
8 = SMOKE OR HAZE
[NO. OF DAYS WITH] [WEATHER - DAYS WITH] 9 = BLOWING SNOW
X = TORNADO
MAX 32 OR BELOW: 0 0.01 INCH OR MORE: 10
MAX 90 OR ABOVE: 0 0.10 INCH OR MORE: 10
MIN 32 OR BELOW: 0 0.50 INCH OR MORE: 2
MIN 0 OR BELOW: 0 1.00 INCH OR MORE: 2
[HDD (BASE 65) ]
TOTAL THIS MO. 211 CLEAR (SCALE 0-3) 20
DPTR FM NORMAL 47 PTCLDY (SCALE 4-7) 7
TOTAL FM JUL 1 954 CLOUDY (SCALE 8-10) 4
DPTR FM NORMAL -122
[CDD (BASE 65) ]
TOTAL THIS MO. 0
DPTR FM NORMAL -29 [PRESSURE DATA]
TOTAL FM JAN 1 8 HIGHEST SLP M ON M
DPTR FM NORMAL -42 LOWEST SLP 29.61 ON 30
[REMARKS]
#FINAL-03-24#