000
CXUS52 KMLB 012056
CF6VRB
PRELIMINARY LOCAL CLIMATOLOGICAL DATA (WS FORM: F-6)
STATION: VERO BEACH
MONTH: JANUARY
YEAR: 2024
LATITUDE: 27 39 N
LONGITUDE: 80 25 W
TEMPERATURE IN F: :PCPN: SNOW: WIND :SUNSHINE: SKY :PK WND
================================================================================
1 2 3 4 5 6A 6B 7 8 9 10 11 12 13 14 15 16 17 18
12Z AVG MX 2MIN
DY MAX MIN AVG DEP HDD CDD WTR SNW DPTH SPD SPD DIR MIN PSBL S-S WX SPD DR
================================================================================
1 72 42 57 -6 8 0 0.00 0.0 0 5.6 13 330 M M 2 1 19 280
2 66 50 58 -5 7 0 0.00 0.0 0 8.2 15 10 M M 1 20 10
3 71 48 60 -3 5 0 0.00 0.0 0 5.7 17 140 M M 1 23 170
4 71 50 61 -2 4 0 0.00 0.0 0 10.4 20 350 M M 6 18 27 350
5 75 48 62 -1 3 0 0.00 0.0 0 11.7 21 130 M M 4 27 130
6 77 67 72 9 0 7 0.24 0.0 0 12.7 26 200 M M 4 1 38 210
7 68 51 60 -3 5 0 0.00 0.0 0 7.2 18 320 M M 6 1 26 330
8 71 48 60 -3 5 0 0.00 0.0 0 11.7 25 120 M M 4 36 120
9 81 62 72 9 0 7 0.10 0.0 0 17.8 36 280 M M 7 138 44 270
10 69 49 59 -4 6 0 0.00 0.0 0 7.3 16 250 M M 1 22 240
11 68 46 57 -5 8 0 0.00 0.0 0 5.8 14 110 M M 6 18 20
12 84 68 76 14 0 11 0.64 0.0 0 9.8 23 190 M M 9 138 34 220
13 75 57 66 4 0 1 0.34 0.0 0 10.7 18 290 M M 6 13 27 200
14 71 52 62 0 3 0 0.32 0.0 0 6.7 15 110 M M 6 1 21 20
15 76 64 70 8 0 5 0.38 0.0 0 5.3 13 170 M M 9 12 18 170
16 80 65 73 11 0 8 0.02 0.0 0 9.2 20 310 M M 8 1 27 300
17 67 53 60 -2 5 0 0.00 0.0 0 10.6 21 10 M M 4 27 340
18 75 53 64 2 1 0 0.08 0.0 0 7.7 18 270 M M 9 1 22 270
19 77 60 69 7 0 4 0.00 0.0 0 6.0 16 360 M M 7 22 340
20 62 46 54 -8 11 0 0.00 0.0 0 10.7 18 10 M M 0 1 26 20
21 67 43 55 -7 10 0 0.00 0.0 0 12.0 20 30 M M 3 29 40
22 72 60 66 4 0 1 0.00 0.0 0 13.4 22 120 M M 8 32 110
23 77 68 73 10 0 8 T 0.0 0 12.7 20 110 M M 9 18 27 120
24 79 70 75 12 0 10 0.00 0.0 0 12.7 21 130 M M 5 27 140
25 83 66 75 12 0 10 0.00 0.0 0 11.5 22 140 M M 2 1 29 150
26 83 66 75 12 0 10 0.03 0.0 0 6.5 17 120 M M 2 1 21 120
27 83 70 77 14 0 12 0.08 0.0 0 8.3 22 130 M M 7 1 29 130
28 79 54 67 4 0 2 T 0.0 0 12.8 22 290 M M 5 1 29 290
29 64 46 55 -8 10 0 0.00 0.0 0 9.8 20 330 M M 1 26 330
30 72 46 59 -4 6 0 0.00 0.0 0 6.2 12 320 M M 1 19 310
31 74 40 57 -6 8 0 0.00 0.0 0 9.7 24 270 M M 0 1 32 280
================================================================================
SM 2289 1708 105 96 2.23 0.0 296.4 M 143
================================================================================
AV 73.8 55.1 9.6 FASTST M M 5 MAX(MPH)
MISC ----> 36 280 44 270
================================================================================
NOTES:
# LAST OF SEVERAL OCCURRENCES
COLUMN 17 PEAK WIND IN M.P.H.
PRELIMINARY LOCAL CLIMATOLOGICAL DATA (WS FORM: F-6) , PAGE 2
STATION: VERO BEACH
MONTH: JANUARY
YEAR: 2024
LATITUDE: 27 39 N
LONGITUDE: 80 25 W
[TEMPERATURE DATA] [PRECIPITATION DATA] SYMBOLS USED IN COLUMN 16
AVERAGE MONTHLY: 64.5 TOTAL FOR MONTH: 2.23 1 = FOG OR MIST
DPTR FM NORMAL: 1.7 DPTR FM NORMAL: -0.51 2 = FOG REDUCING VISIBILITY
HIGHEST: 84 ON 12 GRTST 24HR 0.64 ON 12-12 TO 1/4 MILE OR LESS
LOWEST: 40 ON 31 3 = THUNDER
SNOW, ICE PELLETS, HAIL 4 = ICE PELLETS
TOTAL MONTH: 0.0 INCH 5 = HAIL
GRTST 24HR 0.0 6 = FREEZING RAIN OR DRIZZLE
GRTST DEPTH: 0 7 = DUSTSTORM OR SANDSTORM:
VSBY 1/2 MILE OR LESS
8 = SMOKE OR HAZE
[NO. OF DAYS WITH] [WEATHER - DAYS WITH] 9 = BLOWING SNOW
X = TORNADO
MAX 32 OR BELOW: 0 0.01 INCH OR MORE: 10
MAX 90 OR ABOVE: 0 0.10 INCH OR MORE: 6
MIN 32 OR BELOW: 0 0.50 INCH OR MORE: 1
MIN 0 OR BELOW: 0 1.00 INCH OR MORE: 0
[HDD (BASE 65) ]
TOTAL THIS MO. 105 CLEAR (SCALE 0-3) 10
DPTR FM NORMAL -32 PTCLDY (SCALE 4-7) 16
TOTAL FM JUL 1 167 CLOUDY (SCALE 8-10) 5
DPTR FM NORMAL -86
[CDD (BASE 65) ]
TOTAL THIS MO. 96
DPTR FM NORMAL 28 [PRESSURE DATA]
TOTAL FM JAN 1 96 HIGHEST SLP 30.45 ON 22
DPTR FM NORMAL 28 LOWEST SLP 29.75 ON 9
[REMARKS]
#FINAL-01-24#