000
CXUS52 KMLB 010628
CF6VRB
PRELIMINARY LOCAL CLIMATOLOGICAL DATA (WS FORM: F-6)
STATION: VERO BEACH
MONTH: JULY
YEAR: 2021
LATITUDE: 27 39 N
LONGITUDE: 80 25 W
TEMPERATURE IN F: :PCPN: SNOW: WIND :SUNSHINE: SKY :PK WND
================================================================================
1 2 3 4 5 6A 6B 7 8 9 10 11 12 13 14 15 16 17 18
12Z AVG MX 2MIN
DY MAX MIN AVG DEP HDD CDD WTR SNW DPTH SPD SPD DIR MIN PSBL S-S WX SPD DR
================================================================================
1 86 72 79 -3 0 14 0.05 0.0 0 5.2 17 120 M M 3 3 21 120
2 91 73 82 0 0 17 0.00 0.0 0 7.3 21 250 M M 3 13 24 250
3 91 75 83 1 0 18 0.43 0.0 0 8.5 30 280 M M 2 1238 37 310
4 93 73 83 1 0 18 0.00 0.0 0 7.8 22 10 M M 2 3 27 350
5 89 72 81 -1 0 16 0.27 0.0 0 6.0 25 200 M M 2 13 38 180
6 85 75 80 -2 0 15 T 0.0 0 11.1 20 120 M M 2 24 120
7 89 79 84 2 0 19 0.07 0.0 0 11.5 22 140 M M 6 38 28 130
8 91 76 84 2 0 19 0.00 0.0 0 7.4 20 330 M M 3 3 25 330
9 91 73 82 0 0 17 0.53 0.0 0 5.2 23 110 M M 2 1238 31 120
10 89 72 81 -1 0 16 0.00 0.0 0 4.0 16 270 M M 1 3 21 260
11 88 73 81 -1 0 16 T 0.0 0 6.6 16 100 M M 2 3 20 110
12 89 73 81 -1 0 16 0.05 0.0 0 5.7 23 110 M M 2 138 34 120
13 87 77 82 0 0 17 0.05 0.0 0 11.0 23 140 M M 4 1 28 130
14 87 77 82 0 0 17 0.00 0.0 0 8.1 16 60 M M 2 19 70
15 88 77 83 1 0 18 0.01 0.0 0 9.2 17 70 M M 2 1 24 100
16 89 78 84 2 0 19 0.00 0.0 0 9.5 17 120 M M 3 21 140
17 89 73 81 -1 0 16 0.01 0.0 0 7.2 14 100 M M 3 13 20 90
18 90 73 82 0 0 17 0.00 0.0 0 8.4 17 130 M M 1 22 130
19 91 72 82 0 0 17 0.02 0.0 0 8.4 22 130 M M 2 1 25 120
20 95 73 84 2 0 19 0.15 0.0 0 6.5 33 150 M M 2 138 44 160
21 92 75 84 2 0 19 0.16 0.0 0 7.7 20 130 M M 3 38 25 210
22 92 74 83 1 0 18 T 0.0 0 5.3 14 130 M M 1 3 18 50
23 97 75 86 4 0 21 1.01 0.0 0 6.6 17 280 M M 3 13 24 290
24 90 73 82 0 0 17 T 0.0 0 6.8 15 30 M M 1 1 20 20
25 91 75 83 1 0 18 0.00 0.0 0 6.4 17 50 M M 2 1 24 40
26 91 75 83 1 0 18 0.47 0.0 0 5.4 20 130 M M 3 13 24 120
27 91 73 82 0 0 17 0.30 0.0 0 4.8 15 120 M M 2 138 18 100
28 90 74 82 0 0 17 1.20 0.0 0 5.3 17 290 M M 3 1238 22 290
29 93 73 83 1 0 18 0.24 0.0 0 4.0 20 10 M M 3 13 25 10
30 94 73 84 2 0 19 0.00 0.0 0 5.5 14 220 M M 2 1 19 240
31 93 78 86 4 0 21 0.00 0.0 0 7.5 17 130 M M 2 22 230
================================================================================
SM 2802 2304 0 544 5.02 0.0 219.9 M 74
================================================================================
AV 90.4 74.3 7.1 FASTST M M 2 MAX(MPH)
MISC ----> 33 150 44 160
================================================================================
NOTES:
# LAST OF SEVERAL OCCURRENCES
COLUMN 17 PEAK WIND IN M.P.H.
PRELIMINARY LOCAL CLIMATOLOGICAL DATA (WS FORM: F-6) , PAGE 2
STATION: VERO BEACH
MONTH: JULY
YEAR: 2021
LATITUDE: 27 39 N
LONGITUDE: 80 25 W
[TEMPERATURE DATA] [PRECIPITATION DATA] SYMBOLS USED IN COLUMN 16
AVERAGE MONTHLY: 82.4 TOTAL FOR MONTH: 5.02 1 = FOG OR MIST
DPTR FM NORMAL: 0.5 DPTR FM NORMAL: -0.66 2 = FOG REDUCING VISIBILITY
HIGHEST: 97 ON 23 GRTST 24HR 1.20 ON 28-28 TO 1/4 MILE OR LESS
LOWEST: 72 ON 19,10 3 = THUNDER
SNOW, ICE PELLETS, HAIL 4 = ICE PELLETS
TOTAL MONTH: 0.0 INCH 5 = HAIL
GRTST 24HR 0.0 6 = FREEZING RAIN OR DRIZZLE
GRTST DEPTH: 0 7 = DUSTSTORM OR SANDSTORM:
VSBY 1/2 MILE OR LESS
8 = SMOKE OR HAZE
[NO. OF DAYS WITH] [WEATHER - DAYS WITH] 9 = BLOWING SNOW
X = TORNADO
MAX 32 OR BELOW: 0 0.01 INCH OR MORE: 17
MAX 90 OR ABOVE: 19 0.10 INCH OR MORE: 10
MIN 32 OR BELOW: 0 0.50 INCH OR MORE: 3
MIN 0 OR BELOW: 0 1.00 INCH OR MORE: 2
[HDD (BASE 65) ]
TOTAL THIS MO. 0 CLEAR (SCALE 0-3) 25
DPTR FM NORMAL 0 PTCLDY (SCALE 4-7) 6
TOTAL FM JUL 1 0 CLOUDY (SCALE 8-10) 0
DPTR FM NORMAL 0
[CDD (BASE 65) ]
TOTAL THIS MO. 544
DPTR FM NORMAL 20 [PRESSURE DATA]
TOTAL FM JAN 1 2041 HIGHEST SLP M ON M
DPTR FM NORMAL 164 LOWEST SLP 29.89 ON 25
[REMARKS]
#FINAL-07-21#