000
CXUS55 KLBF 011510
CF6VTN
PRELIMINARY LOCAL CLIMATOLOGICAL DATA (WS FORM: F-6)
STATION: VALENTINE
MONTH: DECEMBER
YEAR: 2022
LATITUDE: 42 52 N
LONGITUDE: 100 33 W
TEMPERATURE IN F: :PCPN: SNOW: WIND :SUNSHINE: SKY :PK WND
================================================================================
1 2 3 4 5 6A 6B 7 8 9 10 11 12 13 14 15 16 17 18
12Z AVG MX 2MIN
DY MAX MIN AVG DEP HDD CDD WTR SNW DPTH SPD SPD DIR MIN PSBL S-S WX SPD DR
================================================================================
1 43 19 31 1 34 0 0.00 0.0 0 8.3 24 200 M M 0 36 210
2 40 0 20 -10 45 0 T T 0 12.7 32 330 M M 4 46 320
3 44 -5 20 -9 45 0 0.00 0.0 T 8.1 25 230 M M 0 33 230
4 52 8 30 1 35 0 0.00 0.0 T 8.2 18 210 M M 2 24 210
5 40 15 28 -1 37 0 0.00 0.0 T 8.6 16 360 M M 5 23 360
6 48 13 31 3 34 0 0.00 0.0 0 8.3 20 360 M M 0 26 360
7 18 11 15 -13 50 0 T T 0 6.4 14 160 M M 8 18 19 360
8 31 12 22 -6 43 0 0.71 7.0 T 6.0 16 330 M M 5 12 22 320
9 34 3 19 -8 46 0 0.00 0.0 7 5.1 15 220 M M 0 19 220
10 35 10 23 -4 42 0 0.00 0.0 5 5.2 14 230 M M 0 16 230
11 41 15 28 1 37 0 0.00 0.0 4 7.5 20 190 M M 0 25 190
12 36 27 32 5 33 0 0.13 0.0 3 11.4 22 160 M M 8 12 29 160
13 34 28 31 5 34 0 1.06 10.3 12 17.3 31 320 M M 10 126 44 330
14 28 18 23 -3 42 0 0.18 1.5 14 26.2 36 320 M M 10 19 52 310
15 19 13 16 -10 49 0 0.03 1.2 12 27.1 40 310 M M 10 18 63 330
16 19 11 15 -11 50 0 0.04 T 11 23.5 38 320 M M 8 128 61 320
17 22 4 13 -13 52 0 0.00 0.0 9 6.7 22 320 M M 4 30 310
18 14 -4 5 -20 60 0 0.00 0.0 8 5.3 13 340 M M 2 16 20
19 6 -10 -2 -27 67 0 T T 8 7.2 18 330 M M 7 18 24 320
20 3 -14 -5 -30 70 0 0.00 0.0 8 5.0 14 140 M M 2 18 120
21 13 -19 -3 -28 68 0 0.05 2.0 8 17.6 31 320 M M 8 8 47 300
22 -9 -19 -14 -39 79 0 T T 10 21.3 35 310 M M 10 8 48 300
23 0 -12 -6 -31 71 0 0.00 0.0 10 14.9 25 310 M M 1 8 39 300
24 8 -11 -1 -26 66 0 0.00 0.0 10 3.5 9 250 M M 9 11 300
25 43 4 24 -1 41 0 0.00 0.0 10 14.5 40 330 M M 5 55 340
26 32 -2 15 -9 50 0 T T 7 12.3 37 340 M M 4 8 55 350
27 47 30 39 15 26 0 0.00 0.0 7 10.0 21 290 M M 1 28 300
28 47 33 40 16 25 0 0.00 0.0 5 8.6 16 290 M M 1 24 300
29 36 25 31 7 34 0 0.02 0.3 2 6.9 17 320 M M 8 1 22 300
30 42 14 28 4 37 0 0.00 0.0 2 10.3 22 190 M M 1 30 210
31 44 21 33 9 32 0 0.00 0.0 2 8.8 20 210 M M 2 24 220
================================================================================
SM 910 238 1434 0 2.22 22.3 342.8 M 135
================================================================================
AV 29.4 7.7 11.1 FASTST M M 4 MAX(MPH)
MISC ----> # 40 310 63 330
================================================================================
NOTES:
# LAST OF SEVERAL OCCURRENCES
COLUMN 17 PEAK WIND IN M.P.H.
PRELIMINARY LOCAL CLIMATOLOGICAL DATA (WS FORM: F-6) , PAGE 2
STATION: VALENTINE
MONTH: DECEMBER
YEAR: 2022
LATITUDE: 42 52 N
LONGITUDE: 100 33 W
[TEMPERATURE DATA] [PRECIPITATION DATA] SYMBOLS USED IN COLUMN 16
AVERAGE MONTHLY: 18.5 TOTAL FOR MONTH: 2.22 1 = FOG OR MIST
DPTR FM NORMAL: -7.8 DPTR FM NORMAL: 1.79 2 = FOG REDUCING VISIBILITY
HIGHEST: 52 ON 4 GRTST 24HR 1.19 ON 12-13 TO 1/4 MILE OR LESS
LOWEST: -19 ON 22,21 3 = THUNDER
SNOW, ICE PELLETS, HAIL 4 = ICE PELLETS
TOTAL MONTH: 22.3 INCHES 5 = HAIL
GRTST 24HR 10.3 ON 13-13 6 = FREEZING RAIN OR DRIZZLE
GRTST DEPTH: 14 ON 14 7 = DUSTSTORM OR SANDSTORM:
VSBY 1/2 MILE OR LESS
8 = SMOKE OR HAZE
[NO. OF DAYS WITH] [WEATHER - DAYS WITH] 9 = BLOWING SNOW
X = TORNADO
MAX 32 OR BELOW: 14 0.01 INCH OR MORE: 8
MAX 90 OR ABOVE: 0 0.10 INCH OR MORE: 4
MIN 32 OR BELOW: 30 0.50 INCH OR MORE: 2
MIN 0 OR BELOW: 10 1.00 INCH OR MORE: 1
[HDD (BASE 65) ]
TOTAL THIS MO. 1434 CLEAR (SCALE 0-3) 14
DPTR FM NORMAL 233 PTCLDY (SCALE 4-7) 10
TOTAL FM JUL 1 3032 CLOUDY (SCALE 8-10) 7
DPTR FM NORMAL 331
[CDD (BASE 65) ]
TOTAL THIS MO. 0
DPTR FM NORMAL 0 [PRESSURE DATA]
TOTAL FM JAN 1 1142 HIGHEST SLP M ON M
DPTR FM NORMAL 216 LOWEST SLP 29.26 ON 28
[REMARKS]
#FINAL-12-22#