000
CXUS56 KPQR 011611
CF6VUO
PRELIMINARY LOCAL CLIMATOLOGICAL DATA (WS FORM: F-6)
STATION: VANCOUVER WA
MONTH: DECEMBER
YEAR: 2023
LATITUDE: 45 37 N
LONGITUDE: 122 39 W
TEMPERATURE IN F: :PCPN: SNOW: WIND :SUNSHINE: SKY :PK WND
================================================================================
1 2 3 4 5 6A 6B 7 8 9 10 11 12 13 14 15 16 17 18
12Z AVG MX 2MIN
DY MAX MIN AVG DEP HDD CDD WTR SNW DPTH SPD SPD DIR MIN PSBL S-S WX SPD DR
================================================================================
1 51 38 45 2 20 0 0.48 M M 4.4 14 170 M M 10 1 23 220
2 52 45 49 7 16 0 0.89 M M 5.7 23 190 M M 8 1 32 190
3 57 46 52 10 13 0 0.79 M M 3.9 12 120 M M 10 1 14 120
4 66 55 61 19 4 0 0.04 M M 8.2 17 180 M M 10 28 170
5 64 58 61 19 4 0 1.40 M M 6.9 13 200 M M 10 1 21 210
6 58 48 53 11 12 0 1.61 M M 4.5 12 190 M M 10 1 17 200
7 50 43 47 5 18 0 0.12 M M 5.3 16 180 M M 9 1 24 190
8 48 34 41 0 24 0 0.01 M M 1.0 7 120 M M 7 1 9 120
9 43 31 37 -4 28 0 0.45 M M 5.8 15 110 M M 8 1 20 110
10 54 43 49 8 16 0 0.63 M M 4.1 13 110 M M 10 1 18 200
11 52 38 45 4 20 0 0.04 M M 2.1 7 340 M M 9 1 13 260
12 53 32 43 2 22 0 0.00 M M 8.8 22 100 M M 3 12 33 80
13 54 47 51 10 14 0 0.00 M M 9.5 17 100 M M 0 28 110
14 50 38 44 3 21 0 0.02 M M 1.5 10 120 M M 8 1 14 120
15 54 32 43 3 22 0 0.00 M M 1.7 13 120 M M 0 1 16 120
16 50 27 39 -1 26 0 0.00 M M 0.4 7 200 M M 0 18 7 190
17 48 27 38 -2 27 0 0.00 M M 3.4 14 110 M M 3 12 18 130
18 48 40 44 4 21 0 T M M 3.4 12 120 M M 8 16 120
19 49 35 42 2 23 0 0.57 M M 5.1 18 110 M M 8 1 24 110
20 52 33 43 3 22 0 0.00 M M 0.9 8 300 M M 5 12 11 300
21 51 31 41 1 24 0 0.00 M M 1.1 8 150 M M 5 12 10 150
22 48 30 39 -1 26 0 0.33 M M 2.3 12 300 M M 8 1 15 300
23 41 32 37 -3 28 0 0.00 M M 1.8 8 320 M M 10 12 10 320
24 45 32 39 -1 26 0 0.01 M M 7.2 17 110 M M 7 12 21 120
25 43 40 42 2 23 0 0.59 M M 9.9 20 110 M M 9 1 25 120
26 49 41 45 5 20 0 0.02 M M 5.0 16 110 M M 6 1 22 110
27 51 45 48 8 17 0 0.22 M M 7.8 18 90 M M 7 1 26 110
28 49 39 44 4 21 0 0.03 M M 0.9 12 110 M M 7 16 110
29 55 42 49 9 16 0 0.11 M M 6.0 17 120 M M 5 23 110
30 50 37 44 4 21 0 0.04 M M 4.1 12 110 M M 10 12 16 110
31 46 37 42 2 23 0 0.00 M M 1.9 6 260 M M 10 12 7 320
================================================================================
SM 1581 1196 618 0 8.40 M 134.6 M 220
================================================================================
AV 51.0 38.6 4.3 FASTST M M 7 MAX(MPH)
MISC ----> 23 190 33 80
================================================================================
NOTES:
# LAST OF SEVERAL OCCURRENCES
COLUMN 17 PEAK WIND IN M.P.H.
PRELIMINARY LOCAL CLIMATOLOGICAL DATA (WS FORM: F-6) , PAGE 2
STATION: VANCOUVER WA
MONTH: DECEMBER
YEAR: 2023
LATITUDE: 45 37 N
LONGITUDE: 122 39 W
[TEMPERATURE DATA] [PRECIPITATION DATA] SYMBOLS USED IN COLUMN 16
AVERAGE MONTHLY: 44.8 TOTAL FOR MONTH: 8.40 1 = FOG OR MIST
DPTR FM NORMAL: 4.0 DPTR FM NORMAL: 2.33 2 = FOG REDUCING VISIBILITY
HIGHEST: 66 ON 4 GRTST 24HR 2.06 ON 5- 6 TO 1/4 MILE OR LESS
LOWEST: 27 ON 17,16 3 = THUNDER
SNOW, ICE PELLETS, HAIL 4 = ICE PELLETS
TOTAL MONTH: M 5 = HAIL
GRTST 24HR M ON M 6 = FREEZING RAIN OR DRIZZLE
GRTST DEPTH: M ON M 7 = DUSTSTORM OR SANDSTORM:
VSBY 1/2 MILE OR LESS
8 = SMOKE OR HAZE
[NO. OF DAYS WITH] [WEATHER - DAYS WITH] 9 = BLOWING SNOW
X = TORNADO
MAX 32 OR BELOW: 0 0.01 INCH OR MORE: 21
MAX 90 OR ABOVE: 0 0.10 INCH OR MORE: 13
MIN 32 OR BELOW: 9 0.50 INCH OR MORE: 7
MIN 0 OR BELOW: 0 1.00 INCH OR MORE: 2
[HDD (BASE 65) ]
TOTAL THIS MO. 618 CLEAR (SCALE 0-3) 5
DPTR FM NORMAL -134 PTCLDY (SCALE 4-7) 11
TOTAL FM JUL 1 1508 CLOUDY (SCALE 8-10) 15
DPTR FM NORMAL -255
[CDD (BASE 65) ]
TOTAL THIS MO. 0
DPTR FM NORMAL 0 [PRESSURE DATA]
TOTAL FM JAN 1 724 HIGHEST SLP 30.47 ON 8
DPTR FM NORMAL 325 LOWEST SLP 29.47 ON 19
[REMARKS]
#FINAL-12-23#