000
CXUS51 KAKQ 010810
CF6WAL
PRELIMINARY LOCAL CLIMATOLOGICAL DATA (WS FORM: F-6)
STATION: WALLOPS ISLAND VA
MONTH: JANUARY
YEAR: 2023
LATITUDE: 37 55 N
LONGITUDE: 75 28 W
TEMPERATURE IN F: :PCPN: SNOW: WIND :SUNSHINE: SKY :PK WND
================================================================================
1 2 3 4 5 6A 6B 7 8 9 10 11 12 13 14 15 16 17 18
12Z AVG MX 2MIN
DY MAX MIN AVG DEP HDD CDD WTR SNW DPTH SPD SPD DIR MIN PSBL S-S WX SPD DR
================================================================================
1 64 45 55 16 10 0 0.00 0.0 0 7.9 16 320 M M 3 1 23 320
2 65 43 54 15 11 0 0.00 0.0 0 6.4 13 190 M M 1 16 190
3 60 45 53 14 12 0 0.00 0.0 0 12.3 23 190 M M 3 1 26 190
4 72 53 63 24 2 0 0.03 0.0 0 10.8 23 240 M M 4 12 32 240
5 65 42 54 16 11 0 0.00 0.0 0 4.1 14 210 M M 6 1 17 70
6 54 40 47 9 18 0 0.00 0.0 0 6.7 20 310 M M 8 1 27 310
7 49 30 40 2 25 0 0.00 0.0 0 6.0 18 290 M M 1 25 310
8 43 28 36 -2 29 0 0.45 0.0 0 5.9 12 180 M M 4 1 15 180
9 48 34 41 3 24 0 0.07 0.0 0 8.7 22 180 M M 5 1 26 170
10 44 26 35 -3 30 0 0.00 0.0 0 4.0 9 10 M M 2 12 20
11 47 25 36 -2 29 0 T 0.0 0 5.9 13 70 M M 3 1 16 60
12 58 42 50 12 15 0 0.04 0.0 0 12.8 30 190 M M 8 1 37 190
13 57 39 48 10 17 0 0.09 0.0 0 10.9 22 310 M M 8 1 31 300
14 39 29 34 -4 31 0 0.00 0.0 0 14.6 24 320 M M 10 34 340
15 43 27 35 -3 30 0 0.00 0.0 0 14.3 23 330 M M 4 32 330
16 48 25 37 -1 28 0 0.00 0.0 0 8.5 16 290 M M 0 21 290
17 49 33 41 3 24 0 0.01 0.0 0 6.4 14 230 M M 5 19 260
18 59 40 50 12 15 0 0.00 0.0 0 9.1 17 290 M M 2 23 280
19 56 39 48 11 17 0 0.03 0.0 0 8.8 20 190 M M 6 1 26 180
20 53 36 45 8 20 0 0.00 0.0 0 10.2 23 310 M M 3 12 32 290
21 46 31 39 2 26 0 0.00 0.0 0 6.5 18 310 M M 5 24 300
22 55 30 43 6 22 0 0.53 0.0 0 5.8 18 210 M M 6 1 24 230
23 50 39 45 8 20 0 0.05 0.0 0 12.9 24 310 M M 9 1 33 320
24 48 28 38 0 27 0 0.00 0.0 0 5.6 16 310 M M 2 21 290
25 55 28 42 4 23 0 1.01 0.0 0 11.0 25 180 M M 6 1 34 170
26 57 38 48 10 17 0 0.17 0.0 0 9.8 21 280 M M 8 1 31 270
27 46 28 37 -1 28 0 0.00 0.0 0 4.2 15 250 M M 2 24 70
28 55 31 43 5 22 0 0.00 0.0 0 7.3 15 260 M M 0 20 220
29 58 33 46 8 19 0 T 0.0 0 8.5 20 220 M M 5 26 200
30 53 38 46 8 19 0 0.04 0.0 0 2.6 8 190 M M 6 1 11 100
31 49 36 43 5 22 0 0.01 0.0 0 8.3 20 50 M M 10 12 23 60
================================================================================
SM 1645 1081 643 0 2.53 0.0 256.8 M 145
================================================================================
AV 53.1 34.9 8.3 FASTST M M 5 MAX(MPH)
MISC ----> 30 190 37 190
================================================================================
NOTES:
# LAST OF SEVERAL OCCURRENCES
COLUMN 17 PEAK WIND IN M.P.H.
PRELIMINARY LOCAL CLIMATOLOGICAL DATA (WS FORM: F-6) , PAGE 2
STATION: WALLOPS ISLAND VA
MONTH: JANUARY
YEAR: 2023
LATITUDE: 37 55 N
LONGITUDE: 75 28 W
[TEMPERATURE DATA] [PRECIPITATION DATA] SYMBOLS USED IN COLUMN 16
AVERAGE MONTHLY: 44.0 TOTAL FOR MONTH: 2.53 1 = FOG OR MIST
DPTR FM NORMAL: 6.1 DPTR FM NORMAL: -0.62 2 = FOG REDUCING VISIBILITY
HIGHEST: 72 ON 4 GRTST 24HR 1.18 ON 25-26 TO 1/4 MILE OR LESS
LOWEST: 25 ON 16,11 3 = THUNDER
SNOW, ICE PELLETS, HAIL 4 = ICE PELLETS
TOTAL MONTH: 0.0 INCH 5 = HAIL
GRTST 24HR 0.0 6 = FREEZING RAIN OR DRIZZLE
GRTST DEPTH: 0 7 = DUSTSTORM OR SANDSTORM:
VSBY 1/2 MILE OR LESS
8 = SMOKE OR HAZE
[NO. OF DAYS WITH] [WEATHER - DAYS WITH] 9 = BLOWING SNOW
X = TORNADO
MAX 32 OR BELOW: 0 0.01 INCH OR MORE: 13
MAX 90 OR ABOVE: 0 0.10 INCH OR MORE: 4
MIN 32 OR BELOW: 13 0.50 INCH OR MORE: 2
MIN 0 OR BELOW: 0 1.00 INCH OR MORE: 1
[HDD (BASE 65) ]
TOTAL THIS MO. 643 CLEAR (SCALE 0-3) 9
DPTR FM NORMAL -199 PTCLDY (SCALE 4-7) 18
TOTAL FM JUL 1 2001 CLOUDY (SCALE 8-10) 4
DPTR FM NORMAL -223
[CDD (BASE 65) ]
TOTAL THIS MO. 0
DPTR FM NORMAL 0 [PRESSURE DATA]
TOTAL FM JAN 1 0 HIGHEST SLP 30.38 ON 8
DPTR FM NORMAL 0 LOWEST SLP 29.52 ON 26
[REMARKS]
#FINAL-01-23#