000
CXUS51 KAKQ 010710
CF6WAL
PRELIMINARY LOCAL CLIMATOLOGICAL DATA (WS FORM: F-6)
STATION: WALLOPS ISLAND VA
MONTH: APRIL
YEAR: 2021
LATITUDE: 37 55 N
LONGITUDE: 75 28 W
TEMPERATURE IN F: :PCPN: SNOW: WIND :SUNSHINE: SKY :PK WND
================================================================================
1 2 3 4 5 6A 6B 7 8 9 10 11 12 13 14 15 16 17 18
12Z AVG MX 2MIN
DY MAX MIN AVG DEP HDD CDD WTR SNW DPTH SPD SPD DIR MIN PSBL S-S WX SPD DR
================================================================================
1 60 37 49 -1 16 0 T 0.0 0 14.3 25 320 M M 10 1 39 330
2 44 32 38 -12 27 0 T T 0 10.6 22 300 M M 5 30 320
3 52 26 39 -11 26 0 0.00 0.0 0 8.0 15 280 M M 0 21 300
4 70 41 56 6 9 0 0.00 0.0 0 7.8 18 310 M M 4 26 310
5 67 45 56 5 9 0 0.00 0.0 0 9.3 21 290 M M 1 30 320
6 69 49 59 8 6 0 0.00 0.0 0 7.2 15 230 M M 3 19 280
7 71 47 59 8 6 0 0.00 0.0 0 6.3 16 60 M M 1 M M
8 61 51 56 4 9 0 0.00 0.0 0 8.9 16 90 M M 3 20 70
9 62 53 58 6 7 0 0.18 0.0 0 8.5 15 90 M M 7 13 20 180
10 72 51 62 10 3 0 0.00 0.0 0 6.8 13 150 M M 2 12 M M
11 79 58 69 16 0 4 0.03 0.0 0 9.4 16 190 M M 3 1 21 280
12 66 49 58 5 7 0 0.00 0.0 0 10.7 22 60 M M 8 22 30
13 56 45 51 -2 14 0 0.00 0.0 0 8.5 14 60 M M 6 M M
14 65 41 53 -1 12 0 0.12 0.0 0 6.4 17 190 M M 6 1 23 180
15 68 50 59 5 6 0 0.45 0.0 0 9.9 22 330 M M 8 1 33 310
16 62 43 53 -1 12 0 0.00 0.0 0 7.1 26 300 M M 2 35 300
17 63 43 53 -1 12 0 T 0.0 0 6.9 16 290 M M 2 24 310
18 66 46 56 1 9 0 T 0.0 0 6.7 16 240 M M 4 21 250
19 62 44 53 -2 12 0 0.40 0.0 0 6.3 17 330 M M 5 1 24 300
20 68 42 55 0 10 0 0.00 0.0 0 11.1 21 190 M M 2 12 26 170
21 71 42 57 1 8 0 0.25 0.0 0 13.4 26 270 M M 2 13 40 320
22 54 37 46 -10 19 0 0.00 0.0 0 12.0 25 310 M M 3 34 310
23 59 37 48 -8 17 0 0.00 0.0 0 8.1 18 240 M M 2 25 270
24 64 40 52 -4 13 0 0.55 0.0 0 7.3 18 110 M M 3 1 24 110
25 64 52 58 1 7 0 0.41 0.0 0 10.0 22 330 M M 7 1 31 330
26 65 46 56 -1 9 0 0.00 0.0 0 8.5 20 290 M M 0 26 280
27 80 49 65 8 0 0 0.00 0.0 0 10.1 16 190 M M 1 21 190
28 85 64 75 17 0 10 0.00 0.0 0 10.7 21 250 M M 2 28 260
29 85 64 75 17 0 10 T 0.0 0 12.7 24 230 M M 4 8 37 230
30 79 53 66 8 0 1 0.01 0.0 0 18.0 33 320 M M 4 45 330
================================================================================
SM 1989 1377 285 25 2.40 T 281.5 M 110
================================================================================
AV 66.3 45.9 9.4 FASTST M M 4 MAX(MPH)
MISC ----> 33 320 45 330
================================================================================
NOTES:
# LAST OF SEVERAL OCCURRENCES
COLUMN 17 PEAK WIND IN M.P.H.
PRELIMINARY LOCAL CLIMATOLOGICAL DATA (WS FORM: F-6) , PAGE 2
STATION: WALLOPS ISLAND VA
MONTH: APRIL
YEAR: 2021
LATITUDE: 37 55 N
LONGITUDE: 75 28 W
[TEMPERATURE DATA] [PRECIPITATION DATA] SYMBOLS USED IN COLUMN 16
AVERAGE MONTHLY: 56.1 TOTAL FOR MONTH: 2.40 1 = FOG OR MIST
DPTR FM NORMAL: 2.2 DPTR FM NORMAL: -0.67 2 = FOG REDUCING VISIBILITY
HIGHEST: 85 ON 29,28 GRTST 24HR 0.96 ON 24-25 TO 1/4 MILE OR LESS
LOWEST: 26 ON 3 3 = THUNDER
SNOW, ICE PELLETS, HAIL 4 = ICE PELLETS
TOTAL MONTH: T 5 = HAIL
GRTST 24HR T ON 2- 2 6 = FREEZING RAIN OR DRIZZLE
GRTST DEPTH: 0 7 = DUSTSTORM OR SANDSTORM:
VSBY 1/2 MILE OR LESS
8 = SMOKE OR HAZE
[NO. OF DAYS WITH] [WEATHER - DAYS WITH] 9 = BLOWING SNOW
X = TORNADO
MAX 32 OR BELOW: 0 0.01 INCH OR MORE: 9
MAX 90 OR ABOVE: 0 0.10 INCH OR MORE: 7
MIN 32 OR BELOW: 2 0.50 INCH OR MORE: 1
MIN 0 OR BELOW: 0 1.00 INCH OR MORE: 0
[HDD (BASE 65) ]
TOTAL THIS MO. 285 CLEAR (SCALE 0-3) 14
DPTR FM NORMAL -58 PTCLDY (SCALE 4-7) 15
TOTAL FM JUL 1 3400 CLOUDY (SCALE 8-10) 1
DPTR FM NORMAL -643
[CDD (BASE 65) ]
TOTAL THIS MO. 25
DPTR FM NORMAL 15 [PRESSURE DATA]
TOTAL FM JAN 1 30 HIGHEST SLP M ON M
DPTR FM NORMAL 19 LOWEST SLP 29.53 ON 29
[REMARKS]
#FINAL-04-21#