994
CXUS55 KLKN 031953
CLSWMC
CLIMATE REPORT
NATIONAL WEATHER SERVICE ELKO NV
1147 AM PST THU DEC 3 2020
...................................
...THE WINNEMUCCA AIRPORT NV CLIMATE SUMMARY FOR THE SEASON, FROM
9/1/2020 TO 11/30/2020...
CLIMATE NORMAL PERIOD 1981 TO 2010
CLIMATE RECORD PERIOD 1877 TO 2020
WEATHER OBSERVED NORMAL DEPART LAST YEAR`S
VALUE DATE(S) VALUE FROM VALUE
NORMAL
.............................................................
TEMPERATURE (F)
RECORD
HIGH 104 09/05/2020
09/04/2020
09/04/2020
LOW -10 11/25/2010
HIGHEST 104R 09/05 95 9 97
09/04
LOWEST 3 10/26 6 -3 -2
AVG. MAXIMUM 71.5 66.4 5.1 66.0
AVG. MINIMUM 31.5 30.5 1.0 27.6
MEAN 51.5 48.4 3.1 46.8
DAYS MAX >= 90 14 5.6 8.4 9
DAYS MAX <= 32 1 0.7 0.3 2
DAYS MIN <= 32 48 49.8 -1.8 59
DAYS MIN <= 0 0 0.5 -0.5 1
PRECIPITATION (INCHES)
RECORD
MAXIMUM 4.79 1998
MINIMUM 0.07 1929
TOTALS 1.83 1.99 -0.16 1.32
DAILY AVG. 0.02 0.02 0.00 0.01
DAYS >= .01 9 15.7 -6.7 14
DAYS >= .10 4 6.3 -2.3 6
DAYS >= .50 1 0.5 0.5 0
DAYS >= 1.00 0 0.0 0.0 0
SNOWFALL (INCHES)
RECORDS
TOTAL 19.6 1985
TOTALS 11.7 3.5 8.2 3.5
DAYS >= 1.0 2 1.3 0.7 2
GREATEST
SNOW DEPTH 4 11/08 1
DEGREE_DAYS
HEATING TOTAL 1273 1538 -265 1706
COOLING TOTAL 67 31 36 65
..............................................................
WIND (MPH)
AVERAGE WIND SPEED 6.4
HIGHEST WIND SPEED/DIRECTION 35/150 DATE 09/18
HIGHEST GUST SPEED/DIRECTION 45/160 DATE 09/18
AVERAGE RH (PERCENT) 39
WEATHER CONDITIONS. NUMBER OF DAYS WITH
THUNDERSTORM 0 MIXED PRECIP 0
HEAVY RAIN 1 RAIN 2
LIGHT RAIN 7 FREEZING RAIN 0
LT FREEZING RAIN 0 HAIL 0
HEAVY SNOW 1 SNOW 1
LIGHT SNOW 3 SLEET 0
FOG 5 FOG W/VIS <= 1/4 MILE 1
HAZE 24
- INDICATES NEGATIVE NUMBERS.
R INDICATES RECORD WAS SET OR TIED.
MM INDICATES DATA IS MISSING.
T INDICATES TRACE AMOUNT.
$$
&&
=====================================================================
...WARMER THAN NORMAL METEOROLOGICAL FALL IN WINNEMUCCA...
...SLIGHTLY DRIER THAN NORMAL METEORLOGICAL FALL IN WINNEMUCCA...
...2ND MOST SNOW FOR METEORLOGICAL FALL IN WINNEMUCCA...
SEPTEMBER 2020 WAS THE 4TH WARMEST ON RECORD WITH AN AVERAGE
TEMPERATURE OF 64.8 DEGREES.
THE AVERAGE TEMPERATURE IN WINNEMUCCA DURING METEOROLOGICAL FALL
(SEP-NOV) 2020 WAS 51.5 DEGREES...WHICH IS 2.8 DEGREES ABOVE THE
NORMAL 48.4 DEGREES. THE TOTAL PRECIPITATION WAS 1.83 INCHES...WHICH
IS 0.16 INCHES BELOW OR 92 PERCENT OF THE NORMAL OF 1.99 INCHES.
THE TOTAL SNOWFALL WAS 11.7 INCHES...WHICH IS 8.2 INCHES ABOVE OR 334
PERCENT OF THE 1981-2010 CLIMATOLOGICAL NORMAL OF 3.5 INCHES.
THE PERIOD OF RECORD FOR THE WINNEMUCCA AREA BEGAN IN 1877
$$
LM/SS