000
CXUS51 KCLE 010900
CF6YNG
PRELIMINARY LOCAL CLIMATOLOGICAL DATA (WS FORM: F-6)
STATION: YOUNGSTOWN OH
MONTH: NOVEMBER
YEAR: 2022
LATITUDE: 41 16 N
LONGITUDE: 80 40 W
TEMPERATURE IN F: :PCPN: SNOW: WIND :SUNSHINE: SKY :PK WND
================================================================================
1 2 3 4 5 6A 6B 7 8 9 10 11 12 13 14 15 16 17 18
12Z AVG MX 2MIN
DY MAX MIN AVG DEP HDD CDD WTR SNW DPTH SPD SPD DIR MIN PSBL S-S WX SPD DR
================================================================================
1 60 45 53 7 12 0 0.03 0.0 0 4.9 13 250 M M 8 1 16 250
2 56 39 48 2 17 0 0.00 0.0 0 3.6 9 90 M M 9 128 11 90
3 67 36 52 6 13 0 0.00 0.0 0 4.6 12 210 M M 5 12 17 180
4 71 53 62 16 3 0 0.00 0.0 0 9.3 15 160 M M 5 22 160
5 79 59 69 24 0 4 0.08 0.0 0 12.3 24 180 M M 7 35 190
6 72 54 63 18 2 0 0.01 0.0 0 8.7 22 230 M M 7 30 230
7 63 40 52 8 13 0 0.00 0.0 0 9.3 16 320 M M 2 23 310
8 56 33 45 1 20 0 0.00 0.0 0 6.8 15 50 M M 3 19 50
9 65 38 52 8 13 0 0.00 0.0 0 9.7 17 120 M M 3 22 130
10 70 47 59 16 6 0 0.00 0.0 0 8.8 15 210 M M 3 21 160
11 62 53 58 15 7 0 2.31 0.0 0 8.0 18 310 M M 10 1 23 320
12 55 35 45 2 20 0 0.02 T 0 9.8 18 310 M M 10 1 24 290
13 38 32 35 -7 30 0 0.05 0.5 0 10.2 22 290 M M 10 1 28 250
14 37 30 34 -8 31 0 T T 0 2.8 7 100 M M 10 8 10 70
15 38 30 34 -8 31 0 0.03 0.2 0 10.0 16 120 M M 9 18 22 120
16 37 32 35 -6 30 0 0.03 0.2 0 11.9 21 250 M M 10 1 26 250
17 37 28 33 -8 32 0 0.02 0.2 T 14.7 23 240 M M 10 1 29 230
18 31 25 28 -13 37 0 0.04 0.5 T 14.7 23 230 M M 9 189 31 230
19 31 22 27 -13 38 0 0.01 0.2 1 14.8 29 290 M M 9 1 38 280
20 28 18 23 -17 42 0 T T T 13.3 25 230 M M 4 34 240
21 46 18 32 -8 33 0 0.00 0.0 0 11.1 23 220 M M 2 36 220
22 52 28 40 1 25 0 0.00 0.0 0 9.0 20 240 M M 2 26 230
23 56 31 44 5 21 0 0.00 0.0 0 5.2 13 230 M M 1 17 230
24 58 25 42 3 23 0 T 0.0 0 6.2 12 170 M M 5 17 150
25 51 32 42 4 23 0 0.10 0.0 0 10.5 20 310 M M 6 1 29 270
26 55 29 42 4 23 0 0.00 0.0 0 6.9 14 180 M M 2 19 210
27 56 41 49 11 16 0 0.59 0.0 0 11.7 22 250 M M 10 1 32 200
28 43 36 40 3 25 0 0.03 0.0 0 5.5 15 310 M M 10 1 21 310
29 51 37 44 7 21 0 T 0.0 0 9.2 17 130 M M 9 18 25 160
30 53 27 40 3 25 0 1.05 T 0 14.0 30 260 M M 9 1 41 230
================================================================================
SM 1574 1053 632 4 4.40 1.8 277.5 M 199
================================================================================
AV 52.5 35.1 9.3 FASTST M M 7 MAX(MPH)
MISC ----> 30 260 41 230
================================================================================
NOTES:
# LAST OF SEVERAL OCCURRENCES
COLUMN 17 PEAK WIND IN M.P.H.
PRELIMINARY LOCAL CLIMATOLOGICAL DATA (WS FORM: F-6) , PAGE 2
STATION: YOUNGSTOWN OH
MONTH: NOVEMBER
YEAR: 2022
LATITUDE: 41 16 N
LONGITUDE: 80 40 W
[TEMPERATURE DATA] [PRECIPITATION DATA] SYMBOLS USED IN COLUMN 16
AVERAGE MONTHLY: 43.8 TOTAL FOR MONTH: 4.40 1 = FOG OR MIST
DPTR FM NORMAL: 2.3 DPTR FM NORMAL: 1.44 2 = FOG REDUCING VISIBILITY
HIGHEST: 79 ON 5 GRTST 24HR 2.31 ON 11-11 TO 1/4 MILE OR LESS
LOWEST: 18 ON 21,20 3 = THUNDER
SNOW, ICE PELLETS, HAIL 4 = ICE PELLETS
TOTAL MONTH: 1.8 INCHES 5 = HAIL
GRTST 24HR 0.5 ON 13-13 6 = FREEZING RAIN OR DRIZZLE
GRTST DEPTH: 1 ON 19 7 = DUSTSTORM OR SANDSTORM:
VSBY 1/2 MILE OR LESS
8 = SMOKE OR HAZE
[NO. OF DAYS WITH] [WEATHER - DAYS WITH] 9 = BLOWING SNOW
X = TORNADO
MAX 32 OR BELOW: 3 0.01 INCH OR MORE: 15
MAX 90 OR ABOVE: 0 0.10 INCH OR MORE: 4
MIN 32 OR BELOW: 15 0.50 INCH OR MORE: 3
MIN 0 OR BELOW: 0 1.00 INCH OR MORE: 2
[HDD (BASE 65) ]
TOTAL THIS MO. 632 CLEAR (SCALE 0-3) 5
DPTR FM NORMAL -73 PTCLDY (SCALE 4-7) 11
TOTAL FM JUL 1 1151 CLOUDY (SCALE 8-10) 14
DPTR FM NORMAL -106
[CDD (BASE 65) ]
TOTAL THIS MO. 4
DPTR FM NORMAL 4 [PRESSURE DATA]
TOTAL FM JAN 1 773 HIGHEST SLP 30.70 ON 8
DPTR FM NORMAL 140 LOWEST SLP 29.32 ON 27
[REMARKS]
#FINAL-11-22#