000
CXUS51 KPBZ 010730
CF6ZZV
PRELIMINARY LOCAL CLIMATOLOGICAL DATA (WS FORM: F-6)
STATION: ZANESVILLE OH
MONTH: JUNE
YEAR: 2022
LATITUDE: 39 56 N
LONGITUDE: 81 54 W
TEMPERATURE IN F: :PCPN: SNOW: WIND :SUNSHINE: SKY :PK WND
================================================================================
1 2 3 4 5 6A 6B 7 8 9 10 11 12 13 14 15 16 17 18
12Z AVG MX 2MIN
DY MAX MIN AVG DEP HDD CDD WTR SNW DPTH SPD SPD DIR MIN PSBL S-S WX SPD DR
================================================================================
1 89 65 77 10 0 12 0.62 M M 4.7 28 310 M M 2 13 43 330
2 75 58 67 0 0 2 0.23 M M 4.4 15 290 M M 7 13 20 280
3 78 52 65 -2 0 0 0.00 M M 3.0 12 320 M M 2 12 16 330
4 78 51 65 -3 0 0 0.00 M M 2.9 10 320 M M 0 14 330
5 80 51 66 -2 0 1 0.00 M M 3.6 13 100 M M 0 16 90
6 77 60 69 1 0 4 0.17 M M 7.2 18 170 M M 5 13 23 270
7 79 64 72 4 0 7 0.50 M M 7.2 15 250 M M 8 1 22 250
8 81 56 69 0 0 4 1.51 M M 3.4 36 270 M M 5 123 48 270
9 71 56 64 -5 1 0 0.01 M M 6.4 15 280 M M 6 22 290
10 75 52 64 -5 1 0 0.00 M M 2.5 8 230 M M 2 15 220
11 76 58 67 -3 0 2 T M M 5.3 12 190 M M 5 15 170
12 81 64 73 3 0 8 0.36 M M 4.4 15 240 M M 8 13 20 230
13 90 68 79 9 0 14 0.00 M M 3.0 9 260 M M 5 1 M M
14 83 M M M M M M M M 4.9 32 330 M M 5 1 50 320
15 94 71 83 12 0 18 0.00 M M 4.3 13 210 M M 2 12 19 170
16 92 72 82 11 0 17 1.03 M M 7.4 18 250 M M 3 13 25 260
17 86 69 78 7 0 13 0.00 M M 8.9 21 320 M M 1 27 320
18 74 52 63 -8 2 0 0.00 M M 9.3 17 340 M M 0 27 10
19 77 45 61 -11 4 0 0.00 M M 3.5 12 320 M M 0 17 330
20 75 55 65 -7 0 0 0.00 M M 3.6 10 180 M M 3 13 180
21 90 59 75 3 0 10 0.00 M M 4.3 14 270 M M 0 19 260
22 94 67 81 9 0 16 0.00 M M 4.1 17 200 M M 3 3 23 250
23 83 60 72 0 0 7 0.00 M M 5.2 13 330 M M 0 16 330
24 84 55 70 -3 0 5 0.00 M M 1.3 10 330 M M 0 14 330
25 87 56 72 -1 0 7 0.00 M M 1.7 8 220 M M 0 11 200
26 87 72 80 7 0 15 0.07 M M 6.1 22 300 M M 6 13 30 300
27 78 57 68 -5 0 3 0.00 M M 6.5 15 300 M M 2 20 300
28 79 51 65 -8 0 0 0.00 M M 2.3 10 230 M M 0 18 210
29 83 53 68 -5 0 3 0.00 M M 2.8 12 210 M M 0 1 14 210
30 88 55 72 -2 0 7 0.00 M M 3.5 14 190 M M 0 19 150
================================================================================
SM 2464 1704 8 175 4.50 M 137.7 M 80
================================================================================
AV 82.1 58.8 4.6 FASTST M M 3 MAX(MPH)
MISC ----> 36 270 50 320
================================================================================
NOTES:
# LAST OF SEVERAL OCCURRENCES
COLUMN 17 PEAK WIND IN M.P.H.
PRELIMINARY LOCAL CLIMATOLOGICAL DATA (WS FORM: F-6) , PAGE 2
STATION: ZANESVILLE OH
MONTH: JUNE
YEAR: 2022
LATITUDE: 39 56 N
LONGITUDE: 81 54 W
[TEMPERATURE DATA] [PRECIPITATION DATA] SYMBOLS USED IN COLUMN 16
AVERAGE MONTHLY: 70.4 TOTAL FOR MONTH: 4.50 1 = FOG OR MIST
DPTR FM NORMAL: -0.1 DPTR FM NORMAL: 0.21 2 = FOG REDUCING VISIBILITY
HIGHEST: 94 ON 22,15 GRTST 24HR 1.52 ON 8- 9 TO 1/4 MILE OR LESS
LOWEST: 45 ON 19 3 = THUNDER
SNOW, ICE PELLETS, HAIL 4 = ICE PELLETS
TOTAL MONTH: M 5 = HAIL
GRTST 24HR M ON M 6 = FREEZING RAIN OR DRIZZLE
GRTST DEPTH: M ON M 7 = DUSTSTORM OR SANDSTORM:
VSBY 1/2 MILE OR LESS
8 = SMOKE OR HAZE
[NO. OF DAYS WITH] [WEATHER - DAYS WITH] 9 = BLOWING SNOW
X = TORNADO
MAX 32 OR BELOW: 0 0.01 INCH OR MORE: 9
MAX 90 OR ABOVE: 5 0.10 INCH OR MORE: 7
MIN 32 OR BELOW: 0 0.50 INCH OR MORE: 4
MIN 0 OR BELOW: 0 1.00 INCH OR MORE: 2
[HDD (BASE 65) ]
TOTAL THIS MO. 8 CLEAR (SCALE 0-3) 20
DPTR FM NORMAL -14 PTCLDY (SCALE 4-7) 10
TOTAL FM JUL 1 4911 CLOUDY (SCALE 8-10) 0
DPTR FM NORMAL -355
[CDD (BASE 65) ]
TOTAL THIS MO. 175
DPTR FM NORMAL -12 [PRESSURE DATA]
TOTAL FM JAN 1 269 HIGHEST SLP 30.28 ON 19
DPTR FM NORMAL 4 LOWEST SLP 29.65 ON 8
[REMARKS]
#FINAL-06-22#