000
CXUS51 KBTV 010700
CF61V4
PRELIMINARY LOCAL CLIMATOLOGICAL DATA (WS FORM: F-6)

                                          STATION:   ST. JOHNSBURY VT
                                          MONTH:     MAY
                                          YEAR:      2015
                                          LATITUDE:   44 25 N
                                          LONGITUDE:  72  1 W

  TEMPERATURE IN F:       :PCPN:    SNOW:  WIND      :SUNSHINE: SKY     :PK WND
================================================================================
1   2   3   4   5  6A  6B    7    8   9   10  11  12  13   14  15   16   17  18
                                     12Z  AVG MX 2MIN
DY MAX MIN AVG DEP HDD CDD  WTR  SNW DPTH SPD SPD DIR MIN PSBL S-S WX    SPD DR
================================================================================

 1  63  45  54   3  11   0 0.00  0.0    0   M   M   M   M    M   0         M  M
 2  73  37  55   4  10   0 0.00  0.0    0   M   M   M   M    M   0         M  M
 3  77  36  57   5   8   0 0.00  0.0    0   M   M   M   M    M   0         M  M
 4  83  41  62  10   3   0 0.00  0.0    0   M   M   M   M    M   0         M  M
 5  71  45  58   5   7   0 0.01    M    0   M   M   M   M    M   0         M  M
 6  75  37  56   3   9   0 0.00  0.0    0   M   M   M   M    M   0         M  M
 7  83  40  62   9   3   0 0.00  0.0    0   M   M   M   M    M   0         M  M
 8  86  44  65  11   0   0 0.00  0.0    0   M   M   M   M    M   0         M  M
 9  81  49  65  11   0   0 0.00  0.0    0   M   M   M   M    M   0         M  M
10  82  63  73  19   0   8 0.15  0.0    0   M   M   M   M    M   0         M  M
11  71  54  63   8   2   0 0.56  0.0    0   M   M   M   M    M   0         M  M
12  76  54  65  10   0   0 0.43  0.0    0   M   M   M   M    M   0         M  M
13  58  38  48  -7  17   0 0.03    M    0   M   M   M   M    M   0         M  M
14  67  32  50  -6  15   0 0.00  0.0    0   M   M   M   M    M   0         M  M
15  71  33  52  -4  13   0 0.00  0.0    0   M   M   M   M    M   0         M  M
16  71  50  61   5   4   0 0.09  0.0    0   M   M   M   M    M   0         M  M
17  80  54  67  10   0   2 0.00  0.0    0   M   M   M   M    M   0         M  M
18  73  48  61   4   4   0 0.00  0.0    0   M   M   M   M    M   0         M  M
19  78  55  67   9   0   2 0.29  0.0    0   M   M   M   M    M   0         M  M
20  59  39  49  -9  16   0 0.00  0.0    0   M   M   M   M    M   0         M  M
21  69  34  52  -6  13   0 0.00  0.0    0   M   M   M   M    M   0         M  M
22  62  38  50  -8  15   0 0.00  0.0    0   M   M   M   M    M   0         M  M
23  60  34  47 -12  18   0 0.00  0.0    0   M   M   M   M    M   0         M  M
24  78  37  58  -1   7   0 0.00  0.0    0   M   M   M   M    M   0         M  M
25  74  49  62   3   3   0 0.14    M    0   M   M   M   M    M   0         M  M
26  87  60  74  14   0   9 0.00  0.0    0   M   M   M   M    M   0         M  M
27  80  62  71  11   0   6 0.01  0.0    0   M   M   M   M    M   0         M  M
28   M   M   M   M   M   M    M    M    M   M   M   M   M    M   M         M  M
29  83  55  69   8   0   4 0.00  0.0    M   M   M   M   M    M   0         M  M
30  87  57  72  11   0   7 0.86  0.0    0   M   M   M   M    M   0         M  M
31  68  47  58  -3   7   0 0.45    M    0   M   M   M   M    M   0         M  M
================================================================================
SM 2226 1367       185  38  3.02     0.0     M          M        0
================================================================================
AV 74.2 45.6                                 M FASTST   M    M   0    MAX(MPH)
                                 MISC ---->     M   M                  M    M
================================================================================
NOTES:
# LAST OF SEVERAL OCCURRENCES

COLUMN 17 PEAK WIND IN M.P.H.

PRELIMINARY LOCAL CLIMATOLOGICAL DATA (WS FORM: F-6) , PAGE 2

                                          STATION:  ST. JOHNSBURY VT
                                          MONTH:    MAY
                                          YEAR:     2015
                                          LATITUDE:   44 25 N
                                          LONGITUDE:  72  1 W

[TEMPERATURE DATA]      [PRECIPITATION DATA]       SYMBOLS USED IN COLUMN 16

AVERAGE MONTHLY: 59.9   TOTAL FOR MONTH:   3.02    1 = FOG OR MIST
DPTR FM NORMAL:   3.6   DPTR FM NORMAL:   -0.34    2 = FOG REDUCING VISIBILITY
HIGHEST:    87 ON 30,26 GRTST 24HR  1.22 ON 30-31      TO 1/4 MILE OR LESS
LOWEST:     32 ON 14                               3 = THUNDER
                        SNOW, ICE PELLETS, HAIL    4 = ICE PELLETS
                        TOTAL MONTH:   0.0 INCH    5 = HAIL
                        GRTST 24HR     0.0         6 = FREEZING RAIN OR DRIZZLE
                        GRTST DEPTH:   0           7 = DUSTSTORM OR SANDSTORM:
                                                       VSBY 1/2 MILE OR LESS
                                                   8 = SMOKE OR HAZE
[NO. OF DAYS WITH]      [WEATHER - DAYS WITH]      9 = BLOWING SNOW
                                                   X = TORNADO
MAX 32 OR BELOW:   0    0.01 INCH OR MORE:  11
MAX 90 OR ABOVE:   0    0.10 INCH OR MORE:   7
MIN 32 OR BELOW:   1    0.50 INCH OR MORE:   2
MIN  0 OR BELOW:   0    1.00 INCH OR MORE:   0

[HDD (BASE 65) ]
TOTAL THIS MO.   185    CLEAR  (SCALE 0-3)  30
DPTR FM NORMAL  -100    PTCLDY (SCALE 4-7)   0
TOTAL FM JUL 1  8227    CLOUDY (SCALE 8-10)  0
DPTR FM NORMAL   523

[CDD (BASE 65) ]
TOTAL THIS MO.    38
DPTR FM NORMAL    21    [PRESSURE DATA]
TOTAL FM JAN 1    38    HIGHEST SLP M ON M
DPTR FM NORMAL    20    LOWEST  SLP M ON M

[REMARKS]
#FINAL-05-15#
