000
CXUS55 KBOU 010731
CF633V
PRELIMINARY LOCAL CLIMATOLOGICAL DATA (WS FORM: F-6)

                                          STATION:   Walden
                                          MONTH:     APRIL
                                          YEAR:      2016
                                          LATITUDE:   40 45 N
                                          LONGITUDE: 106 16 W

  TEMPERATURE IN F:       :PCPN:    SNOW:  WIND      :SUNSHINE: SKY     :PK WND
================================================================================
1   2   3   4   5  6A  6B    7    8   9   10  11  12  13   14  15   16   17  18
                                     12Z  AVG MX 2MIN
DY MAX MIN AVG DEP HDD CDD  WTR  SNW DPTH SPD SPD DIR MIN PSBL S-S WX    SPD DR
================================================================================

 1  32  10  21   M  44   0    M    M    M  5.9 15 330   M    M   8        18 340
 2  43  14  29   M  36   0    M    M    M  6.9 13 220   M    M   0        17 220
 3  50  28  39   M  26   0    M    M    M  7.6 16 210   M    M   3        16 200
 4  55  30  43   M  22   0    M    M    M  8.7 21 250   M    M   2        28 250
 5  39  30  35   M  30   0    M    M    M 13.8 29 270   M    M   5        36 270
 6  30  23  27   M  38   0    M    M    M  2.3  6 190   M    M   0         M  M
 7  54  30  42   M  23   0    M    M    M  7.0 13 350   M    M   0         M  M
 8  59  21  40   M  25   0    M    M    M  4.7  9 130   M    M   0         M  M
 9  54  30  42   M  23   0    M    M    M 10.2 21 210   M    M   5        27 200
10  52  32  42   M  23   0    M    M    M 10.2 22 220   M    M   6        28 220
11  50  30  40   M  25   0    M    M    M  2.7 10  10   M    M   8         M  M
12  54  28  41   M  24   0    M    M    M  6.4 13 260   M    M   5        14  30
13  59  28  44   M  21   0    M    M    M  6.9 16 250   M    M   3        23 250
14  59  30  45   M  20   0    M    M    M 11.9 23 190   M    M   4        36 200
15  30  28  29   M  36   0    M    M    M  8.8 20 330   M    M  10        22 330
16  32  25  29   M  36   0    M    M    M 15.0 25 350   M    M  10        31 350
17  30  21  26   M  39   0    M    M    M 13.3 20 350   M    M   9        25 350
18  34  16  25   M  40   0    M    M    M  4.6  9 330   M    M   7         M  M
19  39  21  30   M  35   0    M    M    M  4.1  8 250   M    M   8         M  M
20  50  30  40   M  25   0    M    M    M  6.1 16 310   M    M   7        25 300
21  59  25  42   M  23   0    M    M    M  4.7  9 120   M    M   0         M  M
22  64  27  46   M  19   0    M    M    M  7.3 15 200   M    M   1        25 220
23  61  32  47   M  18   0    M    M    M 12.7 33 250   M    M   3        41 250
24  50  30  40   M  25   0    M    M    M 15.7 28 230   M    M   7        35 230
25  59  28  44   M  21   0    M    M    M  7.4 18 210   M    M   4        36  40
26  36  23  30   M  35   0    M    M    M  7.6 17 340   M    M  10        21 340
27  36  23  30   M  35   0    M    M    M  5.8 13 350   M    M   8         M  M
28  37  23  30   M  35   0    M    M    M  6.6 14 360   M    M   7        21 280
29  34  25  30   M  35   0    M    M    M  3.3  8 300   M    M   9         M  M
================================================================================
SM 1341  741       837   0    M     M    228.2          M      149
================================================================================
AV 46.2 25.6                               7.9 FASTST   M    M   5    MAX(MPH)
                                 MISC ---->    33   M                 41    M
================================================================================
NOTES:
# LAST OF SEVERAL OCCURRENCES

COLUMN 17 PEAK WIND IN M.P.H.

PRELIMINARY LOCAL CLIMATOLOGICAL DATA (WS FORM: F-6) , PAGE 2

                                          STATION:  Walden
                                          MONTH:    APRIL
                                          YEAR:     2016
                                          LATITUDE:   40 45 N
                                          LONGITUDE: 106 16 W

[TEMPERATURE DATA]      [PRECIPITATION DATA]       SYMBOLS USED IN COLUMN 16

AVERAGE MONTHLY: 35.9   TOTAL FOR MONTH:      M    1 = FOG OR MIST
DPTR FM NORMAL:     M   DPTR FM NORMAL:       M    2 = FOG REDUCING VISIBILITY
HIGHEST:    64 ON 22    GRTST 24HR    M  ON   M        TO 1/4 MILE OR LESS
LOWEST:     10 ON  1                               3 = THUNDER
                        SNOW, ICE PELLETS, HAIL    4 = ICE PELLETS
                        TOTAL MONTH:    M          5 = HAIL
                        GRTST 24HR    M  ON   M    6 = FREEZING RAIN OR DRIZZLE
                        GRTST DEPTH:  M  ON   M    7 = DUSTSTORM OR SANDSTORM:
                                                       VSBY 1/2 MILE OR LESS
                                                   8 = SMOKE OR HAZE
[NO. OF DAYS WITH]      [WEATHER - DAYS WITH]      9 = BLOWING SNOW
                                                   X = TORNADO
MAX 32 OR BELOW:   5    0.01 INCH OR MORE:   0
MAX 90 OR ABOVE:   0    0.10 INCH OR MORE:   0
MIN 32 OR BELOW:  29    0.50 INCH OR MORE:   0
MIN  0 OR BELOW:   0    1.00 INCH OR MORE:   0

[HDD (BASE 65) ]
TOTAL THIS MO.   837    CLEAR  (SCALE 0-3)  10
DPTR FM NORMAL     M    PTCLDY (SCALE 4-7)  14
TOTAL FM JUL 1  8948    CLOUDY (SCALE 8-10)  5
DPTR FM NORMAL     M

[CDD (BASE 65) ]
TOTAL THIS MO.     0
DPTR FM NORMAL     M    [PRESSURE DATA]
TOTAL FM JAN 1     0    HIGHEST SLP M ON M
DPTR FM NORMAL     M    LOWEST  SLP M ON M

[REMARKS]
