000
CXUS54 KEWX 230910
CF63T5
PRELIMINARY LOCAL CLIMATOLOGICAL DATA (WS FORM: F-6)

                                          STATION:   LA GRANGE
                                          MONTH:     SEPTEMBER
                                          YEAR:      2017
                                          LATITUDE:   29 54 N
                                          LONGITUDE:  96 57 W

  TEMPERATURE IN F:       :PCPN:    SNOW:  WIND      :SUNSHINE: SKY     :PK WND
================================================================================
1   2   3   4   5  6A  6B    7    8   9   10  11  12  13   14  15   16   17  18
                                     12Z  AVG MX 2MIN
DY MAX MIN AVG DEP HDD CDD  WTR  SNW DPTH SPD SPD DIR MIN PSBL S-S WX    SPD DR
================================================================================

 1  93  71  82   M   0  17 0.00    M    M  1.2  6 330   M    M   3         M  M
 2  93  71  82   M   0  17 0.00    M    M  1.6  6 200   M    M   1 1       M  M
 3  91  73  82   M   0  17 0.00    M    M  2.2  6 180   M    M   1         M  M
 4  91  71  81   M   0  16 0.00    M    M  1.6  6 190   M    M   2 1       M  M
 5  92  73  83   M   0  18 0.00    M    M  0.5  5 330   M    M   4 1       M  M
 6  86  64  75   M   0  10 0.00    M    M  5.3 10  30   M    M   2        18  50
 7  84  58  71   M   0   6 0.00    M    M  1.8  7  50   M    M   0         M  M
 8  85  60  73   M   0   8 0.00    M    M  1.7  7  90   M    M   0         M  M
 9  85  62  74   M   0   9 0.00    M    M  2.3  8  50   M    M   0         M  M
10  86  63  75   M   0  10 0.00    M    M  3.1  9  30   M    M   2        16  50
11  85  62  74   M   0   9 0.00    M    M  2.8 12 360   M    M   1        20  10
12  90  57  74   M   0   9 0.00    M    M  2.5  9 330   M    M   0         M  M
13  91  64  78   M   0  13 0.00    M    M  2.9  8 170   M    M   0         M  M
14  94  70  82   M   0  17 0.00    M    M  5.4 12 170   M    M   1         M  M
15  93  69  81   M   0  16 0.00    M    M  4.2  9 170   M    M   2 1      16 160
16  93  74  84   M   0  19 0.00    M    M  2.3  9 170   M    M   5 1       M  M
17  91  73  82   M   0  17 0.00    M    M  1.2  5 190   M    M   5 1       M  M
18  93  75  84   M   0  19    T    M    M  4.0 12 170   M    M   4 1      16 170
19  94  78  86   M   0  21 0.00    M    M  6.3 12 190   M    M   5 1       M  M
20  96  76  86   M   0  21 0.00    M    M  5.9  9 160   M    M   5 1      17 200
21  93  74  84   M   0  19 0.00    M    M  4.5 15 170   M    M   5 13     17 130
22  91  73  82   M   0  17 0.29  0.0    0  3.0 12 200   M    M   5 1       M  M
================================================================================
SM 1990 1511         0 325  0.29     0.0  66.3          M       53
================================================================================
AV 90.5 68.7                               3.0 FASTST   M    M   2    MAX(MPH)
                                 MISC ---->  # 15 170               # 20   10
================================================================================
NOTES:
# LAST OF SEVERAL OCCURRENCES

COLUMN 17 PEAK WIND IN M.P.H.

PRELIMINARY LOCAL CLIMATOLOGICAL DATA (WS FORM: F-6) , PAGE 2

                                          STATION:  LA GRANGE
                                          MONTH:    SEPTEMBER
                                          YEAR:     2017
                                          LATITUDE:   29 54 N
                                          LONGITUDE:  96 57 W

[TEMPERATURE DATA]      [PRECIPITATION DATA]       SYMBOLS USED IN COLUMN 16

AVERAGE MONTHLY: 79.6   TOTAL FOR MONTH:   0.29    1 = FOG OR MIST
DPTR FM NORMAL:     M   DPTR FM NORMAL:       M    2 = FOG REDUCING VISIBILITY
HIGHEST:    96 ON 20    GRTST 24HR  0.29 ON 22-22      TO 1/4 MILE OR LESS
LOWEST:     57 ON 12                               3 = THUNDER
                        SNOW, ICE PELLETS, HAIL    4 = ICE PELLETS
                        TOTAL MONTH:   0.0 INCH    5 = HAIL
                        GRTST 24HR     0.0         6 = FREEZING RAIN OR DRIZZLE
                        GRTST DEPTH:   0           7 = DUSTSTORM OR SANDSTORM:
                                                       VSBY 1/2 MILE OR LESS
                                                   8 = SMOKE OR HAZE
[NO. OF DAYS WITH]      [WEATHER - DAYS WITH]      9 = BLOWING SNOW
                                                   X = TORNADO
MAX 32 OR BELOW:   0    0.01 INCH OR MORE:   1
MAX 90 OR ABOVE:  16    0.10 INCH OR MORE:   1
MIN 32 OR BELOW:   0    0.50 INCH OR MORE:   0
MIN  0 OR BELOW:   0    1.00 INCH OR MORE:   0

[HDD (BASE 65) ]
TOTAL THIS MO.     0    CLEAR  (SCALE 0-3)  14
DPTR FM NORMAL     M    PTCLDY (SCALE 4-7)   8
TOTAL FM JUL 1     0    CLOUDY (SCALE 8-10)  0
DPTR FM NORMAL     M

[CDD (BASE 65) ]
TOTAL THIS MO.   325
DPTR FM NORMAL     M    [PRESSURE DATA]
TOTAL FM JAN 1  3139    HIGHEST SLP M ON M
DPTR FM NORMAL     M    LOWEST  SLP M ON M

[REMARKS]
