000
CXUS55 KABR 251400
CF6ABR
PRELIMINARY LOCAL CLIMATOLOGICAL DATA (WS FORM: F-6)

                                          STATION:   ABERDEEN SD
                                          MONTH:     FEBRUARY
                                          YEAR:      2017
                                          LATITUDE:   45 27 N
                                          LONGITUDE:  98 26 W

  TEMPERATURE IN F:       :PCPN:    SNOW:  WIND      :SUNSHINE: SKY     :PK WND
================================================================================
1   2   3   4   5  6A  6B    7    8   9   10  11  12  13   14  15   16   17  18
                                     12Z  AVG MX 2MIN
DY MAX MIN AVG DEP HDD CDD  WTR  SNW DPTH SPD SPD DIR MIN PSBL S-S WX    SPD DR
================================================================================

 1  22   9  16   3  49   0    T    T    T 13.6 25 310   M    M   5        32 320
 2  13   3   8  -6  57   0 0.00  0.0    0 10.6 22 320   M    M   0        25 310
 3  22  -1  11  -3  54   0 0.00  0.0    T 10.7 23 160   M    M   0        29 160
 4  31  10  21   7  44   0    T  0.1    T 16.3 25 170   M    M   2 18     32 180
 5  21   7  14   0  51   0 0.01  0.1    T  8.4 15 160   M    M   2        18 360
 6  19  13  16   1  49   0 0.00  0.0    T 14.4 24  30   M    M   5        29  30
 7  14  -2   6  -9  59   0    T  0.5    T 16.2 26 340   M    M   6 18     31 340
 8   6  -5   1 -14  64   0 0.00  0.0    1  9.0 16 290   M    M   3        21 280
 9  24  -5  10  -6  55   0 0.00  0.0    1 14.2 28 170   M    M   2        35 160
10  51  20  36  20  29   0 0.00  0.0    1  8.8 20 180   M    M   2        25 190
11  41  30  36  20  29   0 0.05  0.0    T  7.6 31 320   M    M   5 1      37 320
12  40  26  33  17  32   0 0.00  0.0    T 12.6 26 320   M    M   0        33 310
13  42  25  34  17  31   0 0.00  0.0    T 10.5 21 290   M    M   0        26 290
14  42  26  34  17  31   0 0.00  0.0    T 13.8 23 310   M    M   0 1      29 320
15  44  22  33  15  32   0 0.00  0.0    T  7.5 18 180   M    M   0 18     23 180
16  55  28  42  24  23   0 0.00  0.0    T  6.6 14 200   M    M   0        17 210
17  55  27  41  23  24   0 0.00  0.0    0  9.8 30 300   M    M   0        38 310
18  50  27  39  20  26   0 0.00  0.0    0  6.5 13 150   M    M   0 8      16 300
19  60  37  49  30  16   0 0.00  0.0    0 14.9 23 170   M    M   0        31 160
20  53  29  41  22  24   0 0.05  0.0    0 13.1 25 330   M    M   5 18     32 140
21  64  31  48  28  17   0 0.00  0.0    0  7.9 18 360   M    M   0        23 360
22  45  29  37  17  28   0 0.01    T    0 12.7 23 360   M    M   5 1      29 360
23  30  22  26   5  39   0 0.00  0.0    0 15.0 26  10   M    M   5        34  30
24  31  15  23   2  42   0 0.00  0.0    0 17.4 28  20   M    M   2        36  20
================================================================================
SM  875  423       905   0  0.12     0.7 278.1          M       49
================================================================================
AV 36.5 17.6                              11.6 FASTST   M    M   2    MAX(MPH)
                                 MISC ---->  # 31 320               # 38  310
================================================================================
NOTES:
# LAST OF SEVERAL OCCURRENCES

COLUMN 17 PEAK WIND IN M.P.H.

PRELIMINARY LOCAL CLIMATOLOGICAL DATA (WS FORM: F-6) , PAGE 2

                                          STATION:  ABERDEEN SD
                                          MONTH:    FEBRUARY
                                          YEAR:     2017
                                          LATITUDE:   45 27 N
                                          LONGITUDE:  98 26 W

[TEMPERATURE DATA]      [PRECIPITATION DATA]       SYMBOLS USED IN COLUMN 16

AVERAGE MONTHLY: 27.0   TOTAL FOR MONTH:   0.12    1 = FOG OR MIST
DPTR FM NORMAL:  10.2   DPTR FM NORMAL:   -0.33    2 = FOG REDUCING VISIBILITY
HIGHEST:    64 ON 21    GRTST 24HR  0.05 ON 20-20      TO 1/4 MILE OR LESS
LOWEST:     -5 ON  9, 8                            3 = THUNDER
                        SNOW, ICE PELLETS, HAIL    4 = ICE PELLETS
                        TOTAL MONTH:   0.7 INCH    5 = HAIL
                        GRTST 24HR   0.5 ON  7- 7  6 = FREEZING RAIN OR DRIZZLE
                        GRTST DEPTH:   1 ON 10, 9  7 = DUSTSTORM OR SANDSTORM:
                                                       VSBY 1/2 MILE OR LESS
                                                   8 = SMOKE OR HAZE
[NO. OF DAYS WITH]      [WEATHER - DAYS WITH]      9 = BLOWING SNOW
                                                   X = TORNADO
MAX 32 OR BELOW:  11    0.01 INCH OR MORE:   4
MAX 90 OR ABOVE:   0    0.10 INCH OR MORE:   0
MIN 32 OR BELOW:  23    0.50 INCH OR MORE:   0
MIN  0 OR BELOW:   4    1.00 INCH OR MORE:   0

[HDD (BASE 65) ]
TOTAL THIS MO.   905    CLEAR  (SCALE 0-3)  17
DPTR FM NORMAL  -252    PTCLDY (SCALE 4-7)   7
TOTAL FM JUL 1  5463    CLOUDY (SCALE 8-10)  0
DPTR FM NORMAL  -828

[CDD (BASE 65) ]
TOTAL THIS MO.     0
DPTR FM NORMAL     0    [PRESSURE DATA]
TOTAL FM JAN 1     0    HIGHEST SLP M ON M
DPTR FM NORMAL     0    LOWEST  SLP 29.40 ON 17

[REMARKS]
