000
CXUS54 KFWD 250730
CF6ACT
PRELIMINARY LOCAL CLIMATOLOGICAL DATA (WS FORM: F-6)

                                          STATION:   WACO
                                          MONTH:     DECEMBER
                                          YEAR:      2014
                                          LATITUDE:   31 37 N
                                          LONGITUDE:  97 13 W

  TEMPERATURE IN F:       :PCPN:    SNOW:  WIND      :SUNSHINE: SKY     :PK WND
================================================================================
1   2   3   4   5  6A  6B    7    8   9   10  11  12  13   14  15   16   17  18
                                     12Z  AVG MX 2MIN
DY MAX MIN AVG DEP HDD CDD  WTR  SNW DPTH SPD SPD DIR MIN PSBL S-S WX    SPD DR
================================================================================

 1  64  37  51  -1  14   0 0.01  0.0    0 15.4 26 340   M    M  10 1      34 350
 2  49  36  43  -8  22   0 0.00  0.0    0  7.8 16 180   M    M  10        19 340
 3  61  48  55   4  10   0    T  0.0    0  7.1 15 190   M    M  10 18     18 190
 4  63  53  58   7   7   0 0.01  0.0    0  6.1 15 140   M    M   9 128    19 150
 5  76  61  69  19   0   4    T  0.0    0 11.6 21 210   M    M   7 1      28 210
 6  69  49  59   9   6   0 0.00  0.0    0 12.0 18  20   M    M   3        23 340
 7  52  45  49  -1  16   0 0.00  0.0    0  6.3 13 340   M    M   8 1      14 360
 8  59  37  48  -1  17   0 0.00  0.0    0  4.5 12 330   M    M   3 12     14 330
 9  62  34  48  -1  17   0 0.00  0.0    0  1.9  7 100   M    M   3 128     9 110
10  61  35  48  -1  17   0 0.00  0.0    0  4.6 10 170   M    M   8 128    13 170
11  65  53  59  10   6   0 0.01  0.0    0  7.4 15 200   M    M  10 1      19 210
12  69  55  62  14   3   0    T  0.0    0  8.1 16 230   M    M   7        20 220
13  70  51  61  13   4   0 0.00  0.0    0  9.2 20 160   M    M   5 128    25 170
14  70  60  65  17   0   0 0.02  0.0    0 12.7 23 170   M    M  10 1      27 170
15  69  39  54   6  11   0 0.02  0.0    0 10.3 18 290   M    M   1 1      24 270
16  57  36  47  -1  18   0 0.00  0.0    0  8.2 22 350   M    M   1        29 330
17  49  42  46  -2  19   0 0.03  0.0    0  6.7 15 110   M    M  10 1      18 130
18  52  45  49   1  16   0    T  0.0    0  6.4 15  30   M    M  10 1      17  40
19  49  46  48   1  17   0 0.26  0.0    0  9.8 18 350   M    M  10 13     22 350
20  51  47  49   2  16   0 0.00  0.0    0  5.8 10  10   M    M  10 1      12 360
21  55  47  51   4  14   0 0.00  0.0    0 11.2 21 180   M    M  10 1      26 180
22  74  51  63  16   2   0 0.00  0.0    0 12.0 21 260   M    M   3        27 200
23  54  42  48   1  17   0 0.15  0.0    0 11.4 24 350   M    M   7 1      32 340
24  55  31  43  -4  22   0 0.00  0.0    0 11.7 22 320   M    M   2        29 320
================================================================================
SM 1455 1080       291   4  0.51     0.0 208.2          M      167
================================================================================
AV 60.6 45.0                               8.7 FASTST   M    M   7    MAX(MPH)
                                 MISC ---->  # 26 340               # 34  350
================================================================================
NOTES:
# LAST OF SEVERAL OCCURRENCES

COLUMN 17 PEAK WIND IN M.P.H.

PRELIMINARY LOCAL CLIMATOLOGICAL DATA (WS FORM: F-6) , PAGE 2

                                          STATION:  WACO
                                          MONTH:    DECEMBER
                                          YEAR:     2014
                                          LATITUDE:   31 37 N
                                          LONGITUDE:  97 13 W

[TEMPERATURE DATA]      [PRECIPITATION DATA]       SYMBOLS USED IN COLUMN 16

AVERAGE MONTHLY: 52.8   TOTAL FOR MONTH:   0.51    1 = FOG OR MIST
DPTR FM NORMAL:   4.1   DPTR FM NORMAL:   -1.65    2 = FOG REDUCING VISIBILITY
HIGHEST:    76 ON  5    GRTST 24HR  0.26 ON 19-19      TO 1/4 MILE OR LESS
LOWEST:     31 ON 24                               3 = THUNDER
                        SNOW, ICE PELLETS, HAIL    4 = ICE PELLETS
                        TOTAL MONTH:   0.0 INCH    5 = HAIL
                        GRTST 24HR     0.0         6 = FREEZING RAIN OR DRIZZLE
                        GRTST DEPTH:   0           7 = DUSTSTORM OR SANDSTORM:
                                                       VSBY 1/2 MILE OR LESS
                                                   8 = SMOKE OR HAZE
[NO. OF DAYS WITH]      [WEATHER - DAYS WITH]      9 = BLOWING SNOW
                                                   X = TORNADO
MAX 32 OR BELOW:   0    0.01 INCH OR MORE:   8
MAX 90 OR ABOVE:   0    0.10 INCH OR MORE:   2
MIN 32 OR BELOW:   1    0.50 INCH OR MORE:   0
MIN  0 OR BELOW:   0    1.00 INCH OR MORE:   0

[HDD (BASE 65) ]
TOTAL THIS MO.   291    CLEAR  (SCALE 0-3)   6
DPTR FM NORMAL  -103    PTCLDY (SCALE 4-7)   6
TOTAL FM JUL 1   673    CLOUDY (SCALE 8-10) 12
DPTR FM NORMAL   -49

[CDD (BASE 65) ]
TOTAL THIS MO.     4
DPTR FM NORMAL     4    [PRESSURE DATA]
TOTAL FM JAN 1  2754    HIGHEST SLP M ON M
DPTR FM NORMAL   -38    LOWEST  SLP 29.54 ON 22

[REMARKS]
