000
CXUS56 KEKA 311230
CF6ACV
PRELIMINARY LOCAL CLIMATOLOGICAL DATA (WS FORM: F-6)

                                          STATION:   ARCATA CA
                                          MONTH:     OCTOBER
                                          YEAR:      2014
                                          LATITUDE:   40 58 N
                                          LONGITUDE: 124  6 W

  TEMPERATURE IN F:       :PCPN:    SNOW:  WIND      :SUNSHINE: SKY     :PK WND
================================================================================
1   2   3   4   5  6A  6B    7    8   9   10  11  12  13   14  15   16   17  18
                                     12Z  AVG MX 2MIN
DY MAX MIN AVG DEP HDD CDD  WTR  SNW DPTH SPD SPD DIR MIN PSBL S-S WX    SPD DR
================================================================================

 1  72  44  58   4   7   0 0.00  0.0    0  6.6 22 320   M    M   0        26 320
 2  71  45  58   4   7   0    T    M    0  2.5  9 290   M    M   0 18     11 320
 3  82  50  66  12   0   1 0.00  0.0    0  3.2  8 320   M    M   0        10 300
 4  73  50  62   8   3   0 0.00  0.0    0  2.7  8 320   M    M   0        11 310
 5  73  50  62   8   3   0 0.00  0.0    0  2.1  7 290   M    M   0 18     11 310
 6  60  50  55   1  10   0 0.00  0.0    0  1.8  7 240   M    M   5 2       9 280
 7  60  51  56   2   9   0 0.00  0.0    0  1.8  9 290   M    M   9 2      12 280
 8  60  52  56   2   9   0 0.00  0.0    0  3.5 13 310   M    M   8 2      15 300
 9  60  53  57   3   8   0 0.00  0.0    0  3.4 14 320   M    M  10 1      16 330
10  60  53  57   3   8   0 0.00  0.0    0  3.5 14 330   M    M  10 1      17 330
11  66  48  57   3   8   0 0.00  0.0    0  6.4 20 320   M    M   5 28     24 330
12  71  44  58   4   7   0 0.00  0.0    0  2.6 10 320   M    M   1 18     16 350
13  68  43  56   2   9   0 0.00  0.0    0  2.9 12 290   M    M   2 28     15 290
14  64  50  57   4   8   0 0.48  0.0    0  5.7 25 240   M    M   6 18     31 250
15  65  49  57   4   8   0 0.08    M    0  8.2 21 210   M    M   4 1      26 200
16  69  49  59   6   6   0    T  0.0    0  5.4 14 230   M    M   2        20 210
17  69  55  62   9   3   0 0.37  0.0    0  7.6 21 140   M    M   8 1      28 140
18  68  55  62   9   3   0 0.05  0.0    0  2.8  9 200   M    M   9 28     13 200
19  69  57  63  10   2   0 0.08  0.0    0  8.1 21 220   M    M   5 2      28 210
20  67  52  60   7   5   0 0.86  0.0    0  8.3 16 210   M    M   7 18     21 210
21  65  53  59   6   6   0 0.00  0.0    0  6.3 10 130   M    M   4 8      15 120
22  67  58  63  10   2   0 0.66  0.0    0 10.9 23 180   M    M  10 1      31 160
23  61  56  59   6   6   0 1.35  0.0    0  6.2 29 120   M    M  10 2      39 120
24  73  55  64  12   1   0 0.23  0.0    0 11.1 24 160   M    M   5 1      33 180
25  67  50  59   7   6   0 0.45  0.0    0 12.6 36 230   M    M  10 18     57 210
26  60  44  52   0  13   0 0.06    M    0  4.2 10 280   M    M   3 18     12 280
27  59  42  51  -1  14   0 0.00  0.0    0  3.3 10 320   M    M   0        12 320
28  67  45  56   4   9   0 0.17    M    0  5.3 10 120   M    M   8 18     13 130
29  67  56  62  10   3   0 0.01  0.0    0  2.2  9 340   M    M   8 128    14  50
30  64  54  59   7   6   0 0.31  0.0    0  3.2 13 240   M    M   8 28     16 260
================================================================================
SM 1997 1513       189   1  5.16     0.0 154.4          M      157
================================================================================
AV 66.6 50.4                               5.1 FASTST   M    M   5    MAX(MPH)
                                 MISC ---->  # 36 230               # 57  210
================================================================================
NOTES:
# LAST OF SEVERAL OCCURRENCES

COLUMN 17 PEAK WIND IN M.P.H.

PRELIMINARY LOCAL CLIMATOLOGICAL DATA (WS FORM: F-6) , PAGE 2

                                          STATION:  ARCATA CA
                                          MONTH:    OCTOBER
                                          YEAR:     2014
                                          LATITUDE:   40 58 N
                                          LONGITUDE: 124  6 W

[TEMPERATURE DATA]      [PRECIPITATION DATA]       SYMBOLS USED IN COLUMN 16

AVERAGE MONTHLY: 58.5   TOTAL FOR MONTH:   5.16    1 = FOG OR MIST
DPTR FM NORMAL:   5.3   DPTR FM NORMAL:    2.47    2 = FOG REDUCING VISIBILITY
HIGHEST:    82 ON  3    GRTST 24HR  1.96 ON 22-23      TO 1/4 MILE OR LESS
LOWEST:     42 ON 27                               3 = THUNDER
                        SNOW, ICE PELLETS, HAIL    4 = ICE PELLETS
                        TOTAL MONTH:   0.0 INCH    5 = HAIL
                        GRTST 24HR     0.0         6 = FREEZING RAIN OR DRIZZLE
                        GRTST DEPTH:   0           7 = DUSTSTORM OR SANDSTORM:
                                                       VSBY 1/2 MILE OR LESS
                                                   8 = SMOKE OR HAZE
[NO. OF DAYS WITH]      [WEATHER - DAYS WITH]      9 = BLOWING SNOW
                                                   X = TORNADO
MAX 32 OR BELOW:   0    0.01 INCH OR MORE:  14
MAX 90 OR ABOVE:   0    0.10 INCH OR MORE:   9
MIN 32 OR BELOW:   0    0.50 INCH OR MORE:   3
MIN  0 OR BELOW:   0    1.00 INCH OR MORE:   1

[HDD (BASE 65) ]
TOTAL THIS MO.   189    CLEAR  (SCALE 0-3)   9
DPTR FM NORMAL  -166    PTCLDY (SCALE 4-7)  12
TOTAL FM JUL 1   742    CLOUDY (SCALE 8-10)  9
DPTR FM NORMAL  -445

[CDD (BASE 65) ]
TOTAL THIS MO.     1
DPTR FM NORMAL     1    [PRESSURE DATA]
TOTAL FM JAN 1     9    HIGHEST SLP M ON M
DPTR FM NORMAL     8    LOWEST  SLP 29.50 ON 25

[REMARKS]
