000
CXUS56 KEKA 291230
CF6ACV
PRELIMINARY LOCAL CLIMATOLOGICAL DATA (WS FORM: F-6)

                                          STATION:   ARCATA CA
                                          MONTH:     APRIL
                                          YEAR:      2016
                                          LATITUDE:   40 58 N
                                          LONGITUDE: 124  6 W

  TEMPERATURE IN F:       :PCPN:    SNOW:  WIND      :SUNSHINE: SKY     :PK WND
================================================================================
1   2   3   4   5  6A  6B    7    8   9   10  11  12  13   14  15   16   17  18
                                     12Z  AVG MX 2MIN
DY MAX MIN AVG DEP HDD CDD  WTR  SNW DPTH SPD SPD DIR MIN PSBL S-S WX    SPD DR
================================================================================

 1  56  47  52   4  13   0 0.00  0.0    M  4.3 12 290   M    M   6        17 290
 2  57  44  51   3  14   0 0.00  0.0    0  3.5 10 300   M    M   6 1      15 300
 3  64  43  54   6  11   0 0.25    M    0  4.6 20 330   M    M   7 28     24 330
 4  59  42  51   3  14   0 0.00  0.0    0  9.6 22 330   M    M   1 1      28 340
 5  70  40  55   7  10   0 0.00  0.0    0  7.5 22 320   M    M   0        26 330
 6  82  46  64  16   1   0 0.00  0.0    0  4.0 10 320   M    M   0 8      13 320
 7  73  52  63  15   2   0 0.00  0.0    0  5.1 12 330   M    M   2        15 330
 8  61  52  57   9   8   0 0.00  0.0    0  4.7 13 330   M    M   7 1      15 320
 9  59  51  55   7  10   0 0.03  0.0    0  3.7  8 160   M    M   9 13     10 220
10  58  53  56   8   9   0 0.01  0.0    0  7.6 18 320   M    M  10 1      23 320
11  59  49  54   6  11   0    T    M    0  5.6 13 330   M    M   9        16 330
12  60  48  54   6  11   0 0.11    M    0  3.3 13 310   M    M   7 1      14 310
13  63  46  55   7  10   0 0.48    M    0  9.8 30 200   M    M   5 18     42 210
14  56  48  52   3  13   0 0.30    M    0  7.6 20 280   M    M   7 18     30 280
15  60  40  50   1  15   0    T    M    0  8.2 23 320   M    M   1 18     28 320
16  69  41  55   6  10   0 0.00  0.0    0  4.0 16 340   M    M   2 128    20 340
17  75  48  62  13   3   0 0.00  0.0    0  3.3 10  90   M    M   0 8      12  90
18  67  48  58   9   7   0 0.00  0.0    0  2.7  9 290   M    M   1 128    11 290
19  68  48  58   9   7   0 0.00  0.0    0  3.3 14 270   M    M   1 18     15 260
20  65  49  57   8   8   0 0.00  0.0    0  4.1 10 240   M    M   2 1      13 240
21  66  50  58   9   7   0 0.59  0.0    0  8.4 25 200   M    M   6 1      33 200
22  58  50  54   5  11   0 0.58  0.0    0  7.2 24 210   M    M   9 18     31 210
23  59  51  55   6  10   0 0.14  0.0    0  5.0 14 230   M    M  10 1      15 220
24  58  47  53   4  12   0 0.15    M    0 11.1 23 340   M    M   5 1      30 350
25  59  41  50   0  15   0 0.00  0.0    0 11.1 25 330   M    M   3        32 330
26  58  42  50   0  15   0    T    M    0  5.5 16 310   M    M   4        20 300
27  57  49  53   3  12   0 0.57    M    0 10.8 22 340   M    M  10 1      30 350
28  61  50  56   6   9   0 0.01  0.0    0  8.9 23 340   M    M   7 18     32 330
================================================================================
SM 1757 1315       278   0  3.22     0.0 174.5          M      137
================================================================================
AV 62.8 47.0                               6.2 FASTST   M    M   5    MAX(MPH)
                                 MISC ---->  # 30 200               # 42  210
================================================================================
NOTES:
# LAST OF SEVERAL OCCURRENCES

COLUMN 17 PEAK WIND IN M.P.H.

PRELIMINARY LOCAL CLIMATOLOGICAL DATA (WS FORM: F-6) , PAGE 2

                                          STATION:  ARCATA CA
                                          MONTH:    APRIL
                                          YEAR:     2016
                                          LATITUDE:   40 58 N
                                          LONGITUDE: 124  6 W

[TEMPERATURE DATA]      [PRECIPITATION DATA]       SYMBOLS USED IN COLUMN 16

AVERAGE MONTHLY: 54.9   TOTAL FOR MONTH:   3.22    1 = FOG OR MIST
DPTR FM NORMAL:   6.2   DPTR FM NORMAL:   -0.93    2 = FOG REDUCING VISIBILITY
HIGHEST:    82 ON  6    GRTST 24HR  1.17 ON 21-22      TO 1/4 MILE OR LESS
LOWEST:     40 ON 15, 5                            3 = THUNDER
                        SNOW, ICE PELLETS, HAIL    4 = ICE PELLETS
                        TOTAL MONTH:   0.0 INCH    5 = HAIL
                        GRTST 24HR     0.0         6 = FREEZING RAIN OR DRIZZLE
                        GRTST DEPTH:   0           7 = DUSTSTORM OR SANDSTORM:
                                                       VSBY 1/2 MILE OR LESS
                                                   8 = SMOKE OR HAZE
[NO. OF DAYS WITH]      [WEATHER - DAYS WITH]      9 = BLOWING SNOW
                                                   X = TORNADO
MAX 32 OR BELOW:   0    0.01 INCH OR MORE:  12
MAX 90 OR ABOVE:   0    0.10 INCH OR MORE:   9
MIN 32 OR BELOW:   0    0.50 INCH OR MORE:   3
MIN  0 OR BELOW:   0    1.00 INCH OR MORE:   0

[HDD (BASE 65) ]
TOTAL THIS MO.   278    CLEAR  (SCALE 0-3)  11
DPTR FM NORMAL  -179    PTCLDY (SCALE 4-7)  11
TOTAL FM JUL 1  3231    CLOUDY (SCALE 8-10)  6
DPTR FM NORMAL -1064

[CDD (BASE 65) ]
TOTAL THIS MO.     0
DPTR FM NORMAL     0    [PRESSURE DATA]
TOTAL FM JAN 1     0    HIGHEST SLP M ON M
DPTR FM NORMAL     0    LOWEST  SLP 29.66 ON 21

[REMARKS]
