000
CXAK56 PADQ 281318
CF6ADQ

PRELIMINARY LOCAL CLIMATOLOGICAL DATA (WS FORM: F-6)

                                          STATION:   KODIAK
                                          MONTH:     08
                                          YEAR:      2016
                                          LATITUDE:   57 45 N
                                          LONGITUDE: 152 30 W

  TEMPERATURE IN F:       :PCPN:    SNOW:  WIND      :SUNSHINE: SKY     :PK WND
================================================================================
1   2   3   4   5  6A  6B    7     8   9   10  11  12  13   14  15   16  17  18
                                      12Z  AVG MX 2MIN
DY MAX MIN AVG DEP HDD CDD  WTR   SNW DPTH SPD SPD DIR MIN PSBL S-S WX   SPD DR
================================================================================

 1  64  54  59   3   6   0  0.02  0.0   0  8.5 18  130   M    M   M 1     22 130
 2  67  49  58   2   7   0  0.00  0.0   0  5.5 16  280   M    M   M 8     20 290
 3  65  50  58   2   7   0  0.14  0.0   0  5.6 10  110   M    M   M 1     16 120
 4  69  57  63   7   2   0  0.10  0.0   0  6.2 16  180   M    M   M 1     21 140
 5  70  57  64   8   1   0  0.07  0.0   0  6.1 18  140   M    M   M       23 140
 6  65  56  61   5   4   0  0.10  0.0   0  9.9 20  140   M    M   M 1     24 160
 7  63  55  59   3   6   0  0.06  0.0   0  4.0 14  110   M    M   M 1     17 120
 8  70  52  61   5   4   0     T  0.0   0  6.1 15  290   M    M   M 1     20 310
 9  65  48  57   1   8   0     T  0.0   0  4.8  9   40   M    M   M 18    11  20
10  58  53  56   0   9   0  0.02  0.0   0  4.3 13   40   M    M   M 1     14  30
11  60  50  55  -1  10   0  0.05  0.0   0  3.6 10   90   M    M   M 1     13 100
12  63  48  56   0   9   0  0.00  0.0   0  5.7 15   90   M    M   M 2     18 100
13  57  54  56   0   9   0  0.28  0.0   0 12.6 23  110   M    M   M 1     26 100
14  59  53  56   0   9   0  0.61  0.0   0  5.2 12   40   M    M   M 1     13  40
15  63  50  57   1   8   0  0.00  0.0   0  5.8 10   70   M    M   M       17 320
16  62  50  56   1   9   0  0.12  0.0   0  7.7 16  100   M    M   M 1     19 100
17  62  55  59   4   6   0  0.81  0.0   0 14.4 29   60   M    M   M 1     33  70
18  65  54  60   5   5   0  0.03  0.0   0  6.8 14  190   M    M   M 1     19 210
19  64  52  58   3   7   0  0.00  0.0   0  4.9  9  310   M    M   M       12 320
20  64  47  56   1   9   0  0.00  0.0   0  3.6  9  290   M    M   M       14 310
21  58  54  56   1   9   0  0.13  0.0   0 10.1 26  150   M    M   M 1     34 140
22  58  54  56   1   9   0  0.20  0.0   0  5.7 16  130   M    M   M 1     19 130
23  61  55  58   3   7   0  0.16  0.0   0  8.7 17  120   M    M   M 1     20 120
24  65  56  61   6   4   0  0.09  0.0   0  8.4 17  160   M    M   M 1     21 150
25  62  53  58   3   7   0  0.28  0.0   0  2.3  9  290   M    M   M 2     10 290
26  65  49  57   3   8   0  0.01  0.0   0  4.7 15  300   M    M   M       19 310
27  73  60  67  13   0   2  0.00  0.0   0 13.2 24  280   M    M   M       30 270
================================================================================
SM 1717 1425       179   2  3.28 0.0    184.4           M        M
================================================================================
AV 63.6 52.8                              6.8 FASTST  PSBL  %   M    MAX(MPH)
                                 MISC ---->     29   60                 34 140
================================================================================
NOTES:
# LAST OF SEVERAL OCCURRENCES

COLUMN 17 PEAK WIND IN M.P.H.

PRELIMINARY LOCAL CLIMATOLOGICAL DATA (WS FORM: F-6) , PAGE 2

                                          STATION:   KODIAK
                                          MONTH:     08
                                          YEAR:      2016
                                          LATITUDE:  57 45 N
                                          LONGITUDE: 152 30 W

[TEMPERATURE DATA]      [PRECIPITATION DATA]       SYMBOLS USED IN COLUMN 16

AVERAGE MONTHLY:58.2   TOTAL FOR MONTH: 3.28       1 = FOG
DPTR FM NORMAL:  2.7   DPTR FM NORMAL: -0.60       2 = FOG REDUCING VISIBILITY
HIGHEST:    73 ON 27    GRTST 24HR   0.81 ON 17        TO 1/4 MILE OR LESS
LOWEST:     47 ON 20                               3 = THUNDER
                        SNOW, ICE PELLETS, HAIL    4 = ICE PELLETS
                        TOTAL MONTH: 0.0         5 = HAIL
                        GRTST 24HR   0.0           6 = GLAZE OR RIME
                        GRTST DEPTH:    0          7 = BLOWING DUST OR SAND:
                                                       VSBY 1/2 MILE OR LESS
                                                   8 = SMOKE OR HAZE
[NO. OF DAYS WITH]      [WEATHER - DAYS WITH]      9 = BLOWING SNOW
                                                   X = TORNADO
MAX 32 OR BELOW:   0    0.01 INCH OR MORE:  19
MAX 70 OR ABOVE:   3    0.10 INCH OR MORE:  11
MIN 32 OR BELOW:   0    0.50 INCH OR MORE:   2
MIN  0 OR BELOW:   0    1.00 INCH OR MORE:   0

[HDD (BASE 65) ]
TOTAL THIS MO.   179    CLEAR  (SCALE 0-3)   M
DPTR FM NORMAL   -80    PTCLDY (SCALE 4-7)   M
SEASONAL TOTAL   350    CLOUDY (SCALE 8-10)  M
DPTR FM NORMAL  -235

[CDD (BASE 65) ]
TOTAL THIS MO.     2
DPTR FM NORMAL     2    [PRESSURE DATA]
SEASONAL TOTAL    22    HIGHEST SLP     M
DPTR FM NORMAL    22    LOWEST  SLP     M

[REMARKS]
