000
CXUS54 KLCH 262110
CF6AEX
PRELIMINARY LOCAL CLIMATOLOGICAL DATA (WS FORM: F-6)

                                          STATION:   ALEXANDRIA
                                          MONTH:     JANUARY
                                          YEAR:      2015
                                          LATITUDE:   31 19 N
                                          LONGITUDE:  92 33 W

  TEMPERATURE IN F:       :PCPN:    SNOW:  WIND      :SUNSHINE: SKY     :PK WND
================================================================================
1   2   3   4   5  6A  6B    7    8   9   10  11  12  13   14  15   16   17  18
                                     12Z  AVG MX 2MIN
DY MAX MIN AVG DEP HDD CDD  WTR  SNW DPTH SPD SPD DIR MIN PSBL S-S WX    SPD DR
================================================================================

 1  43  37  40  -9  25   0 0.62  0.0    0  5.8 15  70   M    M  10 1      21  70
 2  54  42  48  -1  17   0 0.17    M    0  3.9  8 110   M    M   9 12     13  20
 3  68  50  59  10   6   0 1.00  0.0    0  5.8 16 140   M    M  10 123    24 170
 4  50  36  43  -6  22   0 0.00  0.0    0  9.0 21 320   M    M   5 1      24 320
 5  50  28  39 -10  26   0 0.00  0.0    0  4.9 13  10   M    M   0        17  20
 6  63  27  45  -4  20   0 0.00  0.0    0  0.3  7 310   M    M   0         9 310
 7  52  26  39 -10  26   0    T    M    0  9.7 21  30   M    M   4        29  10
 8  37  18  28 -21  37   0 0.00  0.0    0  6.4 17  40   M    M   1        23  40
 9  39  32  36 -13  29   0 0.00    M    0  2.7  9  20   M    M  10 18     13  30
10  45  29  37 -12  28   0 0.00  0.0    0  5.4 12  70   M    M   7        17 100
11  56  36  46  -3  19   0 0.00    M    0  7.0 17 130   M    M   8 18     21 130
12  56  42  49   0  16   0 0.42    M    0  8.4 15  10   M    M   9 1      20  10
13  42  34  38 -11  27   0 0.00  0.0    0  8.5 15  10   M    M  10 18     20  20
14  39  32  36 -13  29   0    T    M    0  5.2 12  20   M    M  10 1      15  10
15  51  32  42  -7  23   0 0.11    M    0  3.8 12  20   M    M   4 1      15  20
16  58  28  43  -6  22   0 0.00  0.0    0  1.0  6 140   M    M   0 1       8 200
17  63  31  47  -2  18   0 0.00  0.0    0  5.0 15 230   M    M   0 1      18 220
18  67  38  53   4  12   0 0.00  0.0    0  3.6 12 330   M    M   0 1      15 320
19  70  30  50   1  15   0 0.00  0.0    0  4.4 12 190   M    M   0        15 180
20  71  42  57   8   8   0 0.00  0.0    0  1.6  9 190   M    M   3 1      11  40
21  66  48  57   8   8   0 0.00  0.0    0  5.8 14  50   M    M   5 8      18  40
22  55  41  48  -1  17   0 1.20    M    0 11.0 20  40   M    M   9 18     30  40
23  42  35  39 -10  26   0 0.19    M    0 10.0 21 320   M    M   9 1      25 320
24  59  30  45  -4  20   0 0.00  0.0    0  4.0 14 240   M    M   0 1      18 260
25  67  38  53   4  12   0 0.00  0.0    0  8.2 21 310   M    M   0        27 250
================================================================================
SM 1363  862       508   0  3.71     0.0 141.4          M      123
================================================================================
AV 54.5 34.5                               5.7 FASTST   M    M   5    MAX(MPH)
                                 MISC ---->  # 21 320               # 30   40
================================================================================
NOTES:
# LAST OF SEVERAL OCCURRENCES

COLUMN 17 PEAK WIND IN M.P.H.

PRELIMINARY LOCAL CLIMATOLOGICAL DATA (WS FORM: F-6) , PAGE 2

                                          STATION:  ALEXANDRIA
                                          MONTH:    JANUARY
                                          YEAR:     2015
                                          LATITUDE:   31 19 N
                                          LONGITUDE:  92 33 W

[TEMPERATURE DATA]      [PRECIPITATION DATA]       SYMBOLS USED IN COLUMN 16

AVERAGE MONTHLY: 44.5   TOTAL FOR MONTH:   3.71    1 = FOG OR MIST
DPTR FM NORMAL:  -4.5   DPTR FM NORMAL:   -0.30    2 = FOG REDUCING VISIBILITY
HIGHEST:    71 ON 20    GRTST 24HR  1.20 ON 22-22      TO 1/4 MILE OR LESS
LOWEST:     18 ON  8                               3 = THUNDER
                        SNOW, ICE PELLETS, HAIL    4 = ICE PELLETS
                        TOTAL MONTH:   0.0 INCH    5 = HAIL
                        GRTST 24HR     0.0         6 = FREEZING RAIN OR DRIZZLE
                        GRTST DEPTH:   0           7 = DUSTSTORM OR SANDSTORM:
                                                       VSBY 1/2 MILE OR LESS
                                                   8 = SMOKE OR HAZE
[NO. OF DAYS WITH]      [WEATHER - DAYS WITH]      9 = BLOWING SNOW
                                                   X = TORNADO
MAX 32 OR BELOW:   0    0.01 INCH OR MORE:   7
MAX 90 OR ABOVE:   0    0.10 INCH OR MORE:   7
MIN 32 OR BELOW:  12    0.50 INCH OR MORE:   3
MIN  0 OR BELOW:   0    1.00 INCH OR MORE:   2

[HDD (BASE 65) ]
TOTAL THIS MO.   508    CLEAR  (SCALE 0-3)  10
DPTR FM NORMAL   108    PTCLDY (SCALE 4-7)   5
TOTAL FM JUL 1  1291    CLOUDY (SCALE 8-10) 10
DPTR FM NORMAL   102

[CDD (BASE 65) ]
TOTAL THIS MO.     0
DPTR FM NORMAL     0    [PRESSURE DATA]
TOTAL FM JAN 1     0    HIGHEST SLP M ON M
DPTR FM NORMAL     0    LOWEST  SLP 29.89 ON  3

[REMARKS]
