000
CXUS54 KLCH 301411
CF6AEX
PRELIMINARY LOCAL CLIMATOLOGICAL DATA (WS FORM: F-6)

                                          STATION:   ALEXANDRIA
                                          MONTH:     OCTOBER
                                          YEAR:      2014
                                          LATITUDE:   31 19 N
                                          LONGITUDE:  92 33 W

  TEMPERATURE IN F:       :PCPN:    SNOW:  WIND      :SUNSHINE: SKY     :PK WND
================================================================================
1   2   3   4   5  6A  6B    7    8   9   10  11  12  13   14  15   16   17  18
                                     12Z  AVG MX 2MIN
DY MAX MIN AVG DEP HDD CDD  WTR  SNW DPTH SPD SPD DIR MIN PSBL S-S WX    SPD DR
================================================================================

 1  90  73  82  10   0  17    T  0.0    0  8.1 16 130   M    M   7 1      20 150
 2  92  68  80   8   0  15 0.66  0.0    0 10.9 24 300   M    M   5 138    38 270
 3  79  58  69  -2   0   4 0.13  0.0    0  6.3 17 280   M    M   3 13     26 270
 4  75  50  63  -8   2   0 0.00  0.0    0  4.9 15  40   M    M   0        20  20
 5  82  49  66  -4   0   1 0.00  0.0    0  6.6 17 190   M    M   1        22 190
 6  77  60  69  -1   0   4 0.21  0.0    0  5.3 28 180   M    M   1 13     35 190
 7  89  59  74   4   0   9 0.00  0.0    0  5.5 14 220   M    M   1 1      18 230
 8  87  68  78   8   0  13 0.00  0.0    0  2.8 10 120   M    M   4 1      13 120
 9  89  68  79  10   0  14    T  0.0    0  4.8 14 140   M    M   5 12     17 150
10  89  71  80  11   0  15    T  0.0    0  6.5 18 180   M    M   4 13     21 190
11  89  70  80  11   0  15 1.14  0.0    0  3.7 24 270   M    M   4 13     29 290
12  88  68  78  10   0  13    T  0.0    0  4.1 13 200   M    M   5 1      17 190
13  85  59  72   4   0   7 2.40  0.0    0 10.1 31 310   M    M   6 123    41 320
14  74  52  63  -5   2   0 0.00  0.0    0  8.4 23 310   M    M   0        31 320
15  79  48  64  -3   1   0 0.00  0.0    0  4.5 17 310   M    M   0 18     23 310
16  84  50  67   0   0   2 0.00  0.0    0  3.2 10 230   M    M   0 1      14 240
17  84  55  70   3   0   5 0.00  0.0    0  4.0 14 220   M    M   1 12     19 210
18  86  60  73   7   0   8 0.00  0.0    0  4.6 14 360   M    M   3 1      18 360
19  77  52  65  -1   0   0 0.00  0.0    0  4.2 14 110   M    M   0 1      19 110
20  80  47  64  -2   1   0 0.00  0.0    0  1.8 10 340   M    M   0 1      13  10
21  82  52  67   1   0   2 0.00  0.0    0  3.1 12  30   M    M   0 1      16  90
22  79  55  67   2   0   2 0.00  0.0    0  5.5 14  40   M    M   1 1      17  20
23  71  46  59  -6   6   0 0.00  0.0    0  3.0 12 350   M    M   0 1      14 340
24  77  44  61  -4   4   0 0.00  0.0    0  1.8 12 340   M    M   0 1      16 340
25  83  44  64   0   1   0 0.00  0.0    0  1.1  9 310   M    M   1 12     13 310
26  85  54  70   6   0   5 0.00  0.0    0  2.3 10 220   M    M   0 1      14 230
27  84  54  69   5   0   4 0.00  0.0    0  7.7 17 180   M    M   1 1      23 190
28  79  63  71   7   0   6 0.01  0.0    0  2.5  9 320   M    M   5 128    12 300
29  73  48  61  -2   4   0 0.00  0.0    0  4.6 16  10   M    M   6 12     19  10
================================================================================
SM 2388 1645        21 161  4.55     0.0 141.9          M       64
================================================================================
AV 82.3 56.7                               4.9 FASTST   M    M   2    MAX(MPH)
                                 MISC ---->  # 31 310               # 41  320
================================================================================
NOTES:
# LAST OF SEVERAL OCCURRENCES

COLUMN 17 PEAK WIND IN M.P.H.

PRELIMINARY LOCAL CLIMATOLOGICAL DATA (WS FORM: F-6) , PAGE 2

                                          STATION:  ALEXANDRIA
                                          MONTH:    OCTOBER
                                          YEAR:     2014
                                          LATITUDE:   31 19 N
                                          LONGITUDE:  92 33 W

[TEMPERATURE DATA]      [PRECIPITATION DATA]       SYMBOLS USED IN COLUMN 16

AVERAGE MONTHLY: 69.5   TOTAL FOR MONTH:   4.55    1 = FOG OR MIST
DPTR FM NORMAL:   2.1   DPTR FM NORMAL:   -0.51    2 = FOG REDUCING VISIBILITY
HIGHEST:    92 ON  2    GRTST 24HR  2.40 ON 13-13      TO 1/4 MILE OR LESS
LOWEST:     44 ON 25,24                            3 = THUNDER
                        SNOW, ICE PELLETS, HAIL    4 = ICE PELLETS
                        TOTAL MONTH:   0.0 INCH    5 = HAIL
                        GRTST 24HR     0.0         6 = FREEZING RAIN OR DRIZZLE
                        GRTST DEPTH:   0           7 = DUSTSTORM OR SANDSTORM:
                                                       VSBY 1/2 MILE OR LESS
                                                   8 = SMOKE OR HAZE
[NO. OF DAYS WITH]      [WEATHER - DAYS WITH]      9 = BLOWING SNOW
                                                   X = TORNADO
MAX 32 OR BELOW:   0    0.01 INCH OR MORE:   6
MAX 90 OR ABOVE:   2    0.10 INCH OR MORE:   5
MIN 32 OR BELOW:   0    0.50 INCH OR MORE:   3
MIN  0 OR BELOW:   0    1.00 INCH OR MORE:   2

[HDD (BASE 65) ]
TOTAL THIS MO.    21    CLEAR  (SCALE 0-3)  18
DPTR FM NORMAL   -41    PTCLDY (SCALE 4-7)  11
TOTAL FM JUL 1    21    CLOUDY (SCALE 8-10)  0
DPTR FM NORMAL   -44

[CDD (BASE 65) ]
TOTAL THIS MO.   161
DPTR FM NORMAL    28    [PRESSURE DATA]
TOTAL FM JAN 1  2470    HIGHEST SLP M ON M
DPTR FM NORMAL   -13    LOWEST  SLP 29.74 ON 13

[REMARKS]
