000
CXUS55 KCAE 221400
CF6AGS
PRELIMINARY LOCAL CLIMATOLOGICAL DATA (WS FORM: F-6)

                                          STATION:   AUGUSTA BUSH FIELD GA
                                          MONTH:     FEBRUARY
                                          YEAR:      2017
                                          LATITUDE:   33 22 N
                                          LONGITUDE:  81 58 W

  TEMPERATURE IN F:       :PCPN:    SNOW:  WIND      :SUNSHINE: SKY     :PK WND
================================================================================
1   2   3   4   5  6A  6B    7    8   9   10  11  12  13   14  15   16   17  18
                                     12Z  AVG MX 2MIN
DY MAX MIN AVG DEP HDD CDD  WTR  SNW DPTH SPD SPD DIR MIN PSBL S-S WX    SPD DR
================================================================================

 1  76  45  61  14   4   0 0.00  0.0    0  8.3 20 240   M    M   1 8      28 240
 2  79  43  61  14   4   0    T  0.0    0  5.5 16 270   M    M   2        21 270
 3  70  50  60  13   5   0 0.05  0.0    0  6.6 20  30   M    M   9 18     25  30
 4  53  33  43  -4  22   0 0.00  0.0    0  7.4 20  40   M    M   2        24  30
 5  60  30  45  -2  20   0    T  0.0    0  4.1 14 270   M    M   5 12     18 250
 6  74  35  55   8  10   0 0.00  0.0    0  2.3  9 190   M    M   3 12     12 200
 7  80  45  63  15   2   0 0.59  0.0    0  6.2 30 240   M    M   2 138    39 220
 8  68  57  63  15   2   0 0.01  0.0    0  6.7 12 210   M    M   8 12     15 200
 9  69  36  53   5  12   0 0.26  0.0    0 15.6 28 310   M    M   2 13     38 270
10  61  29  45  -3  20   0 0.00  0.0    0  4.2 13 200   M    M   0        16 220
11  78  37  58  10   7   0 0.00  0.0    0  8.2 18 220   M    M   2        24 220
12  79  63  71  23   0   6 0.00  0.0    0 11.2 21 260   M    M   6        26 260
13  73  42  58   9   7   0 0.00  0.0    0  5.9 15 300   M    M   0        19 300
14  76  36  56   7   9   0 0.00  0.0    0  4.0 17 230   M    M   0 18     22 210
15  71  50  61  12   4   0 0.97  0.0    0 10.8 29 300   M    M   4 13     40 320
16  67  37  52   3  13   0 0.00  0.0    0  6.9 18 260   M    M   0        27 280
17  75  34  55   5  10   0 0.00  0.0    0  4.7 17 210   M    M   0        22 230
18  65  44  55   5  10   0 0.01  0.0    0  3.1 12 300   M    M   4 1      13 310
19  77  45  61  11   4   0 0.01  0.0    0  4.5 18 320   M    M   3 12     22 330
20  78  42  60  10   5   0 0.00  0.0    0  1.3  8 180   M    M   0 18     12 100
21  75  46  61  11   4   0    T  0.0    0  4.7 13 100   M    M   5 18     23 130
================================================================================
SM 1504  879       174   6  1.90     0.0 132.2          M       58
================================================================================
AV 71.6 41.9                               6.3 FASTST   M    M   3    MAX(MPH)
                                 MISC ---->  # 30 240               # 40  320
================================================================================
NOTES:
# LAST OF SEVERAL OCCURRENCES

COLUMN 17 PEAK WIND IN M.P.H.

PRELIMINARY LOCAL CLIMATOLOGICAL DATA (WS FORM: F-6) , PAGE 2

                                          STATION:  AUGUSTA BUSH FIELD GA
                                          MONTH:    FEBRUARY
                                          YEAR:     2017
                                          LATITUDE:   33 22 N
                                          LONGITUDE:  81 58 W

[TEMPERATURE DATA]      [PRECIPITATION DATA]       SYMBOLS USED IN COLUMN 16

AVERAGE MONTHLY: 56.7   TOTAL FOR MONTH:   1.90    1 = FOG OR MIST
DPTR FM NORMAL:   8.4   DPTR FM NORMAL:   -0.99    2 = FOG REDUCING VISIBILITY
HIGHEST:    80 ON  7    GRTST 24HR  0.97 ON 15-15      TO 1/4 MILE OR LESS
LOWEST:     29 ON 10                               3 = THUNDER
                        SNOW, ICE PELLETS, HAIL    4 = ICE PELLETS
                        TOTAL MONTH:   0.0 INCH    5 = HAIL
                        GRTST 24HR     0.0         6 = FREEZING RAIN OR DRIZZLE
                        GRTST DEPTH:   0           7 = DUSTSTORM OR SANDSTORM:
                                                       VSBY 1/2 MILE OR LESS
                                                   8 = SMOKE OR HAZE
[NO. OF DAYS WITH]      [WEATHER - DAYS WITH]      9 = BLOWING SNOW
                                                   X = TORNADO
MAX 32 OR BELOW:   0    0.01 INCH OR MORE:   7
MAX 90 OR ABOVE:   0    0.10 INCH OR MORE:   3
MIN 32 OR BELOW:   2    0.50 INCH OR MORE:   2
MIN  0 OR BELOW:   0    1.00 INCH OR MORE:   0

[HDD (BASE 65) ]
TOTAL THIS MO.   174    CLEAR  (SCALE 0-3)  14
DPTR FM NORMAL  -176    PTCLDY (SCALE 4-7)   5
TOTAL FM JUL 1  1111    CLOUDY (SCALE 8-10)  2
DPTR FM NORMAL  -824

[CDD (BASE 65) ]
TOTAL THIS MO.     6
DPTR FM NORMAL     6    [PRESSURE DATA]
TOTAL FM JAN 1    20    HIGHEST SLP M ON M
DPTR FM NORMAL    19    LOWEST  SLP 29.52 ON 15

[REMARKS]
