000
CXUS52 KFFC 301110
CF6AHN
PRELIMINARY LOCAL CLIMATOLOGICAL DATA (WS FORM: F-6)

                                          STATION:   ATHENS
                                          MONTH:     JANUARY
                                          YEAR:      2015
                                          LATITUDE:   33 57 N
                                          LONGITUDE:  83 19 W

  TEMPERATURE IN F:       :PCPN:    SNOW:  WIND      :SUNSHINE: SKY     :PK WND
================================================================================
1   2   3   4   5  6A  6B    7    8   9   10  11  12  13   14  15   16   17  18
                                     12Z  AVG MX 2MIN
DY MAX MIN AVG DEP HDD CDD  WTR  SNW DPTH SPD SPD DIR MIN PSBL S-S WX    SPD DR
================================================================================

 1  57  29  43   0  22   0 0.04  0.0    0  2.6 10 310   M    M   3 18     14 290
 2  50  41  46   3  19   0 0.55  0.0    0  1.8 12  60   M    M   7 1      13  50
 3  52  48  50   7  15   0 0.35    M    0  7.5 14  80   M    M  10 12     20  80
 4  65  45  55  12  10   0 0.90  0.0    0  7.6 18 300   M    M   6 123    29 290
 5  54  33  44   1  21   0 0.00  0.0    0  8.1 17 310   M    M   0        25 330
 6  55  26  41  -2  24   0 0.00  0.0    0  7.1 22 300   M    M   0        29 300
 7  45  19  32 -11  33   0 0.00  0.0    0 12.4 26 330   M    M   1        39 340
 8  33  11  22 -21  43   0 0.00  0.0    0  4.9 15 320   M    M   0        21 330
 9  43  19  31 -12  34   0 0.00  0.0    0  7.7 16 290   M    M   1        23 290
10  46  19  33 -10  32   0 0.00  0.0    0  5.1 10  80   M    M   0 8      14 310
11  41  26  34  -9  31   0 0.15  0.0    0  6.7 13  70   M    M   7 1      17  50
12  47  38  43   0  22   0 0.02  0.0    0  3.1 10  80   M    M  10 12     13  90
13  49  38  44   1  21   0 0.04  0.0    0  8.1 16  80   M    M  10 12     22  80
14  45  31  38  -5  27   0 0.00  0.0    0  4.4 12  60   M    M   8 18     15  60
15  39  28  34  -9  31   0 0.08    M    0  2.7  7 260   M    M   9 12     10 260
16  59  30  45   2  20   0 0.00  0.0    0  5.2 10 290   M    M   0 1      14 300
17  59  27  43   0  22   0 0.00  0.0    0  4.1 12 160   M    M   1 1      16 150
18  60  35  48   5  17   0 0.00  0.0    0  7.1 24 300   M    M   2        34 290
19  67  31  49   5  16   0 0.00  0.0    0  4.5 15 220   M    M   0        22 240
20  68  41  55  11  10   0 0.00  0.0    0  4.9 12 240   M    M   0        17 240
21  67  39  53   9  12   0 0.00  0.0    0  5.5 15 300   M    M   0 8      21 290
22  58  32  45   1  20   0    T    M    0  3.7 12 100   M    M   4 8      16 100
23  46  39  43  -1  22   0 0.80    M    0 10.0 20  70   M    M  10 1      24  70
24  50  36  43  -1  22   0 0.05  0.0    0  9.4 22 290   M    M   4 1      35 300
25  60  28  44   0  21   0    T  0.0    0  5.4 15 220   M    M   2        22 210
26  51  33  42  -2  23   0    T  0.0    0 10.4 23 300   M    M   5        34 300
27  52  29  41  -3  24   0 0.00  0.0    0  7.7 20 300   M    M   3        28 300
28  53  26  40  -4  25   0 0.00  0.0    0  3.6 13 300   M    M   0        16 300
29  58  28  43  -1  22   0    T  0.0    0  4.0 13 220   M    M   2 8      20 210
================================================================================
SM 1529  905       661   0  2.98     0.0 175.3          M      105
================================================================================
AV 52.7 31.2                               6.0 FASTST   M    M   4    MAX(MPH)
                                 MISC ---->  # 26 330               # 39  340
================================================================================
NOTES:
# LAST OF SEVERAL OCCURRENCES

COLUMN 17 PEAK WIND IN M.P.H.

PRELIMINARY LOCAL CLIMATOLOGICAL DATA (WS FORM: F-6) , PAGE 2

                                          STATION:  ATHENS
                                          MONTH:    JANUARY
                                          YEAR:     2015
                                          LATITUDE:   33 57 N
                                          LONGITUDE:  83 19 W

[TEMPERATURE DATA]      [PRECIPITATION DATA]       SYMBOLS USED IN COLUMN 16

AVERAGE MONTHLY: 42.0   TOTAL FOR MONTH:   2.98    1 = FOG OR MIST
DPTR FM NORMAL:  -1.4   DPTR FM NORMAL:   -0.78    2 = FOG REDUCING VISIBILITY
HIGHEST:    68 ON 20    GRTST 24HR  1.17 ON  3- 4      TO 1/4 MILE OR LESS
LOWEST:     11 ON  8                               3 = THUNDER
                        SNOW, ICE PELLETS, HAIL    4 = ICE PELLETS
                        TOTAL MONTH:   0.0 INCH    5 = HAIL
                        GRTST 24HR     0.0         6 = FREEZING RAIN OR DRIZZLE
                        GRTST DEPTH:   0           7 = DUSTSTORM OR SANDSTORM:
                                                       VSBY 1/2 MILE OR LESS
                                                   8 = SMOKE OR HAZE
[NO. OF DAYS WITH]      [WEATHER - DAYS WITH]      9 = BLOWING SNOW
                                                   X = TORNADO
MAX 32 OR BELOW:   0    0.01 INCH OR MORE:  10
MAX 90 OR ABOVE:   0    0.10 INCH OR MORE:   5
MIN 32 OR BELOW:  17    0.50 INCH OR MORE:   3
MIN  0 OR BELOW:   0    1.00 INCH OR MORE:   0

[HDD (BASE 65) ]
TOTAL THIS MO.   661    CLEAR  (SCALE 0-3)  17
DPTR FM NORMAL    33    PTCLDY (SCALE 4-7)   7
TOTAL FM JUL 1  1777    CLOUDY (SCALE 8-10)  5
DPTR FM NORMAL    59

[CDD (BASE 65) ]
TOTAL THIS MO.     0
DPTR FM NORMAL     0    [PRESSURE DATA]
TOTAL FM JAN 1     0    HIGHEST SLP M ON M
DPTR FM NORMAL     0    LOWEST  SLP 29.67 ON 24

[REMARKS]
